000
CDUS41 KCLE 222111
CLIERI


CLIMATE REPORT
NATIONAL WEATHER SERVICE CLEVELAND OH
511 PM EDT FRI JUN 22 2018


...................................

...THE ERIE PA CLIMATE SUMMARY FOR JUNE 22 2018...
VALID TODAY AS OF 0500 PM LOCAL TIME.

CLIMATE NORMAL PERIOD 1981 TO 2010
CLIMATE RECORD PERIOD 1873 TO 2018


WEATHER ITEM   OBSERVED TIME   RECORD YEAR NORMAL DEPARTURE LAST
                VALUE   (LST)  VALUE       VALUE  FROM      YEAR
                                                  NORMAL
..................................................................
TEMPERATURE (F)
 TODAY
  MAXIMUM         70    956 AM  94    1988  78     -8       85
  MINIMUM         62    209 AM  44    1958  61      1       56
  AVERAGE         66                        69     -3       71

PRECIPITATION (IN)
  TODAY            0.21                      0.12   0.09     0.18
  MONTH TO DATE    2.69                      2.76  -0.07     6.12
  SINCE JUN 1      2.69                      2.76  -0.07     6.12
  SINCE JAN 1     22.66                     17.82   4.84    26.11

SNOWFALL (IN)
  TODAY            0.0                       0.0    0.0      0.0
  MONTH TO DATE    0.0                       0.0    0.0      0.0
  SINCE JUN 1      0.0                       0.0    0.0      0.0
  SINCE JUL 1    198.5                     100.9   97.6     78.6
  SNOW DEPTH       0

DEGREE DAYS
 HEATING
  TODAY            0                         1     -1        0
  MONTH TO DATE   22                        54    -32       39
  SINCE JUN 1     22                        54    -32       39
  SINCE JUL 1   6026                      6140   -114     5096

 COOLING
  TODAY            1                         5     -4        6
  MONTH TO DATE   88                        77     11      116
  SINCE JUN 1     88                        77     11      116
  SINCE JAN 1    186                       116     70      160
..................................................................


WIND (MPH)
  HIGHEST WIND SPEED    16   HIGHEST WIND DIRECTION    SE (130)
  HIGHEST GUST SPEED    28   HIGHEST GUST DIRECTION     S (160)


SKY COVER
  POSSIBLE SUNSHINE  MM
  AVERAGE SKY COVER 0.5


WEATHER CONDITIONS
 THE FOLLOWING WEATHER WAS RECORDED TODAY.
  RAIN
  LIGHT RAIN
  FOG


RELATIVE HUMIDITY (PERCENT)
 HIGHEST    87           100 PM
 LOWEST     56           800 AM
 AVERAGE    72

..........................................................


THE ERIE PA CLIMATE NORMALS FOR TOMORROW
                         NORMAL    RECORD    YEAR
 MAXIMUM TEMPERATURE (F)   78        92      1964
                                             1948
 MINIMUM TEMPERATURE (F)   61        45      1963
                                             1918


SUNRISE AND SUNSET
JUNE 22 2018..........SUNRISE   545 AM EDT   SUNSET   900 PM EDT
JUNE 23 2018..........SUNRISE   545 AM EDT   SUNSET   900 PM EDT


-  INDICATES NEGATIVE NUMBERS.
R  INDICATES RECORD WAS SET OR TIED.
MM INDICATES DATA IS MISSING.
T  INDICATES TRACE AMOUNT.




$$
