000
CDUS41 KCLE 152213
CLIERI


CLIMATE REPORT
NATIONAL WEATHER SERVICE CLEVELAND OH
513 PM EST SAT DEC 15 2018


...................................

...THE ERIE PA CLIMATE SUMMARY FOR DECEMBER 15 2018...
VALID TODAY AS OF 0500 PM LOCAL TIME.

CLIMATE NORMAL PERIOD 1981 TO 2010
CLIMATE RECORD PERIOD 1873 TO 2018


WEATHER ITEM   OBSERVED TIME   RECORD YEAR NORMAL DEPARTURE LAST
                VALUE   (LST)  VALUE       VALUE  FROM      YEAR
                                                  NORMAL
..................................................................
TEMPERATURE (F)
 TODAY
  MAXIMUM         42    822 AM  64    1971  38      4       30
  MINIMUM         37    606 AM   2    1914  27     10       13
  AVERAGE         40                        32      8       22

PRECIPITATION (IN)
  TODAY            0.00                      0.12  -0.12     0.48
  MONTH TO DATE    0.71                      1.87  -1.16     2.27
  SINCE DEC 1      0.71                      1.87  -1.16     2.27
  SINCE JAN 1     44.11                     40.29   3.82    48.24

SNOWFALL (IN)
  TODAY            0.0                       0.9   -0.9      4.7
  MONTH TO DATE    4.4                      11.4   -7.0     23.7
  SINCE DEC 1      4.4                      11.4   -7.0     23.7
  SINCE JUL 1     23.9                      20.1    3.8     24.2
  SNOW DEPTH       0

DEGREE DAYS
 HEATING
  TODAY           25                        33     -8       43
  MONTH TO DATE  438                       454    -16      502
  SINCE DEC 1    438                       454    -16      502
  SINCE JUL 1   1641                      1610     31     1499

 COOLING
  TODAY            0                         0      0        0
  MONTH TO DATE    0                         0      0        0
  SINCE DEC 1      0                         0      0        0
  SINCE JAN 1   1139                       638    501      697
..................................................................


WIND (MPH)
  HIGHEST WIND SPEED    17   HIGHEST WIND DIRECTION    NE (40)
  HIGHEST GUST SPEED    24   HIGHEST GUST DIRECTION    NE (60)


SKY COVER
  POSSIBLE SUNSHINE  MM
  AVERAGE SKY COVER 0.3


WEATHER CONDITIONS
 THE FOLLOWING WEATHER WAS RECORDED TODAY.
  FOG
  HAZE


RELATIVE HUMIDITY (PERCENT)
 HIGHEST    92          1200 PM
 LOWEST     73          1200 AM
 AVERAGE    83

..........................................................


THE ERIE PA CLIMATE NORMALS FOR TOMORROW
                         NORMAL    RECORD    YEAR
 MAXIMUM TEMPERATURE (F)   38        65      1984
 MINIMUM TEMPERATURE (F)   26        -1      1876


SUNRISE AND SUNSET
DECEMBER 15 2018......SUNRISE   742 AM EST   SUNSET   450 PM EST
DECEMBER 16 2018......SUNRISE   743 AM EST   SUNSET   450 PM EST


-  INDICATES NEGATIVE NUMBERS.
R  INDICATES RECORD WAS SET OR TIED.
MM INDICATES DATA IS MISSING.
T  INDICATES TRACE AMOUNT.




$$
