000
CDUS41 KCLE 250526
CLIERI


CLIMATE REPORT
NATIONAL WEATHER SERVICE CLEVELAND OH
126 AM EDT MON MAY 25 2020


...................................

...THE ERIE PA CLIMATE SUMMARY FOR MAY 24 2020...

CLIMATE NORMAL PERIOD 1981 TO 2010
CLIMATE RECORD PERIOD 1873 TO 2020


WEATHER ITEM   OBSERVED TIME   RECORD YEAR NORMAL DEPARTURE LAST
                VALUE   (LST)  VALUE       VALUE  FROM      YEAR
                                                  NORMAL
..................................................................
TEMPERATURE (F)
 YESTERDAY
  MAXIMUM         86R   531 PM  85    2012  69     17       66
                                      1991
                                      1964
  MINIMUM         62    115 AM  31    1963  51     11       49
  AVERAGE         74                        60     14       58

PRECIPITATION (IN)
  YESTERDAY        0.00                      0.12  -0.12      T
  MONTH TO DATE    2.23                      2.64  -0.41     1.65
  SINCE MAR 1      9.08                      8.92   0.16     8.38
  SINCE JAN 1     15.33                     14.26   1.07    15.60

SNOWFALL (IN)
  YESTERDAY        0.0                       0.0    0.0      0.0
  MONTH TO DATE    T                         0.0    0.0      0.0
  SINCE MAR 1      1.3                      16.9  -15.6      5.1
  SINCE JUL 1     67.6                     100.9  -33.3     90.3
  SNOW DEPTH       0

DEGREE DAYS
 HEATING
  YESTERDAY        0                         6     -6        7
  MONTH TO DATE  279                       229     50      218
  SINCE MAR 1   1550                      1683   -133     1690
  SINCE JUL 1   5343                      6048   -705     5896

 COOLING
  YESTERDAY        9                         1      8        0
  MONTH TO DATE   12                        19     -7       20
  SINCE MAR 1     12                        26    -14       24
  SINCE JAN 1     12                        26    -14       24
..................................................................


WIND (MPH)
  HIGHEST WIND SPEED    18   HIGHEST WIND DIRECTION     S (200)
  HIGHEST GUST SPEED    25   HIGHEST GUST DIRECTION     S (160)
  AVERAGE WIND SPEED    11.5


SKY COVER
  POSSIBLE SUNSHINE  MM
  AVERAGE SKY COVER 0.2


WEATHER CONDITIONS
 THE FOLLOWING WEATHER WAS RECORDED YESTERDAY.
  NO SIGNIFICANT WEATHER WAS OBSERVED.


RELATIVE HUMIDITY (PERCENT)
 HIGHEST    90          1200 AM
 LOWEST     42           400 PM
 AVERAGE    66

..........................................................


THE ERIE PA CLIMATE NORMALS FOR TODAY
                         NORMAL    RECORD    YEAR
 MAXIMUM TEMPERATURE (F)   69        89      1975
 MINIMUM TEMPERATURE (F)   51        31      1956


SUNRISE AND SUNSET
MAY 25 2020...........SUNRISE   551 AM EDT   SUNSET   845 PM EDT
MAY 26 2020...........SUNRISE   550 AM EDT   SUNSET   846 PM EDT


-  INDICATES NEGATIVE NUMBERS.
R  INDICATES RECORD WAS SET OR TIED.
MM INDICATES DATA IS MISSING.
T  INDICATES TRACE AMOUNT.




$$
