000
CDUS41 KCLE 232111
CLIERI


CLIMATE REPORT
NATIONAL WEATHER SERVICE CLEVELAND OH
511 PM EDT WED OCT 23 2019


...................................

...THE ERIE PA CLIMATE SUMMARY FOR OCTOBER 23 2019...
VALID TODAY AS OF 0500 PM LOCAL TIME.

CLIMATE NORMAL PERIOD 1981 TO 2010
CLIMATE RECORD PERIOD 1873 TO 2019


WEATHER ITEM   OBSERVED TIME   RECORD YEAR NORMAL DEPARTURE LAST
                VALUE   (LST)  VALUE       VALUE  FROM      YEAR
                                                  NORMAL
..................................................................
TEMPERATURE (F)
 TODAY
  MAXIMUM         58    359 PM  79    1991  59     -1       54
                                      1963
  MINIMUM         47    623 AM  29    1982  43      4       43
  AVERAGE         53                        51      2       49

PRECIPITATION (IN)
  TODAY            T                         0.12  -0.12      T
  MONTH TO DATE    1.82                      3.08  -1.26     3.51
  SINCE SEP 1      5.13                      7.69  -2.56     7.81
  SINCE JAN 1     31.45                     33.52  -2.07    36.65

SNOWFALL (IN)
  TODAY            0.0                       0.0    0.0      0.0
  MONTH TO DATE    0.0                       0.0    0.0      0.0
  SINCE SEP 1      0.0                       0.0    0.0      0.0
  SINCE JUL 1      0.0                       0.0    0.0      0.0
  SNOW DEPTH       0

DEGREE DAYS
 HEATING
  TODAY           12                        14     -2       16
  MONTH TO DATE  178                       255    -77      211
  SINCE SEP 1    189                       361   -172      258
  SINCE JUL 1    190                       379   -189      258

 COOLING
  TODAY            0                         0      0        0
  MONTH TO DATE   22                         7     15       54
  SINCE SEP 1    157                        78     79      252
  SINCE JAN 1    847                       636    211     1139
..................................................................


WIND (MPH)
  HIGHEST WIND SPEED    26   HIGHEST WIND DIRECTION     W (250)
  HIGHEST GUST SPEED    39   HIGHEST GUST DIRECTION     W (270)


SKY COVER
  POSSIBLE SUNSHINE  MM
  AVERAGE SKY COVER 0.2


WEATHER CONDITIONS
 THE FOLLOWING WEATHER WAS RECORDED TODAY.
  NO SIGNIFICANT WEATHER WAS OBSERVED.


RELATIVE HUMIDITY (PERCENT)
 HIGHEST    66           500 AM
 LOWEST     39           200 PM
 AVERAGE    53

..........................................................


THE ERIE PA CLIMATE NORMALS FOR TOMORROW
                         NORMAL    RECORD    YEAR
 MAXIMUM TEMPERATURE (F)   58        79      1963
 MINIMUM TEMPERATURE (F)   43        27      1969


SUNRISE AND SUNSET
OCTOBER 23 2019.......SUNRISE   742 AM EDT   SUNSET   627 PM EDT
OCTOBER 24 2019.......SUNRISE   744 AM EDT   SUNSET   626 PM EDT


-  INDICATES NEGATIVE NUMBERS.
R  INDICATES RECORD WAS SET OR TIED.
MM INDICATES DATA IS MISSING.
T  INDICATES TRACE AMOUNT.




$$
