049
CDUS46 KPQR 210222
CLIEUG


CLIMATE REPORT
NATIONAL WEATHER SERVICE PORTLAND OREGON
722 PM PDT SUN OCT 20 2019


...................................

...THE EUGENE OR CLIMATE SUMMARY FOR OCTOBER 20 2019...
VALID TODAY AS OF 0700 PM LOCAL TIME.

CLIMATE NORMAL PERIOD 1981 TO 2010
CLIMATE RECORD PERIOD 1892 TO 2019


WEATHER ITEM   OBSERVED TIME   RECORD YEAR NORMAL DEPARTURE LAST
                VALUE   (LST)  VALUE       VALUE  FROM      YEAR
                                                  NORMAL
..................................................................
TEMPERATURE (F)
 TODAY
  MAXIMUM         60    402 PM  80    2003  62     -2       72
  MINIMUM         45   1227 AM  24    1949  41      4       34
  AVERAGE         53                        51      2       53

PRECIPITATION (IN)
  TODAY            0.01          1.59 1979   0.12  -0.11     0.00
  MONTH TO DATE    1.11                      1.61  -0.50     0.26
  SINCE OCT 1      1.11                      1.61  -0.50     0.26
  SINCE JAN 1     29.60                     28.91   0.69    17.30

SNOWFALL (IN)
  TODAY            0.0
  MONTH TO DATE    0.0
  SINCE SEP 1      0.0
  SINCE JUL 1      0.0

DEGREE DAYS
 HEATING
  TODAY           12                        14     -2       12
  MONTH TO DATE  284                       215     69      202
  SINCE SEP 1    390                       336     54      319
  SINCE JUL 1    402                       403     -1      355

 COOLING
  TODAY            0                         0      0        0
  MONTH TO DATE    0                         0      0        3
  SINCE SEP 1     45                        30     15       16
  SINCE JAN 1    353                       238    115      336
..................................................................


WIND (MPH)
  HIGHEST WIND SPEED    21   HIGHEST WIND DIRECTION     S (180)
  HIGHEST GUST SPEED    26   HIGHEST GUST DIRECTION     S (170)
  AVERAGE WIND SPEED    10.2


SKY COVER
  POSSIBLE SUNSHINE  MM
  AVERAGE SKY COVER 0.8


WEATHER CONDITIONS
 THE FOLLOWING WEATHER WAS RECORDED TODAY.
  LIGHT RAIN


RELATIVE HUMIDITY (PERCENT)
 HIGHEST    93           100 AM
 LOWEST     72           300 PM
 AVERAGE    83

..........................................................


THE EUGENE OR CLIMATE NORMALS FOR TOMORROW
                         NORMAL    RECORD    YEAR
 MAXIMUM TEMPERATURE (F)   62        79      1944
 MINIMUM TEMPERATURE (F)   40        26      1949


SUNRISE AND SUNSET
OCTOBER 20 2019.......SUNRISE   734 AM PDT   SUNSET   621 PM PDT
OCTOBER 21 2019.......SUNRISE   735 AM PDT   SUNSET   619 PM PDT


-  INDICATES NEGATIVE NUMBERS.
R  INDICATES RECORD WAS SET OR TIED.
MM INDICATES DATA IS MISSING.
T  INDICATES TRACE AMOUNT.




$$
