000
CDUS46 KPQR 261141
CLIEUG


CLIMATE REPORT
NATIONAL WEATHER SERVICE PORTLAND OREGON
441 AM PDT TUE MAY 26 2020


...................................

...THE EUGENE OR CLIMATE SUMMARY FOR MAY 25 2020...

CLIMATE NORMAL PERIOD 1981 TO 2010
CLIMATE RECORD PERIOD 1892 TO 2020


WEATHER ITEM   OBSERVED TIME   RECORD YEAR NORMAL DEPARTURE LAST
                VALUE   (LST)  VALUE       VALUE  FROM      YEAR
                                                  NORMAL
..................................................................
TEMPERATURE (F)
 YESTERDAY
  MAXIMUM         71    456 PM  89    1947  69      2       59
                                      1938
  MINIMUM         49    457 AM  34    1975  45      4       47
                                      1973
                                      1930
  AVERAGE         60                        57      3       53

PRECIPITATION (IN)
  YESTERDAY        0.00          0.86 1960   0.09  -0.09     0.45
  MONTH TO DATE    2.47                      2.21   0.26     2.40
  SINCE OCT 1     22.81                     41.63 -18.82    32.88
  SINCE JAN 1     15.00                     22.83  -7.83    22.06

SNOWFALL (IN)
  YESTERDAY        0.0
  MONTH TO DATE    0.0
  SINCE MAR 1      0.0
  SINCE JUL 1      T

DEGREE DAYS
 HEATING
  YESTERDAY        5                         8     -3       12
  MONTH TO DATE  208                       258    -50      172
  SINCE MAR 1   1163                      1273   -110     1134
  SINCE JUL 1   4299                      4600   -301     4303

 COOLING
  YESTERDAY        0                         0      0        0
  MONTH TO DATE    3                         0      3        1
  SINCE MAR 1      3                         0      3        1
  SINCE JAN 1      3                         0      3        1
..................................................................


WIND (MPH)
  HIGHEST WIND SPEED    13   HIGHEST WIND DIRECTION    NE (30)
  HIGHEST GUST SPEED    15   HIGHEST GUST DIRECTION    NE (30)
  AVERAGE WIND SPEED     4.6


SKY COVER
  POSSIBLE SUNSHINE  MM
  AVERAGE SKY COVER 0.7


WEATHER CONDITIONS
 THE FOLLOWING WEATHER WAS RECORDED YESTERDAY.
  FOG


RELATIVE HUMIDITY (PERCENT)
 HIGHEST    96           300 AM
 LOWEST     58          1000 AM
 AVERAGE    77

..........................................................


THE EUGENE OR CLIMATE NORMALS FOR TODAY
                         NORMAL    RECORD    YEAR
 MAXIMUM TEMPERATURE (F)   69        87      1950
 MINIMUM TEMPERATURE (F)   45        33      1973


SUNRISE AND SUNSET
MAY 26 2020...........SUNRISE   536 AM PDT   SUNSET   845 PM PDT
MAY 27 2020...........SUNRISE   535 AM PDT   SUNSET   845 PM PDT


-  INDICATES NEGATIVE NUMBERS.
R  INDICATES RECORD WAS SET OR TIED.
MM INDICATES DATA IS MISSING.
T  INDICATES TRACE AMOUNT.




$$
