000
CDUS46 KPQR 211141
CLIEUG


CLIMATE REPORT
NATIONAL WEATHER SERVICE PORTLAND OREGON
441 AM PDT FRI SEP 21 2018


...................................

...THE EUGENE OR CLIMATE SUMMARY FOR SEPTEMBER 20 2018...

CLIMATE NORMAL PERIOD 1981 TO 2010
CLIMATE RECORD PERIOD 1892 TO 2018


WEATHER ITEM   OBSERVED TIME   RECORD YEAR NORMAL DEPARTURE LAST
                VALUE   (LST)  VALUE       VALUE  FROM      YEAR
                                                  NORMAL
..................................................................
TEMPERATURE (F)
 YESTERDAY
  MAXIMUM         75    428 PM  94    1974  76     -1       63
                                      1952
  MINIMUM         43    549 AM  35    1947  46     -3       44
  AVERAGE         59                        61     -2       54

PRECIPITATION (IN)
  YESTERDAY        0.00          0.51 1970   0.04  -0.04     0.14
  MONTH TO DATE    0.25                      0.76  -0.51     0.92
  SINCE OCT 1     31.02                     45.57 -14.55    46.12
  SINCE JAN 1     17.01                     26.77  -9.76    26.53

SNOWFALL (IN)
  YESTERDAY        0.0
  MONTH TO DATE    0.0
  SINCE SEP 1      0.0
  SINCE JUL 1      0.0

DEGREE DAYS
 HEATING
  YESTERDAY        6                         5      1       11
  MONTH TO DATE   78                        60     18       46
  SINCE SEP 1     78                        60     18       46
  SINCE JUL 1    114                       127    -13       62

 COOLING
  YESTERDAY        0                         1     -1        0
  MONTH TO DATE   12                        27    -15       71
  SINCE SEP 1     12                        27    -15       71
  SINCE JAN 1    332                       235     97      373
..................................................................


WIND (MPH)
  HIGHEST WIND SPEED    15   HIGHEST WIND DIRECTION     N (20)
  HIGHEST GUST SPEED    19   HIGHEST GUST DIRECTION     N (20)
  AVERAGE WIND SPEED     4.7


SKY COVER
  POSSIBLE SUNSHINE  MM
  AVERAGE SKY COVER 0.4


WEATHER CONDITIONS
 THE FOLLOWING WEATHER WAS RECORDED YESTERDAY.
  FOG
  HAZE


RELATIVE HUMIDITY (PERCENT)
 HIGHEST    93           500 AM
 LOWEST     27           400 PM
 AVERAGE    60

..........................................................


THE EUGENE OR CLIMATE NORMALS FOR TODAY
                         NORMAL    RECORD    YEAR
 MAXIMUM TEMPERATURE (F)   76        95      1994
                                             1975
                                             1974
 MINIMUM TEMPERATURE (F)   46        34      1955


SUNRISE AND SUNSET
SEPTEMBER 21 2018.....SUNRISE   659 AM PDT   SUNSET   712 PM PDT
SEPTEMBER 22 2018.....SUNRISE   700 AM PDT   SUNSET   710 PM PDT


-  INDICATES NEGATIVE NUMBERS.
R  INDICATES RECORD WAS SET OR TIED.
MM INDICATES DATA IS MISSING.
T  INDICATES TRACE AMOUNT.




$$
