000
CDUS46 KPQR 191143
CLIEUG


CLIMATE REPORT
NATIONAL WEATHER SERVICE PORTLAND OREGON
442 AM PDT TUE JUN 19 2018


...................................

...THE EUGENE OR CLIMATE SUMMARY FOR JUNE 18 2018...

CLIMATE NORMAL PERIOD 1981 TO 2010
CLIMATE RECORD PERIOD 1892 TO 2018


WEATHER ITEM   OBSERVED TIME   RECORD YEAR NORMAL DEPARTURE LAST
                VALUE   (LST)  VALUE       VALUE  FROM      YEAR
                                                  NORMAL
..................................................................
TEMPERATURE (F)
 YESTERDAY
  MAXIMUM         84    511 PM  97    1982  74     10       82
  MINIMUM         52    315 AM  37    1954  48      4       50
  AVERAGE         68                        61      7       66

PRECIPITATION (IN)
  YESTERDAY        0.00          0.58 1921   0.04  -0.04     0.00
  MONTH TO DATE    1.20                      1.11   0.09     1.38
  SINCE OCT 1     30.77                     43.27 -12.50    45.04
  SINCE JAN 1     16.76                     24.47  -7.71    25.45

SNOWFALL (IN)
  YESTERDAY        0.0
  MONTH TO DATE    0.0
  SINCE JUN 1      0.0
  SINCE JUL 1      2.0

DEGREE DAYS
 HEATING
  YESTERDAY        0                         5     -5        0
  MONTH TO DATE  116                       112      4      113
  SINCE JUN 1    116                       112      4      113
  SINCE JUL 1   4773                      4761     12     4546

 COOLING
  YESTERDAY        3                         1      2        1
  MONTH TO DATE    6                         3      3        2
  SINCE JUN 1      6                         3      3        2
  SINCE JAN 1      6                         8     -2       15
..................................................................


WIND (MPH)
  HIGHEST WIND SPEED    13   HIGHEST WIND DIRECTION     N (20)
  HIGHEST GUST SPEED    14   HIGHEST GUST DIRECTION     N (20)
  AVERAGE WIND SPEED     5.4


SKY COVER
  POSSIBLE SUNSHINE  MM
  AVERAGE SKY COVER 0.4


WEATHER CONDITIONS
 THE FOLLOWING WEATHER WAS RECORDED YESTERDAY.
  NO SIGNIFICANT WEATHER WAS OBSERVED.


RELATIVE HUMIDITY (PERCENT)
 HIGHEST   100          1200 AM
 LOWEST     39           300 PM
 AVERAGE    70

..........................................................


THE EUGENE OR CLIMATE NORMALS FOR TODAY
                         NORMAL    RECORD    YEAR
 MAXIMUM TEMPERATURE (F)   74        93      1946
 MINIMUM TEMPERATURE (F)   48        37      1942


SUNRISE AND SUNSET
JUNE 19 2018..........SUNRISE   529 AM PDT   SUNSET   859 PM PDT
JUNE 20 2018..........SUNRISE   529 AM PDT   SUNSET   900 PM PDT


-  INDICATES NEGATIVE NUMBERS.
R  INDICATES RECORD WAS SET OR TIED.
MM INDICATES DATA IS MISSING.
T  INDICATES TRACE AMOUNT.




$$
