000
CDUS46 KPQR 221145
CLIEUG


CLIMATE REPORT
NATIONAL WEATHER SERVICE PORTLAND OREGON
444 AM PDT THU OCT 22 2020


...................................

...THE EUGENE OR CLIMATE SUMMARY FOR OCTOBER 21 2020...

CLIMATE NORMAL PERIOD 1981 TO 2010
CLIMATE RECORD PERIOD 1892 TO 2020


WEATHER ITEM   OBSERVED TIME   RECORD YEAR NORMAL DEPARTURE LAST
                VALUE   (LST)  VALUE       VALUE  FROM      YEAR
                                                  NORMAL
..................................................................
TEMPERATURE (F)
 YESTERDAY
  MAXIMUM         62    255 PM  79    1944  62      0       66
  MINIMUM         37   1135 PM  26    1949  40     -3       50
  AVERAGE         50                        51     -1       58

PRECIPITATION (IN)
  YESTERDAY        T             1.39 1934   0.12  -0.12     0.00
  MONTH TO DATE    1.37                      1.73  -0.36     1.11
  SINCE OCT 1      1.37                      1.73  -0.36     1.11
  SINCE JAN 1     21.37                     29.03  -7.66    29.60

SNOWFALL (IN)
  YESTERDAY        0.0
  MONTH TO DATE    0.0
  SINCE SEP 1      0.0
  SINCE JUL 1      0.0

DEGREE DAYS
 HEATING
  YESTERDAY       15                        14      1        7
  MONTH TO DATE  129                       229   -100      291
  SINCE SEP 1    184                       350   -166      397
  SINCE JUL 1    202                       417   -215      409

 COOLING
  YESTERDAY        0                         0      0        0
  MONTH TO DATE    3                         0      3        0
  SINCE SEP 1     58                        30     28       45
  SINCE JAN 1    404                       238    166      353
..................................................................


WIND (MPH)
  HIGHEST WIND SPEED    16   HIGHEST WIND DIRECTION     N (20)
  HIGHEST GUST SPEED    19   HIGHEST GUST DIRECTION     N (20)
  AVERAGE WIND SPEED     6.5


SKY COVER
  POSSIBLE SUNSHINE  MM
  AVERAGE SKY COVER 0.6


WEATHER CONDITIONS
 THE FOLLOWING WEATHER WAS RECORDED YESTERDAY.
  NO SIGNIFICANT WEATHER WAS OBSERVED.


RELATIVE HUMIDITY (PERCENT)
 HIGHEST    93           600 AM
 LOWEST     48           300 PM
 AVERAGE    71

..........................................................


THE EUGENE OR CLIMATE NORMALS FOR TODAY
                         NORMAL    RECORD    YEAR
 MAXIMUM TEMPERATURE (F)   61        78      1937
 MINIMUM TEMPERATURE (F)   40        25      1980


SUNRISE AND SUNSET
OCTOBER 22 2020.......SUNRISE   737 AM PDT   SUNSET   616 PM PDT
OCTOBER 23 2020.......SUNRISE   739 AM PDT   SUNSET   615 PM PDT


-  INDICATES NEGATIVE NUMBERS.
R  INDICATES RECORD WAS SET OR TIED.
MM INDICATES DATA IS MISSING.
T  INDICATES TRACE AMOUNT.




$$
