000
CDUS43 KPAH 242128
CLIEVV

CLIMATE REPORT
NATIONAL WEATHER SERVICE PADUCAH
428 PM CDT SUN MAY 24 2020

...................................

...THE EVANSVILLE IN CLIMATE SUMMARY FOR MAY 24 2020...
VALID TODAY AS OF 0425 PM LOCAL TIME.

CLIMATE NORMAL PERIOD 1981 TO 2010
CLIMATE RECORD PERIOD 1896 TO 2020


WEATHER ITEM   OBSERVED TIME   RECORD YEAR NORMAL DEPARTURE LAST
                VALUE   (LST)  VALUE       VALUE  FROM      YEAR
                                                  NORMAL
...................................................................
TEMPERATURE (F)
 TODAY
  MAXIMUM         83    259 PM  93    1921  79      4       89
                                      1939
  MINIMUM         66    334 AM  39    1963  57      9       67
  AVERAGE         75                        68      7       78

PRECIPITATION (IN)
  TODAY            0.00          2.09 2006   0.17  -0.17     0.00
  MONTH TO DATE    5.75                      4.16   1.59     3.19
  SINCE MAR 1     16.70                     12.77   3.93    15.92
  SINCE JAN 1     26.04                     19.04   7.00    27.31

SNOWFALL (IN)
  TODAY            0.0                                       0.0
  MONTH TO DATE    0.0                                       0.0
  SINCE JUL 1      1.1                                       8.8
  SNOW DEPTH       0

...................................................................


WIND (MPH)
  HIGHEST WIND SPEED    14   HIGHEST WIND DIRECTION     S (180)
  HIGHEST GUST SPEED    20   HIGHEST GUST DIRECTION     S (190)


RELATIVE HUMIDITY (PERCENT)
 HIGHEST    87
 LOWEST     55

..........................................................


THE EVANSVILLE IN CLIMATE NORMALS FOR TOMORROW
                         NORMAL    RECORD    YEAR
 MAXIMUM TEMPERATURE (F)   80        94      1911
 MINIMUM TEMPERATURE (F)   57        35      1925


SUNRISE AND SUNSET
MAY 24 2020...........SUNRISE   533 AM CDT   SUNSET   802 PM CDT
MAY 25 2020...........SUNRISE   532 AM CDT   SUNSET   803 PM CDT


-  INDICATES NEGATIVE NUMBERS.
R  INDICATES RECORD WAS SET OR TIED.
MM INDICATES DATA IS MISSING.
T  INDICATES TRACE AMOUNT.




$$
