000
CDUS45 KSLC 201247
CLIEVW


CLIMATE REPORT
NATIONAL WEATHER SERVICE SALT LAKE CITY UT
547 AM MST TUE FEB 20 2018


...................................

...THE EVANSTON WY CLIMATE SUMMARY FOR FEBRUARY 19 2018...

CLIMATE NORMAL PERIOD 1981 TO 2010
CLIMATE RECORD PERIOD 9999 TO 9999


WEATHER ITEM   OBSERVED TIME   RECORD YEAR NORMAL DEPARTURE LAST
                VALUE   (LST)  VALUE       VALUE  FROM      YEAR
                                                  NORMAL
..................................................................
TEMPERATURE (F)
 YESTERDAY
  MAXIMUM         20    418 AM  MM      MM  32    -12       37
  MINIMUM          6   1159 PM  MM      MM  15     -9       28
  AVERAGE         13                        23    -10       33

PRECIPITATION (IN)
  YESTERDAY        0.17         MM      MM   0.02   0.15      T
  MONTH TO DATE    0.41                      0.40   0.01     0.72
  SINCE OCT 1      2.12                      3.73  -1.61     3.38
  SINCE JAN 1      0.58                      0.94  -0.36     1.80

DEGREE DAYS
 HEATING
  YESTERDAY       52                        42     10       32
  MONTH TO DATE  659                       814   -155      667
  SINCE DEC 1   2860                      3534   -674     3519
  SINCE JUL 1   4707                      5643   -936     5170

 COOLING
  YESTERDAY        0                         0      0        0
  MONTH TO DATE    0                         0      0        0
  SINCE DEC 1      0                         0      0        0
  SINCE JAN 1      0                         0      0        0
..................................................................


WIND (MPH)
  RESULTANT WIND SPEED   4   RESULTANT WIND DIRECTION   E (80)
  HIGHEST WIND SPEED    20   HIGHEST WIND DIRECTION     E (80)
  HIGHEST GUST SPEED    23   HIGHEST GUST DIRECTION     E (90)
  AVERAGE WIND SPEED     8.2


SKY COVER
  POSSIBLE SUNSHINE  MM
  AVERAGE SKY COVER 1.0


WEATHER CONDITIONS
 THE FOLLOWING WEATHER WAS RECORDED YESTERDAY.
  SNOW
  LIGHT SNOW
  FOG


RELATIVE HUMIDITY (PERCENT)
 HIGHEST    92           800 AM
 LOWEST     76           100 PM
 AVERAGE    84

..........................................................


THE EVANSTON WY CLIMATE NORMALS FOR TODAY
                         NORMAL    RECORD    YEAR
 MAXIMUM TEMPERATURE (F)   32        MM        MM
 MINIMUM TEMPERATURE (F)   15        MM        MM


SUNRISE AND SUNSET
FEBRUARY 20 2018......SUNRISE   712 AM MST   SUNSET   604 PM MST
FEBRUARY 21 2018......SUNRISE   710 AM MST   SUNSET   606 PM MST


-  INDICATES NEGATIVE NUMBERS.
R  INDICATES RECORD WAS SET OR TIED.
MM INDICATES DATA IS MISSING.
T  INDICATES TRACE AMOUNT.




$$
