000
CDUS45 KSLC 141258
CLIEVW


CLIMATE REPORT
NATIONAL WEATHER SERVICE SALT LAKE CITY UT
658 AM MDT FRI AUG 14 2020


...................................

...THE EVANSTON WY CLIMATE SUMMARY FOR AUGUST 13 2020...

CLIMATE NORMAL PERIOD 1981 TO 2010
CLIMATE RECORD PERIOD 9999 TO 9999


WEATHER ITEM   OBSERVED TIME   RECORD YEAR NORMAL DEPARTURE LAST
                VALUE   (LST)  VALUE       VALUE  FROM      YEAR
                                                  NORMAL
..................................................................
TEMPERATURE (F)
 YESTERDAY
  MAXIMUM         85    248 PM  MM      MM  80      5       83
  MINIMUM         53    408 AM  MM      MM  52      1       47
  AVERAGE         69                        66      3       65

PRECIPITATION (IN)
  YESTERDAY        0.00         MM      MM   0.03  -0.03     0.00
  MONTH TO DATE    T                         0.42  -0.42      T
  SINCE OCT 1      4.52                     10.28  -5.76     7.34
  SINCE JAN 1      3.18                      7.49  -4.31     4.16

DEGREE DAYS
 HEATING
  YESTERDAY        0                         2     -2        0
  MONTH TO DATE    0                        14    -14        7
  SINCE JUN 1    272                       280     -8      281
  SINCE JUL 1     14                        50    -36       26

 COOLING
  YESTERDAY        4                         2      2        0
  MONTH TO DATE   83                        37     46       39
  SINCE JUN 1    195                       132     63      146
  SINCE JAN 1    201                       133     68      146
..................................................................


WIND (MPH)
  RESULTANT WIND SPEED  12   RESULTANT WIND DIRECTION  SW (240)
  HIGHEST WIND SPEED    33   HIGHEST WIND DIRECTION    SW (240)
  HIGHEST GUST SPEED    46   HIGHEST GUST DIRECTION    SW (240)
  AVERAGE WIND SPEED    13.2


SKY COVER
  POSSIBLE SUNSHINE  MM
  AVERAGE SKY COVER 0.0


WEATHER CONDITIONS
 THE FOLLOWING WEATHER WAS RECORDED YESTERDAY.
  NO SIGNIFICANT WEATHER WAS OBSERVED.


RELATIVE HUMIDITY (PERCENT)
 HIGHEST    38           600 AM
 LOWEST      8           200 PM
 AVERAGE    23

..........................................................


THE EVANSTON WY CLIMATE NORMALS FOR TODAY
                         NORMAL    RECORD    YEAR
 MAXIMUM TEMPERATURE (F)   80        MM        MM
 MINIMUM TEMPERATURE (F)   51        MM        MM


SUNRISE AND SUNSET
AUGUST 14 2020........SUNRISE   633 AM MDT   SUNSET   824 PM MDT
AUGUST 15 2020........SUNRISE   634 AM MDT   SUNSET   822 PM MDT


-  INDICATES NEGATIVE NUMBERS.
R  INDICATES RECORD WAS SET OR TIED.
MM INDICATES DATA IS MISSING.
T  INDICATES TRACE AMOUNT.




$$
