000
CDUS45 KSLC 250027
CLIEVW


CLIMATE REPORT
NATIONAL WEATHER SERVICE SALT LAKE CITY UT
627 PM MDT SUN JUN 24 2018


...................................

...THE EVANSTON WY CLIMATE SUMMARY FOR JUNE 24 2018...
VALID TODAY AS OF 0500 PM LOCAL TIME.

CLIMATE NORMAL PERIOD 1981 TO 2010
CLIMATE RECORD PERIOD 9999 TO 9999


WEATHER ITEM   OBSERVED TIME   RECORD YEAR NORMAL DEPARTURE LAST
                VALUE   (LST)  VALUE       VALUE  FROM      YEAR
                                                  NORMAL
..................................................................
TEMPERATURE (F)
 TODAY
  MAXIMUM         73    313 PM  MM      MM  74     -1       78
  MINIMUM         43    435 AM  MM      MM  47     -4       43
  AVERAGE         58                        60     -2       61

PRECIPITATION (IN)
  TODAY            0.00         MM      MM   0.04  -0.04     0.00
  MONTH TO DATE    1.04                      1.05  -0.01     0.09
  SINCE OCT 1      3.55                      8.77  -5.22     6.83
  SINCE JAN 1      2.01                      5.98  -3.97     5.25

DEGREE DAYS
 HEATING
  TODAY            7                         5      2        4
  MONTH TO DATE  111                       207    -96      116
  SINCE JUN 1    111                       207    -96      116
  SINCE JUL 1   7293                      8549  -1256     7779

 COOLING
  TODAY            0                         1     -1        0
  MONTH TO DATE   11                         2      9       17
  SINCE JUN 1     11                         2      9       17
  SINCE JAN 1     11                         3      8       17
..................................................................


WIND (MPH)
  RESULTANT WIND SPEED   1   RESULTANT WIND DIRECTION   N (10)
  HIGHEST WIND SPEED    16   HIGHEST WIND DIRECTION     W (280)
  HIGHEST GUST SPEED    24   HIGHEST GUST DIRECTION    SW (230)
  AVERAGE WIND SPEED     4.5


SKY COVER
  POSSIBLE SUNSHINE  MM
  AVERAGE SKY COVER 0.3


WEATHER CONDITIONS
 THE FOLLOWING WEATHER WAS RECORDED TODAY.
  NO SIGNIFICANT WEATHER WAS OBSERVED.


RELATIVE HUMIDITY (PERCENT)
 HIGHEST    76           500 AM
 LOWEST     29          1200 PM
 AVERAGE    53

..........................................................


THE EVANSTON WY CLIMATE NORMALS FOR TOMORROW
                         NORMAL    RECORD    YEAR
 MAXIMUM TEMPERATURE (F)   75        MM        MM
 MINIMUM TEMPERATURE (F)   47        MM        MM


SUNRISE AND SUNSET
JUNE 24 2018..........SUNRISE   552 AM MDT   SUNSET   901 PM MDT
JUNE 25 2018..........SUNRISE   552 AM MDT   SUNSET   901 PM MDT


-  INDICATES NEGATIVE NUMBERS.
R  INDICATES RECORD WAS SET OR TIED.
MM INDICATES DATA IS MISSING.
T  INDICATES TRACE AMOUNT.




$$
