000
CDUS45 KSLC 211227
CLIEVW


CLIMATE REPORT
NATIONAL WEATHER SERVICE SALT LAKE CITY UT
627 AM MDT FRI SEP 21 2018


...................................

...THE EVANSTON WY CLIMATE SUMMARY FOR SEPTEMBER 20 2018...

CLIMATE NORMAL PERIOD 1981 TO 2010
CLIMATE RECORD PERIOD 9999 TO 9999


WEATHER ITEM   OBSERVED TIME   RECORD YEAR NORMAL DEPARTURE LAST
                VALUE   (LST)  VALUE       VALUE  FROM      YEAR
                                                  NORMAL
..................................................................
TEMPERATURE (F)
 YESTERDAY
  MAXIMUM         65    341 PM  MM      MM  67     -2       64
  MINIMUM         39    655 AM  MM      MM  41     -2       31
  AVERAGE         52                        54     -2       48

PRECIPITATION (IN)
  YESTERDAY        0.00         MM      MM   0.05  -0.05      T
  MONTH TO DATE    0.00                      0.83  -0.83      T
  SINCE OCT 1      4.90                     11.65  -6.75     6.94
  SINCE JAN 1      3.36                      8.86  -5.50     5.36

DEGREE DAYS
 HEATING
  YESTERDAY       13                        11      2       17
  MONTH TO DATE   27                       162   -135      112
  SINCE SEP 1     27                       162   -135      112
  SINCE JUL 1     65                       265   -200      136

 COOLING
  YESTERDAY        0                         0      0        0
  MONTH TO DATE   11                         0     11       37
  SINCE SEP 1     11                         0     11       37
  SINCE JAN 1    375                       157    218      333
..................................................................


WIND (MPH)
  RESULTANT WIND SPEED  10   RESULTANT WIND DIRECTION   W (260)
  HIGHEST WIND SPEED    25   HIGHEST WIND DIRECTION     W (260)
  HIGHEST GUST SPEED    33   HIGHEST GUST DIRECTION     W (250)
  AVERAGE WIND SPEED    11.2


SKY COVER
  POSSIBLE SUNSHINE  MM
  AVERAGE SKY COVER 0.0


WEATHER CONDITIONS
 THE FOLLOWING WEATHER WAS RECORDED YESTERDAY.
  NO SIGNIFICANT WEATHER WAS OBSERVED.


RELATIVE HUMIDITY (PERCENT)
 HIGHEST    44           700 AM
 LOWEST     13           300 PM
 AVERAGE    29

..........................................................


THE EVANSTON WY CLIMATE NORMALS FOR TODAY
                         NORMAL    RECORD    YEAR
 MAXIMUM TEMPERATURE (F)   67        MM        MM
 MINIMUM TEMPERATURE (F)   40        MM        MM


SUNRISE AND SUNSET
SEPTEMBER 21 2018.....SUNRISE   711 AM MDT   SUNSET   723 PM MDT
SEPTEMBER 22 2018.....SUNRISE   712 AM MDT   SUNSET   721 PM MDT


-  INDICATES NEGATIVE NUMBERS.
R  INDICATES RECORD WAS SET OR TIED.
MM INDICATES DATA IS MISSING.
T  INDICATES TRACE AMOUNT.




$$
