000
CDUS42 KMHX 170616
CLIEWN


CLIMATE REPORT
NATIONAL WEATHER SERVICE NEWPORT/MOREHEAD CITY NC
215 AM EDT WED OCT 17 2018


...................................

...THE NEW BERN NC CLIMATE SUMMARY FOR OCTOBER 16 2018...

CLIMATE NORMAL PERIOD 1981 TO 2010
CLIMATE RECORD PERIOD 1948 TO 2018


WEATHER ITEM   OBSERVED TIME   RECORD YEAR NORMAL DEPARTURE LAST
                VALUE   (LST)  VALUE       VALUE  FROM      YEAR
                                                  NORMAL
..................................................................
TEMPERATURE (F)
 YESTERDAY
  MAXIMUM         84    227 PM  86    1975  75      9       81
  MINIMUM         69    651 AM  41    2006  53     16       57
                                      1961
  AVERAGE         77                        64     13       69

PRECIPITATION (IN)
  YESTERDAY        0.00          1.50 1974   0.09  -0.09     0.21
  MONTH TO DATE    0.46                      1.85  -1.39     1.23
  SINCE SEP 1     18.85                      7.74  11.11     4.48
  SINCE JAN 1     65.29                     44.54  20.75    43.12

SNOWFALL (IN)
  YESTERDAY        0.0
  MONTH TO DATE    0.0
  SINCE NOV 1      6.0
  SINCE JUL 1      0.0
  SNOW DEPTH       0

DEGREE DAYS
 HEATING
  YESTERDAY        0                         3     -3        0
  MONTH TO DATE    1                        33    -32        1
  SINCE SEP 1      1                        40    -39        1
  SINCE JUL 1      1                        40    -39        1

 COOLING
  YESTERDAY       12                         2     10        4
  MONTH TO DATE  170                        58    112      135
  SINCE SEP 1    581                       332    249      445
  SINCE JAN 1   2181                      1861    320     2128
..................................................................


WIND (MPH)
  HIGHEST WIND SPEED    14   HIGHEST WIND DIRECTION    NE (50)
  HIGHEST GUST SPEED    17   HIGHEST GUST DIRECTION     W (290)
  AVERAGE WIND SPEED     5.5


SKY COVER
  POSSIBLE SUNSHINE  MM
  AVERAGE SKY COVER 0.5


WEATHER CONDITIONS
 THE FOLLOWING WEATHER WAS RECORDED YESTERDAY.
  FOG


RELATIVE HUMIDITY (PERCENT)
 HIGHEST   100           100 AM
 LOWEST     65           100 PM
 AVERAGE    83

..........................................................


THE NEW BERN NC CLIMATE NORMALS FOR TODAY
                         NORMAL    RECORD    YEAR
 MAXIMUM TEMPERATURE (F)   74        89      1972
 MINIMUM TEMPERATURE (F)   53        36      1982


SUNRISE AND SUNSET
OCTOBER 17 2018.......SUNRISE   716 AM EDT   SUNSET   631 PM EDT
OCTOBER 18 2018.......SUNRISE   717 AM EDT   SUNSET   629 PM EDT


-  INDICATES NEGATIVE NUMBERS.
R  INDICATES RECORD WAS SET OR TIED.
MM INDICATES DATA IS MISSING.
T  INDICATES TRACE AMOUNT.




$$
