259
CDUS42 KMHX 230537
CLIEWN


CLIMATE REPORT
NATIONAL WEATHER SERVICE NEWPORT/MOREHEAD CITY NC
137 AM EDT WED OCT 23 2019


...................................

...THE NEW BERN NC CLIMATE SUMMARY FOR OCTOBER 22 2019...

CLIMATE NORMAL PERIOD 1981 TO 2010
CLIMATE RECORD PERIOD 1948 TO 2019


WEATHER ITEM   OBSERVED TIME   RECORD YEAR NORMAL DEPARTURE LAST
                VALUE   (LST)  VALUE       VALUE  FROM      YEAR
                                                  NORMAL
..................................................................
TEMPERATURE (F)
 YESTERDAY
  MAXIMUM         78    441 PM  85    1984  73      5       65
  MINIMUM         60    637 AM  30    1952  51      9       39
  AVERAGE         69                        62      7       52

PRECIPITATION (IN)
  YESTERDAY        0.09          2.93 1971   0.10  -0.01     0.00
  MONTH TO DATE    2.20                      2.43  -0.23     0.58
  SINCE SEP 1      9.08                      8.32   0.76    18.97
  SINCE JAN 1     38.99                     45.12  -6.13    65.41

SNOWFALL (IN)
  YESTERDAY        0.0
  MONTH TO DATE    0.0
  SINCE NOV 1      0.2
  SINCE JUL 1      0.0
  SNOW DEPTH       0

DEGREE DAYS
 HEATING
  YESTERDAY        0                         5     -5       13
  MONTH TO DATE   36                        59    -23       37
  SINCE SEP 1     36                        66    -30       37
  SINCE JUL 1     36                        66    -30       37

 COOLING
  YESTERDAY        4                         2      2        0
  MONTH TO DATE  103                        70     33      172
  SINCE SEP 1    465                       344    121      583
  SINCE JAN 1   2250                      1873    377     2183
..................................................................


WIND (MPH)
  HIGHEST WIND SPEED    12   HIGHEST WIND DIRECTION     S (180)
  HIGHEST GUST SPEED    15   HIGHEST GUST DIRECTION     S (190)
  AVERAGE WIND SPEED     4.8


SKY COVER
  POSSIBLE SUNSHINE  MM
  AVERAGE SKY COVER 0.7


WEATHER CONDITIONS
 THE FOLLOWING WEATHER WAS RECORDED YESTERDAY.
  RAIN
  LIGHT RAIN
  FOG
  FOG W/VISIBILITY <= 1/4 MILE


RELATIVE HUMIDITY (PERCENT)
 HIGHEST   100           400 AM
 LOWEST     84          1000 AM
 AVERAGE    92

..........................................................


THE NEW BERN NC CLIMATE NORMALS FOR TODAY
                         NORMAL    RECORD    YEAR
 MAXIMUM TEMPERATURE (F)   73        86      2007
 MINIMUM TEMPERATURE (F)   51        35      1987


SUNRISE AND SUNSET
OCTOBER 23 2019.......SUNRISE   721 AM EDT   SUNSET   624 PM EDT
OCTOBER 24 2019.......SUNRISE   722 AM EDT   SUNSET   623 PM EDT


-  INDICATES NEGATIVE NUMBERS.
R  INDICATES RECORD WAS SET OR TIED.
MM INDICATES DATA IS MISSING.
T  INDICATES TRACE AMOUNT.




$$
