000
CDUS42 KMHX 240625
CLIEWN


CLIMATE REPORT
NATIONAL WEATHER SERVICE NEWPORT/MOREHEAD CITY NC
125 AM EST THU JAN 24 2019


...................................

...THE NEW BERN NC CLIMATE SUMMARY FOR JANUARY 23 2019...

CLIMATE NORMAL PERIOD 1981 TO 2010
CLIMATE RECORD PERIOD 1948 TO 2019


WEATHER ITEM   OBSERVED TIME   RECORD YEAR NORMAL DEPARTURE LAST
                VALUE   (LST)  VALUE       VALUE  FROM      YEAR
                                                  NORMAL
..................................................................
TEMPERATURE (F)
 YESTERDAY
  MAXIMUM         64    149 PM  77    1974  55      9       74
  MINIMUM         28    339 AM  13    1985  34     -6       52
  AVERAGE         46                        44      2       63

PRECIPITATION (IN)
  YESTERDAY        T             1.22 2002   0.12  -0.12     0.38
  MONTH TO DATE    1.97                      2.99  -1.02     2.69
  SINCE DEC 1      8.56                      6.39   2.17     6.92
  SINCE JAN 1      1.97                      2.99  -1.02     2.69

SNOWFALL (IN)
  YESTERDAY       MM
  MONTH TO DATE    0.0
  SINCE NOV 1      0.0
  SINCE JUL 1      0.0
  SNOW DEPTH       0

DEGREE DAYS
 HEATING
  YESTERDAY       19                        21     -2        2
  MONTH TO DATE  440                       483    -43      640
  SINCE DEC 1    918                      1050   -132     1261
  SINCE JUL 1   1365                      1477   -112     1700

 COOLING
  YESTERDAY        0                         0      0        0
  MONTH TO DATE    4                         0      4        3
  SINCE DEC 1      5                         3      2        3
  SINCE JAN 1      4                         0      4        3
..................................................................


WIND (MPH)
  HIGHEST WIND SPEED    22   HIGHEST WIND DIRECTION     S (170)
  HIGHEST GUST SPEED    30   HIGHEST GUST DIRECTION     S (160)
  AVERAGE WIND SPEED     9.0


SKY COVER
  POSSIBLE SUNSHINE  MM
  AVERAGE SKY COVER 0.6


WEATHER CONDITIONS
 THE FOLLOWING WEATHER WAS RECORDED YESTERDAY.
  FOG
  HAZE


RELATIVE HUMIDITY (PERCENT)
 HIGHEST   100           500 AM
 LOWEST     60          1100 AM
 AVERAGE    80

..........................................................


THE NEW BERN NC CLIMATE NORMALS FOR TODAY
                         NORMAL    RECORD    YEAR
 MAXIMUM TEMPERATURE (F)   55        76      2002
                                             1950
 MINIMUM TEMPERATURE (F)   34        12      2014


SUNRISE AND SUNSET
JANUARY 24 2019.......SUNRISE   712 AM EST   SUNSET   528 PM EST
JANUARY 25 2019.......SUNRISE   712 AM EST   SUNSET   529 PM EST


-  INDICATES NEGATIVE NUMBERS.
R  INDICATES RECORD WAS SET OR TIED.
MM INDICATES DATA IS MISSING.
T  INDICATES TRACE AMOUNT.




$$
