000
CDUS42 KMHX 302132
CLIEWN


CLIMATE REPORT
NATIONAL WEATHER SERVICE NEWPORT/MOREHEAD CITY NC
531 PM EDT FRI OCT 30 2020


...................................

...THE NEW BERN NC CLIMATE SUMMARY FOR OCTOBER 30 2020...
VALID TODAY AS OF 0500 PM LOCAL TIME.

CLIMATE NORMAL PERIOD 1981 TO 2010
CLIMATE RECORD PERIOD 1948 TO 2020


WEATHER ITEM   OBSERVED TIME   RECORD YEAR NORMAL DEPARTURE LAST
                VALUE   (LST)  VALUE       VALUE  FROM      YEAR
                                                  NORMAL
..................................................................
TEMPERATURE (F)
 TODAY
  MAXIMUM         78    217 AM  86    1946  71      7       77
  MINIMUM         63    335 PM  27    1965  49     14       65
                                      1952
  AVERAGE         71                        60     11       71

PRECIPITATION (IN)
  TODAY            0.01          2.45 1956   0.10  -0.09      T
  MONTH TO DATE    3.67                      3.16   0.51     2.44
  SINCE SEP 1     10.32                      9.05   1.27     9.32
  SINCE JAN 1     55.00                     45.85   9.15    39.23

SNOWFALL (IN)
  TODAY            0.0
  MONTH TO DATE    0.0
  SINCE NOV 1      1.0
  SINCE JUL 1      0.0
  SNOW DEPTH       0

DEGREE DAYS
 HEATING
  TODAY            0                         6     -6        0
  MONTH TO DATE   20                       104    -84       45
  SINCE SEP 1     33                       111    -78       45
  SINCE JUL 1     33                       111    -78       45

 COOLING
  TODAY            6                         1      5        6
  MONTH TO DATE  117                        81     36      132
  SINCE SEP 1    397                       355     42      494
  SINCE JAN 1   1969                      1884     85     2279
..................................................................


WIND (MPH)
  HIGHEST WIND SPEED    26   HIGHEST WIND DIRECTION     W (260)
  HIGHEST GUST SPEED    39   HIGHEST GUST DIRECTION     W (280)
  AVERAGE WIND SPEED    14.4


SKY COVER
  POSSIBLE SUNSHINE  MM
  AVERAGE SKY COVER 0.6


WEATHER CONDITIONS
 THE FOLLOWING WEATHER WAS RECORDED TODAY.
  LIGHT RAIN


RELATIVE HUMIDITY (PERCENT)
 HIGHEST    88          1200 AM
 LOWEST     52           200 PM
 AVERAGE    70

..........................................................


THE NEW BERN NC CLIMATE NORMALS FOR TOMORROW
                         NORMAL    RECORD    YEAR
 MAXIMUM TEMPERATURE (F)   71        87      1961
 MINIMUM TEMPERATURE (F)   48        29      2008


SUNRISE AND SUNSET
OCTOBER 30 2020.......SUNRISE   728 AM EDT   SUNSET   615 PM EDT
OCTOBER 31 2020.......SUNRISE   729 AM EDT   SUNSET   614 PM EDT


-  INDICATES NEGATIVE NUMBERS.
R  INDICATES RECORD WAS SET OR TIED.
MM INDICATES DATA IS MISSING.
T  INDICATES TRACE AMOUNT.




$$
