000
CDUS42 KMHX 210528
CLIEWN


CLIMATE REPORT
NATIONAL WEATHER SERVICE NEWPORT/MOREHEAD CITY NC
126 AM EDT SAT APR 21 2018


...................................

...THE NEW BERN NC CLIMATE SUMMARY FOR APRIL 20 2018...

CLIMATE NORMAL PERIOD 1981 TO 2010
CLIMATE RECORD PERIOD 1948 TO 2018


WEATHER ITEM   OBSERVED TIME   RECORD YEAR NORMAL DEPARTURE LAST
                VALUE   (LST)  VALUE       VALUE  FROM      YEAR
                                                  NORMAL
..................................................................
TEMPERATURE (F)
 YESTERDAY
  MAXIMUM         62    447 PM  92    1955  75    -13       84
  MINIMUM         38    535 AM  32    1983  51    -13       57
  AVERAGE         50                        63    -13       71

PRECIPITATION (IN)
  YESTERDAY        0.00          1.26 1991   0.10  -0.10     0.00
  MONTH TO DATE    2.49                      2.08   0.41     2.07
  SINCE MAR 1      6.72                      6.47   0.25     6.10
  SINCE JAN 1     13.13                     14.15  -1.02    12.32

SNOWFALL (IN)
  YESTERDAY        0.0
  MONTH TO DATE    0.0
  SINCE NOV 1      6.0
  SINCE JUL 1      6.0
  SNOW DEPTH       0

DEGREE DAYS
 HEATING
  YESTERDAY       15                         4     11        0
  MONTH TO DATE  163                       119     44       48
  SINCE MAR 1    686                       488    198      459
  SINCE JUL 1   2855                      2634    221     2199

 COOLING
  YESTERDAY        0                         2     -2        6
  MONTH TO DATE    8                        30    -22       53
  SINCE MAR 1     14                        41    -27       64
  SINCE JAN 1     56                        44     12       70
..................................................................


WIND (MPH)
  HIGHEST WIND SPEED    17   HIGHEST WIND DIRECTION     N (10)
  HIGHEST GUST SPEED    24   HIGHEST GUST DIRECTION    NE (30)
  AVERAGE WIND SPEED     6.3


SKY COVER
  POSSIBLE SUNSHINE  MM
  AVERAGE SKY COVER 0.0


WEATHER CONDITIONS
 THE FOLLOWING WEATHER WAS RECORDED YESTERDAY.
  FOG


RELATIVE HUMIDITY (PERCENT)
 HIGHEST    89          1100 PM
 LOWEST     28           200 PM
 AVERAGE    59

..........................................................


THE NEW BERN NC CLIMATE NORMALS FOR TODAY
                         NORMAL    RECORD    YEAR
 MAXIMUM TEMPERATURE (F)   75        92      1970
 MINIMUM TEMPERATURE (F)   52        32      1983


SUNRISE AND SUNSET
APRIL 21 2018.........SUNRISE   629 AM EDT   SUNSET   746 PM EDT
APRIL 22 2018.........SUNRISE   627 AM EDT   SUNSET   746 PM EDT


-  INDICATES NEGATIVE NUMBERS.
R  INDICATES RECORD WAS SET OR TIED.
MM INDICATES DATA IS MISSING.
T  INDICATES TRACE AMOUNT.




$$
