000
CDUS42 KMHX 250534
CLIEWN


CLIMATE REPORT
NATIONAL WEATHER SERVICE NEWPORT/MOREHEAD CITY NC
133 AM EDT MON MAY 25 2020


...................................

...THE NEW BERN NC CLIMATE SUMMARY FOR MAY 24 2020...

CLIMATE NORMAL PERIOD 1981 TO 2010
CLIMATE RECORD PERIOD 1948 TO 2020


WEATHER ITEM   OBSERVED TIME   RECORD YEAR NORMAL DEPARTURE LAST
                VALUE   (LST)  VALUE       VALUE  FROM      YEAR
                                                  NORMAL
..................................................................
TEMPERATURE (F)
 YESTERDAY
  MAXIMUM         83   1231 PM  97    2019  82      1       97
  MINIMUM         62   1159 PM  48    2002  61      1       70
                                      1963
  AVERAGE         73                        72      1       84

PRECIPITATION (IN)
  YESTERDAY        0.00          3.17 1977   0.14  -0.14     0.00
  MONTH TO DATE    6.25                      3.12   3.13     1.05
  SINCE MAR 1     12.30                     10.68   1.62     6.43
  SINCE JAN 1     20.88                     18.36   2.52    13.95

SNOWFALL (IN)
  YESTERDAY        0.0
  MONTH TO DATE    0.0
  SINCE NOV 1      1.0
  SINCE JUL 1      1.0
  SNOW DEPTH       0

DEGREE DAYS
 HEATING
  YESTERDAY        0                         0      0        0
  MONTH TO DATE   72                        32     40        7
  SINCE MAR 1    488                       553    -65      493
  SINCE JUL 1   2256                      2699   -443     2415

 COOLING
  YESTERDAY        8                         7      1       19
  MONTH TO DATE   68                       117    -49      197
  SINCE MAR 1    157                       184    -27      284
  SINCE JAN 1    178                       187     -9      296
..................................................................


WIND (MPH)
  HIGHEST WIND SPEED    15   HIGHEST WIND DIRECTION    NE (50)
  HIGHEST GUST SPEED    19   HIGHEST GUST DIRECTION    SE (120)
  AVERAGE WIND SPEED     6.0


SKY COVER
  POSSIBLE SUNSHINE  MM
  AVERAGE SKY COVER 0.5


WEATHER CONDITIONS
 THE FOLLOWING WEATHER WAS RECORDED YESTERDAY.
  FOG
  FOG W/VISIBILITY <= 1/4 MILE


RELATIVE HUMIDITY (PERCENT)
 HIGHEST   100           400 AM
 LOWEST     58           200 PM
 AVERAGE    79

..........................................................


THE NEW BERN NC CLIMATE NORMALS FOR TODAY
                         NORMAL    RECORD    YEAR
 MAXIMUM TEMPERATURE (F)   82        97      2011
 MINIMUM TEMPERATURE (F)   62        46      1967


SUNRISE AND SUNSET
MAY 25 2020...........SUNRISE   558 AM EDT   SUNSET   813 PM EDT
MAY 26 2020...........SUNRISE   557 AM EDT   SUNSET   814 PM EDT


-  INDICATES NEGATIVE NUMBERS.
R  INDICATES RECORD WAS SET OR TIED.
MM INDICATES DATA IS MISSING.
T  INDICATES TRACE AMOUNT.




$$
