000
CDUS42 KMHX 220534
CLIEWN


CLIMATE REPORT
NATIONAL WEATHER SERVICE NEWPORT/MOREHEAD CITY NC
129 AM EDT SUN JUL 22 2018


...................................

...THE NEW BERN NC CLIMATE SUMMARY FOR JULY 21 2018...

CLIMATE NORMAL PERIOD 1981 TO 2010
CLIMATE RECORD PERIOD 1948 TO 2018


WEATHER ITEM   OBSERVED TIME   RECORD YEAR NORMAL DEPARTURE LAST
                VALUE   (LST)  VALUE       VALUE  FROM      YEAR
                                                  NORMAL
..................................................................
TEMPERATURE (F)
 YESTERDAY
  MAXIMUM         84    444 PM 103    1952  90     -6       94
  MINIMUM         72    618 AM  64    2001  72      0       75
                                      1974
  AVERAGE         78                        81     -3       85

PRECIPITATION (IN)
  YESTERDAY        0.37          1.32 2002   0.21   0.16     0.00
  MONTH TO DATE    0.78                      4.02  -3.24     4.71
  SINCE JUN 1      8.00                      8.61  -0.61    10.37
  SINCE JAN 1     31.13                     28.00   3.13    29.88

SNOWFALL (IN)
  YESTERDAY        0.0
  MONTH TO DATE    0.0
  SINCE NOV 1      6.0
  SINCE JUL 1      0.0
  SNOW DEPTH       0

DEGREE DAYS
 HEATING
  YESTERDAY        0                         0      0        0
  MONTH TO DATE    0                         0      0        0
  SINCE JUN 1      0                         1     -1        2
  SINCE JUL 1      0                         0      0        0

 COOLING
  YESTERDAY       13                        16     -3       20
  MONTH TO DATE  281                       329    -48      362
  SINCE JUN 1    685                       694     -9      726
  SINCE JAN 1   1003                       937     66     1098
..................................................................


WIND (MPH)
  HIGHEST WIND SPEED    15   HIGHEST WIND DIRECTION     W (280)
  HIGHEST GUST SPEED    22   HIGHEST GUST DIRECTION     W (260)
  AVERAGE WIND SPEED     7.1


SKY COVER
  POSSIBLE SUNSHINE  MM
  AVERAGE SKY COVER 0.7


WEATHER CONDITIONS
 THE FOLLOWING WEATHER WAS RECORDED YESTERDAY.
  HEAVY RAIN
  RAIN
  LIGHT RAIN
  FOG


RELATIVE HUMIDITY (PERCENT)
 HIGHEST   100           100 AM
 LOWEST     65           400 PM
 AVERAGE    83

..........................................................


THE NEW BERN NC CLIMATE NORMALS FOR TODAY
                         NORMAL    RECORD    YEAR
 MAXIMUM TEMPERATURE (F)   90       106      1952
 MINIMUM TEMPERATURE (F)   72        60      1965


SUNRISE AND SUNSET
JULY 22 2018..........SUNRISE   610 AM EDT   SUNSET   819 PM EDT
JULY 23 2018..........SUNRISE   611 AM EDT   SUNSET   818 PM EDT


-  INDICATES NEGATIVE NUMBERS.
R  INDICATES RECORD WAS SET OR TIED.
MM INDICATES DATA IS MISSING.
T  INDICATES TRACE AMOUNT.




$$
