000
CDUS41 KOKX 110619
CLIEWR


CLIMATE REPORT
NATIONAL WEATHER SERVICE NEW YORK NY
119 AM EST WED DEC 11 2019


...................................

...THE NEWARK NJ CLIMATE SUMMARY FOR DECEMBER 10 2019...

CLIMATE NORMAL PERIOD 1981 TO 2010
CLIMATE RECORD PERIOD 1893 TO 2019


WEATHER ITEM   OBSERVED TIME   RECORD YEAR NORMAL DEPARTURE LAST
                VALUE   (LST)  VALUE       VALUE  FROM      YEAR
                                                  NORMAL
..................................................................
TEMPERATURE (F)
 YESTERDAY
  MAXIMUM         58   1133 AM  72    1946  45     13       41
  MINIMUM         40   1159 PM   8    1968  31      9       23
  AVERAGE         49                        38     11       32

PRECIPITATION (IN)
  YESTERDAY        0.10          1.06 1969   0.13  -0.03     0.00
  MONTH TO DATE    2.61                      1.31   1.30     0.99
  SINCE DEC 1      2.61                      1.31   1.30     0.99
  SINCE JAN 1     54.68                     43.75  10.93    53.37

SNOWFALL (IN)
  YESTERDAY        0.0           2.3  2013   0.1   -0.1      0.0
  MONTH TO DATE    2.5                       1.1    1.4       T
  SINCE OCT 1      2.5                       1.5    1.0      6.4
  SINCE JUL 1      2.5                       1.5    1.0      6.4
  SNOW DEPTH       0

DEGREE DAYS
 HEATING
  YESTERDAY       16                        27    -11       33
  MONTH TO DATE  268                       252     16      287
  SINCE DEC 1    268                       252     16      287
  SINCE JUL 1   1102                      1120    -18     1232

 COOLING
  YESTERDAY        0                         0      0        0
  MONTH TO DATE    0                         0      0        0
  SINCE DEC 1      0                         0      0        0
  SINCE JAN 1   1400                      1192    208     1511
..................................................................


WIND (MPH)
  HIGHEST WIND SPEED    26   HIGHEST WIND DIRECTION     W (270)
  HIGHEST GUST SPEED    35   HIGHEST GUST DIRECTION     W (280)
  AVERAGE WIND SPEED    12.6


SKY COVER
  AVERAGE SKY COVER 1.0


WEATHER CONDITIONS
 THE FOLLOWING WEATHER WAS RECORDED YESTERDAY.
  LIGHT RAIN
  FOG


RELATIVE HUMIDITY (PERCENT)
 HIGHEST    93           200 AM
 LOWEST     65          1000 PM
 AVERAGE    79

..........................................................


THE NEWARK NJ CLIMATE NORMALS FOR TODAY
                         NORMAL    RECORD    YEAR
 MAXIMUM TEMPERATURE (F)   45        65      1971
                                             1966
 MINIMUM TEMPERATURE (F)   31        11      1977
                                             1934


SUNRISE AND SUNSET
DECEMBER 11 2019......SUNRISE   710 AM EST   SUNSET   429 PM EST
DECEMBER 12 2019......SUNRISE   711 AM EST   SUNSET   429 PM EST


-  INDICATES NEGATIVE NUMBERS.
R  INDICATES RECORD WAS SET OR TIED.
MM INDICATES DATA IS MISSING.
T  INDICATES TRACE AMOUNT.




$$
