513
CDUS41 KOKX 162040
CLIEWR


CLIMATE REPORT
NATIONAL WEATHER SERVICE NEW YORK NY
440 PM EDT MON JUL 16 2018


...................................

...THE NEWARK NJ CLIMATE SUMMARY FOR JULY 16 2018...
VALID TODAY AS OF 0400 PM LOCAL TIME.

CLIMATE NORMAL PERIOD 1981 TO 2010
CLIMATE RECORD PERIOD 1929 TO 2018


WEATHER ITEM   OBSERVED TIME   RECORD YEAR NORMAL DEPARTURE LAST
                VALUE   (LST)  VALUE       VALUE  FROM      YEAR
                                                  NORMAL
..................................................................
TEMPERATURE (F)
 TODAY
  MAXIMUM         94   1229 PM 101    1988  86      8       87
  MINIMUM         72    412 AM  57    1946  69      3       68
  AVERAGE         83                        78      5       78

PRECIPITATION (IN)
  TODAY            0.00          1.22 1933   0.16  -0.16     0.00
  MONTH TO DATE    1.60                      2.30  -0.70     3.01
  SINCE JUN 1      3.47                      6.32  -2.85     8.30
  SINCE JAN 1     25.40                     25.21   0.19    30.84

SNOWFALL (IN)
  TODAY            0.0           0.0  2002   0.0    0.0      0.0
                                      2001
  MONTH TO DATE    0.0                       0.0    0.0      0.0
  SINCE OCT 1     39.4                      28.5   10.9     30.0
  SINCE JUL 1      0.0                       0.0    0.0      0.0
  SNOW DEPTH       0

DEGREE DAYS
 HEATING
  TODAY            0                         0      0        0
  MONTH TO DATE    0                         0      0        0
  SINCE JUN 1      9                        17     -8       18
  SINCE JUL 1      0                         0      0        0

 COOLING
  TODAY           18                        13      5       13
  MONTH TO DATE  241                       196     45      211
  SINCE JUN 1    469                       435     34      468
  SINCE JAN 1    600                       511     89      563
..................................................................


WIND (MPH)
  HIGHEST WIND SPEED    14   HIGHEST WIND DIRECTION     S (160)
  HIGHEST GUST SPEED    18   HIGHEST GUST DIRECTION     S (160)
  AVERAGE WIND SPEED     7.3


SKY COVER
  AVERAGE SKY COVER 0.3


WEATHER CONDITIONS
 THE FOLLOWING WEATHER WAS RECORDED TODAY.
  NO SIGNIFICANT WEATHER WAS OBSERVED.


RELATIVE HUMIDITY (PERCENT)
 HIGHEST    87           200 AM
 LOWEST     46          1200 PM
 AVERAGE    67

..........................................................


THE NEWARK NJ CLIMATE NORMALS FOR TOMORROW
                         NORMAL    RECORD    YEAR
 MAXIMUM TEMPERATURE (F)   86       100      2012
                                             1997
                                             1988
 MINIMUM TEMPERATURE (F)   69        56      1946


SUNRISE AND SUNSET
JULY 16 2018..........SUNRISE   539 AM EDT   SUNSET   826 PM EDT
JULY 17 2018..........SUNRISE   540 AM EDT   SUNSET   825 PM EDT


-  INDICATES NEGATIVE NUMBERS.
R  INDICATES RECORD WAS SET OR TIED.
MM INDICATES DATA IS MISSING.
T  INDICATES TRACE AMOUNT.




$$
