000
CDUS41 KOKX 142141
CLIEWR


CLIMATE REPORT
NATIONAL WEATHER SERVICE NEW YORK NY
441 PM EST FRI DEC 14 2018


...................................

...THE NEWARK NJ CLIMATE SUMMARY FOR DECEMBER 14 2018...
VALID TODAY AS OF 0400 PM LOCAL TIME.

CLIMATE NORMAL PERIOD 1981 TO 2010
CLIMATE RECORD PERIOD 1929 TO 2018


WEATHER ITEM   OBSERVED TIME   RECORD YEAR NORMAL DEPARTURE LAST
                VALUE   (LST)  VALUE       VALUE  FROM      YEAR
                                                  NORMAL
..................................................................
TEMPERATURE (F)
 TODAY
  MAXIMUM         50    359 PM  67    2015  44      6       34
  MINIMUM         37   1252 AM  11    2005  30      7       22
                                      1976
  AVERAGE         44                        37      7       28

PRECIPITATION (IN)
  TODAY            0.00          1.30 2003   0.12  -0.12     0.08
  MONTH TO DATE    0.99                      1.81  -0.82     0.76
  SINCE DEC 1      0.99                      1.81  -0.82     0.76
  SINCE JAN 1     53.37                     44.25   9.12    46.61

SNOWFALL (IN)
  TODAY            0.0           4.3  2013   0.1   -0.1      1.7
  MONTH TO DATE    T                         1.7   -1.7      6.0
  SINCE OCT 1      6.4                       2.1    4.3      6.0
  SINCE JUL 1      6.4                       2.1    4.3      6.0
  SNOW DEPTH       0

DEGREE DAYS
 HEATING
  TODAY           21                        28     -7       37
  MONTH TO DATE  399                       362     37      359
  SINCE DEC 1    399                       362     37      359
  SINCE JUL 1   1344                      1230    114     1044

 COOLING
  TODAY            0                         0      0        0
  MONTH TO DATE    0                         0      0        0
  SINCE DEC 1      0                         0      0        0
  SINCE JAN 1   1511                      1192    319     1316
..................................................................


WIND (MPH)
  HIGHEST WIND SPEED    12   HIGHEST WIND DIRECTION     N (20)
  HIGHEST GUST SPEED    15   HIGHEST GUST DIRECTION    SE (130)
  AVERAGE WIND SPEED     7.4


SKY COVER
  AVERAGE SKY COVER 1.0


WEATHER CONDITIONS
 THE FOLLOWING WEATHER WAS RECORDED TODAY.
  NO SIGNIFICANT WEATHER WAS OBSERVED.


RELATIVE HUMIDITY (PERCENT)
 HIGHEST    92          1200 AM
 LOWEST     71          1000 AM
 AVERAGE    82

..........................................................


THE NEWARK NJ CLIMATE NORMALS FOR TOMORROW
                         NORMAL    RECORD    YEAR
 MAXIMUM TEMPERATURE (F)   44        68      2015
 MINIMUM TEMPERATURE (F)   30        12      2005


SUNRISE AND SUNSET
DECEMBER 14 2018......SUNRISE   713 AM EST   SUNSET   430 PM EST
DECEMBER 15 2018......SUNRISE   713 AM EST   SUNSET   430 PM EST


-  INDICATES NEGATIVE NUMBERS.
R  INDICATES RECORD WAS SET OR TIED.
MM INDICATES DATA IS MISSING.
T  INDICATES TRACE AMOUNT.




$$
