000
CDUS43 KIND 240550
CLIEYE


CLIMATE REPORT
NATIONAL WEATHER SERVICE INDIANAPOLIS IN
1249 AM EST SAT FEB 24 2018


...................................

...THE INDIANAPOLIS EAGLE CREEK IN CLIMATE SUMMARY FOR FEBRUARY 23 2018...

CLIMATE NORMAL PERIOD 1981 TO 2010
CLIMATE RECORD PERIOD 9999 TO 9999


WEATHER ITEM   OBSERVED TIME   NORMAL DEPARTURE LAST
                VALUE   (LST)  VALUE  FROM      YEAR
                                      NORMAL
......................................................
TEMPERATURE (F)
 YESTERDAY
  MAXIMUM         57    927 AM  43     14       69
  MINIMUM         44   1159 PM  26     18       51
  AVERAGE         51            34     17       60

PRECIPITATION (IN)
  YESTERDAY        0.05          0.08  -0.03     0.00
  MONTH TO DATE    2.75          1.72   1.03     0.42
  SINCE DEC 1      5.52          7.01  -1.49     5.89
  SINCE JAN 1      4.58          3.93   0.65     4.58

DEGREE DAYS
 HEATING
  YESTERDAY       14            31    -17        5
  MONTH TO DATE  678           776    -98      504
  SINCE DEC 1   2907          2953    -46     2481
  SINCE JUL 1   3802          3977   -175     3165

 COOLING
  YESTERDAY        0             0      0        0
  MONTH TO DATE    6             0      6        0
  SINCE DEC 1      6             0      6        0
  SINCE JAN 1      6             0      6        0
......................................................


WIND (MPH)
  HIGHEST WIND SPEED    21   HIGHEST WIND DIRECTION     W (290)
  HIGHEST GUST SPEED    25   HIGHEST GUST DIRECTION     W (280)
  AVERAGE WIND SPEED     7.4


SKY COVER
  AVERAGE SKY COVER 1.0


WEATHER CONDITIONS
 THE FOLLOWING WEATHER WAS RECORDED YESTERDAY.
  LIGHT RAIN
  FOG


RELATIVE HUMIDITY (PERCENT)
 HIGHEST    93           600 AM
 LOWEST     77           300 PM
 AVERAGE    85

..........................................................


THE INDIANAPOLIS EAGLE CREEK IN CLIMATE NORMALS FOR TODAY
                         NORMAL
 MAXIMUM TEMPERATURE (F)   43
 MINIMUM TEMPERATURE (F)   26


SUNRISE AND SUNSET
FEBRUARY 24 2018......SUNRISE   726 AM EST   SUNSET   632 PM EST
FEBRUARY 25 2018......SUNRISE   724 AM EST   SUNSET   633 PM EST


-  INDICATES NEGATIVE NUMBERS.
R  INDICATES RECORD WAS SET OR TIED.
MM INDICATES DATA IS MISSING.
T  INDICATES TRACE AMOUNT.




$$
