444
CDUS43 KIND 180535
CLIEYE


CLIMATE REPORT
NATIONAL WEATHER SERVICE INDIANAPOLIS IN
1235 AM EST SUN NOV 18 2018


...................................

...THE INDIANAPOLIS EAGLE CREEK IN CLIMATE SUMMARY FOR NOVEMBER 17 2018...

CLIMATE NORMAL PERIOD 1981 TO 2010
CLIMATE RECORD PERIOD 9999 TO 9999


WEATHER ITEM   OBSERVED TIME   NORMAL DEPARTURE LAST
                VALUE   (LST)  VALUE  FROM      YEAR
                                      NORMAL
......................................................
TEMPERATURE (F)
 YESTERDAY
  MAXIMUM         42    455 PM  51     -9       49
  MINIMUM         34    740 AM  36     -2       34
  AVERAGE         38            44     -6       42

PRECIPITATION (IN)
  YESTERDAY        0.00          0.12  -0.12     0.09
  MONTH TO DATE    2.53          2.09   0.44     1.81
  SINCE SEP 1     10.56          7.45   3.11     5.73
  SINCE JAN 1     39.32         36.10   3.22    37.87

DEGREE DAYS
 HEATING
  YESTERDAY       27            21      6       23
  MONTH TO DATE  441           310    131      336
  SINCE SEP 1    827           699    128      613
  SINCE JUL 1    827           702    125      613

 COOLING
  YESTERDAY        0             0      0        0
  MONTH TO DATE    0             0      0        0
  SINCE SEP 1    309           138    171      218
  SINCE JAN 1   1612          1058    554     1146
......................................................


WIND (MPH)
  HIGHEST WIND SPEED    10   HIGHEST WIND DIRECTION    SE (150)
  HIGHEST GUST SPEED    16   HIGHEST GUST DIRECTION    SE (140)
  AVERAGE WIND SPEED     4.3


SKY COVER
  AVERAGE SKY COVER 0.9


WEATHER CONDITIONS
 THE FOLLOWING WEATHER WAS RECORDED YESTERDAY.
  HAZE


RELATIVE HUMIDITY (PERCENT)
 HIGHEST    82          1200 AM
 LOWEST     70           400 PM
 AVERAGE    76

..........................................................


THE INDIANAPOLIS EAGLE CREEK IN CLIMATE NORMALS FOR TODAY
                         NORMAL
 MAXIMUM TEMPERATURE (F)   51
 MINIMUM TEMPERATURE (F)   35


SUNRISE AND SUNSET
NOVEMBER 18 2018......SUNRISE   733 AM EST   SUNSET   527 PM EST
NOVEMBER 19 2018......SUNRISE   734 AM EST   SUNSET   526 PM EST


-  INDICATES NEGATIVE NUMBERS.
R  INDICATES RECORD WAS SET OR TIED.
MM INDICATES DATA IS MISSING.
T  INDICATES TRACE AMOUNT.




$$
