000
CDUS43 KIND 150531
CLIEYE

CLIMATE REPORT
NATIONAL WEATHER SERVICE INDIANAPOLIS IN
131 AM EDT TUE JUN 15 2021

...................................

...THE INDIANAPOLIS EAGLE CREEK IN CLIMATE SUMMARY FOR JUNE 14 2021...

CLIMATE NORMAL PERIOD 1991 TO 2020
CLIMATE RECORD PERIOD 9999 TO 9999


WEATHER ITEM   OBSERVED TIME   NORMAL DEPARTURE LAST
                VALUE   (LST)  VALUE  FROM      YEAR
                                      NORMAL
.......................................................
TEMPERATURE (F)
 YESTERDAY
  MAXIMUM         86    243 PM  82      4       76
  MINIMUM         62    549 AM  63     -1       54
  AVERAGE         74            72      2       65

PRECIPITATION (IN)
  YESTERDAY        0.00          0.17  -0.17     0.00
  MONTH TO DATE    3.53          2.27   1.26     0.52
  SINCE JUN 1      3.53          2.27   1.26     0.52
  SINCE JAN 1     18.62         18.61   0.01    12.06

DEGREE DAYS
 HEATING
  YESTERDAY        0             0      0        0
  MONTH TO DATE    0             9     -9        4
  SINCE JUN 1      0             9     -9        4
  SINCE JUL 1   5057          5218   -161     5038

 COOLING
  YESTERDAY        9             8      1        0
  MONTH TO DATE  135            91     44      116
  SINCE JUN 1    135            91     44      116
  SINCE JAN 1    223           195     28      199
.......................................................


WIND (MPH)
  HIGHEST WIND SPEED    22   HIGHEST WIND DIRECTION    NW (310)
  HIGHEST GUST SPEED    33   HIGHEST GUST DIRECTION     W (280)
  AVERAGE WIND SPEED     9.7


SKY COVER
  AVERAGE SKY COVER 0.0


WEATHER CONDITIONS
THE FOLLOWING WEATHER WAS RECORDED YESTERDAY.
  NO SIGNIFICANT WEATHER WAS OBSERVED.


RELATIVE HUMIDITY (PERCENT)
 HIGHEST    78           600 AM
 LOWEST     35           100 PM
 AVERAGE    57

..........................................................


THE INDIANAPOLIS EAGLE CREEK IN CLIMATE NORMALS FOR TODAY
                         NORMAL    RECORD    YEAR
 MAXIMUM TEMPERATURE (F)   82        MM        MM
 MINIMUM TEMPERATURE (F)   63        MM        MM


SUNRISE AND SUNSET
JUNE 15 2021..........SUNRISE   616 AM EDT   SUNSET   915 PM EDT
JUNE 16 2021..........SUNRISE   616 AM EDT   SUNSET   916 PM EDT


-  INDICATES NEGATIVE NUMBERS.
R  INDICATES RECORD WAS SET OR TIED.
MM INDICATES DATA IS MISSING.
T  INDICATES TRACE AMOUNT.




$$
