127
CDUS43 KIND 210540
CLIEYE


CLIMATE REPORT
NATIONAL WEATHER SERVICE INDIANAPOLIS IN
1239 AM EST THU FEB 21 2019


...................................

...THE INDIANAPOLIS EAGLE CREEK IN CLIMATE SUMMARY FOR FEBRUARY 20 2019...

CLIMATE NORMAL PERIOD 1981 TO 2010
CLIMATE RECORD PERIOD 9999 TO 9999


WEATHER ITEM   OBSERVED TIME   NORMAL DEPARTURE LAST
                VALUE   (LST)  VALUE  FROM      YEAR
                                      NORMAL
......................................................
TEMPERATURE (F)
 YESTERDAY
  MAXIMUM         42    730 PM  42      0       76
  MINIMUM         29    215 AM  25      4       65
  AVERAGE         36            33      3       71

PRECIPITATION (IN)
  YESTERDAY        0.53          0.08   0.45      T
  MONTH TO DATE    4.04          1.48   2.56     1.41
  SINCE DEC 1      9.93          6.77   3.16     4.18
  SINCE JAN 1      6.66          3.69   2.97     3.24

DEGREE DAYS
 HEATING
  YESTERDAY       29            32     -3        0
  MONTH TO DATE  641           683    -42      629
  SINCE DEC 1   2611          2860   -249     2858
  SINCE JUL 1   3795          3884    -89     3753

 COOLING
  YESTERDAY        0             0      0        6
  MONTH TO DATE    0             0      0        6
  SINCE DEC 1      0             0      0        6
  SINCE JAN 1      0             0      0        6
......................................................


WIND (MPH)
  HIGHEST WIND SPEED    18   HIGHEST WIND DIRECTION     W (280)
  HIGHEST GUST SPEED    32   HIGHEST GUST DIRECTION     W (270)
  AVERAGE WIND SPEED     9.4


SKY COVER
  AVERAGE SKY COVER 1.0


WEATHER CONDITIONS
 THE FOLLOWING WEATHER WAS RECORDED YESTERDAY.
  RAIN
  LIGHT RAIN
  FREEZING RAIN
  LT FREEZING RAIN
  LIGHT SNOW
  FOG


RELATIVE HUMIDITY (PERCENT)
 HIGHEST   100           900 AM
 LOWEST     66          1200 AM
 AVERAGE    83

..........................................................


THE INDIANAPOLIS EAGLE CREEK IN CLIMATE NORMALS FOR TODAY
                         NORMAL
 MAXIMUM TEMPERATURE (F)   42
 MINIMUM TEMPERATURE (F)   25


SUNRISE AND SUNSET
FEBRUARY 21 2019......SUNRISE   730 AM EST   SUNSET   628 PM EST
FEBRUARY 22 2019......SUNRISE   729 AM EST   SUNSET   629 PM EST


-  INDICATES NEGATIVE NUMBERS.
R  INDICATES RECORD WAS SET OR TIED.
MM INDICATES DATA IS MISSING.
T  INDICATES TRACE AMOUNT.




$$
