000
CDUS42 KKEY 112128
CLIEYW


CLIMATE REPORT
NATIONAL WEATHER SERVICE KEY WEST, FL
420 PM EST TUE DEC 11 2018


...................................

...THE KEY WEST CLIMATE SUMMARY FOR DECEMBER 11 2018...
VALID TODAY AS OF 0400 PM LOCAL TIME.

CLIMATE NORMAL PERIOD 1981 TO 2010
CLIMATE RECORD PERIOD 1871 TO 2018


WEATHER ITEM   OBSERVED TIME   RECORD YEAR NORMAL DEPARTURE LAST
                VALUE   (LST)  VALUE       VALUE  FROM      YEAR
                                                  NORMAL
..................................................................
TEMPERATURE (F)
 TODAY
  MAXIMUM         71    857 AM  85    1986  77     -6       67
  MINIMUM         65   1153 AM  50    1934  68     -3       58
  AVERAGE         68                        72     -4       63

PRECIPITATION (IN)
  TODAY            T             1.59 1948   0.07  -0.07     0.00
  MONTH TO DATE    0.02                      0.89  -0.87     1.28
  SINCE DEC 1      0.02                      0.89  -0.87     1.28
  SINCE JAN 1     35.62                     38.50  -2.88    38.12

SNOWFALL (IN)
  TODAY            0.0
  MONTH TO DATE    0.0
  SINCE DEC 1      0.0
  SINCE JUL 1      0.0
  SNOW DEPTH       0

DEGREE DAYS
 HEATING
  TODAY            0                         0      0        2
  MONTH TO DATE    0                         0      0        4
  SINCE DEC 1      0                         0      0        4
  SINCE JUL 1      0                         1     -1        4

 COOLING
  TODAY            3                         7     -4        0
  MONTH TO DATE  135                        89     46      102
  SINCE DEC 1    135                        89     46      102
  SINCE JAN 1   5206                      4622    584     5203
..................................................................


WIND (MPH)
  HIGHEST WIND SPEED    20   HIGHEST WIND DIRECTION     N (20)
  HIGHEST GUST SPEED    26   HIGHEST GUST DIRECTION     N (10)
  AVERAGE WIND SPEED    11.0


SKY COVER
  POSSIBLE SUNSHINE  MM
  AVERAGE SKY COVER 0.6


WEATHER CONDITIONS
 THE FOLLOWING WEATHER WAS RECORDED TODAY.
  LIGHT RAIN


RELATIVE HUMIDITY (PERCENT)
 HIGHEST    73
 LOWEST     57
 AVERAGE    65

..........................................................


THE KEY WEST CLIMATE NORMALS FOR TOMORROW
                         NORMAL    RECORD    YEAR
 MAXIMUM TEMPERATURE (F)   76        85      1953
 MINIMUM TEMPERATURE (F)   68        45      1934


SUNRISE AND SUNSET
DECEMBER 11 2018......SUNRISE   701 AM EST   SUNSET   540 PM EST
DECEMBER 12 2018......SUNRISE   702 AM EST   SUNSET   540 PM EST


-  INDICATES NEGATIVE NUMBERS.
R  INDICATES RECORD WAS SET OR TIED.
MM INDICATES DATA IS MISSING.
T  INDICATES TRACE AMOUNT.




$$
