000
CDUS42 KKEY 220523
CLIEYW


CLIMATE REPORT
NATIONAL WEATHER SERVICE KEY WEST, FL
122 AM EDT THU OCT 22 2020


...................................

...THE KEY WEST CLIMATE SUMMARY FOR OCTOBER 21 2020...

CLIMATE NORMAL PERIOD 1981 TO 2010
CLIMATE RECORD PERIOD 1871 TO 2020


WEATHER ITEM   OBSERVED TIME   RECORD YEAR NORMAL DEPARTURE LAST
                VALUE   (LST)  VALUE       VALUE  FROM      YEAR
                                                  NORMAL
..................................................................
TEMPERATURE (F)
 YESTERDAY
  MAXIMUM         83    356 PM  89    2018  84     -1       87
                                      2007
                                      1877
  MINIMUM         73    748 AM  64    1964  75     -2       83
                                      1940
  AVERAGE         78                        80     -2       85

PRECIPITATION (IN)
  YESTERDAY        0.65          8.23 1883   0.15   0.50     0.00
  MONTH TO DATE    5.52                      3.64   1.88     2.88
  SINCE SEP 1     17.73                     10.35   7.38     6.98
  SINCE JAN 1     41.08                     34.02   7.06    25.82

SNOWFALL (IN)
  YESTERDAY        0.0
  MONTH TO DATE    0.0
  SINCE SEP 1      0.0
  SINCE JUL 1      0.0
  SNOW DEPTH       0

DEGREE DAYS
 HEATING
  YESTERDAY        0                         0      0        0
  MONTH TO DATE    0                         0      0        0
  SINCE SEP 1      0                         0      0        0
  SINCE JUL 1      0                         0      0        0

 COOLING
  YESTERDAY       13                        15     -2       20
  MONTH TO DATE  384                       336     48      385
  SINCE SEP 1   1011                       882    129      974
  SINCE JAN 1   4889                      4071    818     4764
..................................................................


WIND (MPH)
  HIGHEST WIND SPEED    22   HIGHEST WIND DIRECTION     E (90)
  HIGHEST GUST SPEED    27   HIGHEST GUST DIRECTION    SE (150)
  AVERAGE WIND SPEED    10.2


SKY COVER
  POSSIBLE SUNSHINE  MM
  AVERAGE SKY COVER 0.6


WEATHER CONDITIONS
 THE FOLLOWING WEATHER WAS RECORDED YESTERDAY.
  HEAVY RAIN
  RAIN
  LIGHT RAIN
  FOG


RELATIVE HUMIDITY (PERCENT)
 HIGHEST    94
 LOWEST     69
 AVERAGE    82

..........................................................


THE KEY WEST CLIMATE NORMALS FOR TODAY
                         NORMAL    RECORD    YEAR
 MAXIMUM TEMPERATURE (F)   84        89      1962
                                             1956
                                             1876
 MINIMUM TEMPERATURE (F)   75        64      1898


SUNRISE AND SUNSET
OCTOBER 22 2020.......SUNRISE   729 AM EDT   SUNSET   654 PM EDT
OCTOBER 23 2020.......SUNRISE   729 AM EDT   SUNSET   653 PM EDT


-  INDICATES NEGATIVE NUMBERS.
R  INDICATES RECORD WAS SET OR TIED.
MM INDICATES DATA IS MISSING.
T  INDICATES TRACE AMOUNT.




$$
