166
CDUS42 KKEY 202024
CLIEYW


CLIMATE REPORT
NATIONAL WEATHER SERVICE KEY WEST, FL
420 PM EDT SUN OCT 20 2019


...................................

...THE KEY WEST CLIMATE SUMMARY FOR OCTOBER 20 2019...
VALID TODAY AS OF 0400 PM LOCAL TIME.

CLIMATE NORMAL PERIOD 1981 TO 2010
CLIMATE RECORD PERIOD 1871 TO 2019


WEATHER ITEM   OBSERVED TIME   RECORD YEAR NORMAL DEPARTURE LAST
                VALUE   (LST)  VALUE       VALUE  FROM      YEAR
                                                  NORMAL
..................................................................
TEMPERATURE (F)
 TODAY
  MAXIMUM         87    226 PM  90    1937  84      3       87
                                      1925
  MINIMUM         84    803 AM  65    1940  76      8       78
  AVERAGE         86                        80      6       83

PRECIPITATION (IN)
  TODAY            0.00          5.02 2007   0.14  -0.14     0.00
  MONTH TO DATE    2.88                      3.49  -0.61     2.63
  SINCE SEP 1      6.98                     10.20  -3.22     8.71
  SINCE JAN 1     25.82                     33.87  -8.05    33.83

SNOWFALL (IN)
  TODAY            0.0
  MONTH TO DATE    0.0
  SINCE SEP 1      0.0
  SINCE JUL 1      0.0
  SNOW DEPTH       0

DEGREE DAYS
 HEATING
  TODAY            0                         0      0        0
  MONTH TO DATE    0                         0      0        0
  SINCE SEP 1      0                         0      0        0
  SINCE JUL 1      0                         0      0        0

 COOLING
  TODAY           21                        15      6       18
  MONTH TO DATE  366                       321     45      396
  SINCE SEP 1    955                       867     88     1026
  SINCE JAN 1   4745                      4056    689     4437
..................................................................


WIND (MPH)
  HIGHEST WIND SPEED    17   HIGHEST WIND DIRECTION     S (200)
  HIGHEST GUST SPEED    22   HIGHEST GUST DIRECTION     S (200)
  AVERAGE WIND SPEED    11.5


SKY COVER
  POSSIBLE SUNSHINE  MM
  AVERAGE SKY COVER 0.2


WEATHER CONDITIONS
 THE FOLLOWING WEATHER WAS RECORDED TODAY.
  NO SIGNIFICANT WEATHER WAS OBSERVED.


RELATIVE HUMIDITY (PERCENT)
 HIGHEST    82
 LOWEST     75
 AVERAGE    79

..........................................................


THE KEY WEST CLIMATE NORMALS FOR TOMORROW
                         NORMAL    RECORD    YEAR
 MAXIMUM TEMPERATURE (F)   84        89      2018
                                             2007
                                             1877
 MINIMUM TEMPERATURE (F)   75        64      1964
                                             1940


SUNRISE AND SUNSET
OCTOBER 20 2019.......SUNRISE   727 AM EDT   SUNSET   656 PM EDT
OCTOBER 21 2019.......SUNRISE   728 AM EDT   SUNSET   655 PM EDT


-  INDICATES NEGATIVE NUMBERS.
R  INDICATES RECORD WAS SET OR TIED.
MM INDICATES DATA IS MISSING.
T  INDICATES TRACE AMOUNT.




$$
