000
CDUS42 KKEY 262025
CLIEYW


CLIMATE REPORT
NATIONAL WEATHER SERVICE KEY WEST, FL
422 PM EDT TUE MAY 26 2020


...................................

...THE KEY WEST CLIMATE SUMMARY FOR MAY 26 2020...
VALID TODAY AS OF 0400 PM LOCAL TIME.

CLIMATE NORMAL PERIOD 1981 TO 2010
CLIMATE RECORD PERIOD 1871 TO 2020


WEATHER ITEM   OBSERVED TIME   RECORD YEAR NORMAL DEPARTURE LAST
                VALUE   (LST)  VALUE       VALUE  FROM      YEAR
                                                  NORMAL
..................................................................
TEMPERATURE (F)
 TODAY
  MAXIMUM         87   1201 PM  91    1989  86      1       85
                                      1873
  MINIMUM         81    415 AM  68    1992  77      4       78
  AVERAGE         84                        82      2       82

PRECIPITATION (IN)
  TODAY            0.00          2.89 1882   0.14  -0.14     0.00
  MONTH TO DATE    4.18                      2.30   1.88     3.49
  SINCE MAR 1      4.92                      6.40  -1.48     7.71
  SINCE JAN 1      6.94                      9.93  -2.99    10.75

SNOWFALL (IN)
  TODAY            0.0
  MONTH TO DATE    0.0
  SINCE MAR 1      0.0
  SINCE JUL 1      0.0
  SNOW DEPTH       0

DEGREE DAYS
 HEATING
  TODAY            0                         0      0        0
  MONTH TO DATE    0                         0      0        0
  SINCE MAR 1      0                         7     -7        0
  SINCE JUL 1     11                        73    -62       12

 COOLING
  TODAY           19                        17      2       17
  MONTH TO DATE  393                       392      1      457
  SINCE MAR 1   1271                       998    273     1241
  SINCE JAN 1   1817                      1346    471     1799
..................................................................


WIND (MPH)
  HIGHEST WIND SPEED    18   HIGHEST WIND DIRECTION     S (180)
  HIGHEST GUST SPEED    22   HIGHEST GUST DIRECTION     S (180)
  AVERAGE WIND SPEED    10.1


SKY COVER
  POSSIBLE SUNSHINE  MM
  AVERAGE SKY COVER 0.2


WEATHER CONDITIONS
 THE FOLLOWING WEATHER WAS RECORDED TODAY.
  NO SIGNIFICANT WEATHER WAS OBSERVED.


RELATIVE HUMIDITY (PERCENT)
 HIGHEST    80
 LOWEST     74
 AVERAGE    77

..........................................................


THE KEY WEST CLIMATE NORMALS FOR TOMORROW
                         NORMAL    RECORD    YEAR
 MAXIMUM TEMPERATURE (F)   86        90      2017
                                             2000
                                             1989
 MINIMUM TEMPERATURE (F)   77        70      1894


SUNRISE AND SUNSET
MAY 26 2020...........SUNRISE   639 AM EDT   SUNSET   809 PM EDT
MAY 27 2020...........SUNRISE   639 AM EDT   SUNSET   810 PM EDT


-  INDICATES NEGATIVE NUMBERS.
R  INDICATES RECORD WAS SET OR TIED.
MM INDICATES DATA IS MISSING.
T  INDICATES TRACE AMOUNT.




$$
