000
CDAK49 PAFG 040940
CLIFAI

CLIMATE REPORT
NATIONAL WEATHER SERVICE FAIRBANKS AK
140 AM AKDT THU JUN 4 2020

...................................

...THE FAIRBANKS AK CLIMATE SUMMARY FOR JUNE 3 2020...

CLIMATE NORMAL PERIOD 1981 TO 2010
CLIMATE RECORD PERIOD 1904 TO 2020


WEATHER ITEM   OBSERVED TIME   RECORD YEAR NORMAL DEPARTURE LAST
                VALUE   (LST)  VALUE       VALUE  FROM      YEAR
                                                  NORMAL
..................................................................
TEMPERATURE (F)
 YESTERDAY
  MAXIMUM         61    214 PM  86    1958  68     -7       69
  MINIMUM         50   1159 PM  32    1931  45      5       44
  AVERAGE         56                        56      0       57

PRECIPITATION (IN)
  YESTERDAY        0.03          0.38 1961   0.03   0.00     0.00
  MONTH TO DATE    0.22                      0.09   0.13     1.14
  SINCE JUN 1      0.22                      0.09   0.13     1.14
  SINCE JAN 1      4.49                      2.25   2.24     4.63

SNOWFALL (IN)
  YESTERDAY        0.0           T    1974   0.0    0.0      0.0
  MONTH TO DATE    0.0                       0.0    0.0      0.0
  SINCE JUN 1      0.0                       0.0    0.0      0.0
  SINCE JUL 1     84.6                      65.0   19.6     57.5
  SNOW DEPTH       0

DEGREE DAYS
 HEATING
  YESTERDAY        9                         9      0        8
  MONTH TO DATE   23                        27     -4       27
  SINCE JUN 1     23                        27     -4       27
  SINCE JUL 1  13416                     13536   -120    11628

 COOLING
  YESTERDAY        0                         0      0        0
  MONTH TO DATE    0                         0      0        0
  SINCE JUN 1      0                         0      0        0
  SINCE JAN 1      2                         1      1        1
..................................................................


WIND (MPH)
  HIGHEST GUST SPEED    14   HIGHEST GUST DIRECTION     W (280)


SKY COVER
  AVERAGE SKY COVER 0.8


WEATHER CONDITIONS
 THE FOLLOWING WEATHER WAS RECORDED YESTERDAY.
  THUNDERSTORM
  LIGHT RAIN
  FOG


RELATIVE HUMIDITY (PERCENT)
 HIGHEST    89
 LOWEST     57
 AVERAGE    73

..........................................................


THE FAIRBANKS AK CLIMATE NORMALS FOR TODAY
                         NORMAL    RECORD    YEAR
 MAXIMUM TEMPERATURE (F)   68        86      1993
 MINIMUM TEMPERATURE (F)   46        29      2006


SUNRISE AND SUNSET
JUNE  4 2020..........SUNRISE   323 AM AKDT  SUNSET  1216 AM AKDT
JUNE  5 2020..........SUNRISE   321 AM AKDT  SUNSET  1219 AM AKDT


-  INDICATES NEGATIVE NUMBERS.
R  INDICATES RECORD WAS SET OR TIED.
MM INDICATES DATA IS MISSING.
T  INDICATES TRACE AMOUNT.

&&

SNOW DEPTH IS MEASURED AT 3AM AKST/4AM AKDT

----------------------------
AVAILABLE DAYLIGHT

AMOUNT OF DAYLIGHT TODAY  (HOUR:MIN)........20:56
GAIN SINCE YESTERDAY........................6 MINUTES
----------------------------

$$
JUN 20
