000
CDAK49 PAFG 160939
CLIFAI

CLIMATE REPORT
NATIONAL WEATHER SERVICE FAIRBANKS AK
139 AM AKDT MON JUL 16 2018

...................................

...THE FAIRBANKS AK CLIMATE SUMMARY FOR JULY 15 2018...

CLIMATE NORMAL PERIOD 1981 TO 2010
CLIMATE RECORD PERIOD 1904 TO 2018


WEATHER ITEM   OBSERVED TIME   RECORD YEAR NORMAL DEPARTURE LAST
                VALUE   (LST)  VALUE       VALUE  FROM      YEAR
                                                  NORMAL
..................................................................
TEMPERATURE (F)
 YESTERDAY
  MAXIMUM         66    432 PM  93    1993  73     -7       71
  MINIMUM         53    718 AM  40    1959  53      0       60
                                      1934
                                      1923
  AVERAGE         60                        63     -3       66

PRECIPITATION (IN)
  YESTERDAY        0.05          0.66 2003   0.08  -0.03     0.00
  MONTH TO DATE    0.79                      0.98  -0.19     1.42
  SINCE JUN 1      1.36                      2.35  -0.99     3.15
  SINCE JAN 1      5.90                      4.51   1.39     6.20

SNOWFALL (IN)
  YESTERDAY        0.0           0.0  2002   0.0    0.0      0.0
                                      2001
                                      2000
  MONTH TO DATE    0.0                       0.0    0.0      0.0
  SINCE JUN 1      0.0                       0.0    0.0      0.0
  SINCE JUL 1      0.0                       0.0    0.0      0.0
  SNOW DEPTH       0

DEGREE DAYS
 HEATING
  YESTERDAY        5                         3      2        0
  MONTH TO DATE   41                        45     -4       12
  SINCE JUN 1    228                       205     23      106
  SINCE JUL 1     41                        45     -4       12

 COOLING
  YESTERDAY        0                         1     -1        1
  MONTH TO DATE    1                        19    -18       31
  SINCE JUN 1     11                        42    -31       66
  SINCE JAN 1     11                        43    -32       66
..................................................................


WIND (MPH)
  HIGHEST GUST SPEED    19   HIGHEST GUST DIRECTION     N (360)


SKY COVER
  AVERAGE SKY COVER 0.8


WEATHER CONDITIONS
 THE FOLLOWING WEATHER WAS RECORDED YESTERDAY.
  LIGHT RAIN
  FOG


RELATIVE HUMIDITY (PERCENT)
 HIGHEST    89
 LOWEST     48
 AVERAGE    69

..........................................................


THE FAIRBANKS AK CLIMATE NORMALS FOR TODAY
                         NORMAL    RECORD    YEAR
 MAXIMUM TEMPERATURE (F)   73        91      1918
 MINIMUM TEMPERATURE (F)   53        39      1905


SUNRISE AND SUNSET
JULY 16 2018..........SUNRISE   357 AM AKDT  SUNSET  1155 PM AKDT
JULY 17 2018..........SUNRISE   401 AM AKDT  SUNSET  1152 PM AKDT


-  INDICATES NEGATIVE NUMBERS.
R  INDICATES RECORD WAS SET OR TIED.
MM INDICATES DATA IS MISSING.
T  INDICATES TRACE AMOUNT.

&&

SNOW DEPTH IS MEASURED AT 3AM AKST/4AM AKDT

----------------------------
AVAILABLE DAYLIGHT

AMOUNT OF DAYLIGHT TODAY  (HOUR:MIN)........19:58
LOSS SINCE YESTERDAY........................7 MINUTES
----------------------------

$$
AY JUL 18
