000
CDAK49 PAFG 310956
CLIFAI

CLIMATE REPORT
NATIONAL WEATHER SERVICE FAIRBANKS AK
156 AM AKDT SAT OCT 31 2020

...THE FAIRBANKS AK CLIMATE SUMMARY FOR OCTOBER 30 2020...

CLIMATE NORMAL PERIOD 1981 TO 2010
CLIMATE RECORD PERIOD 1904 TO 2020


WEATHER ITEM   OBSERVED TIME   RECORD YEAR NORMAL DEPARTURE LAST
                VALUE   (LST)  VALUE       VALUE  FROM      YEAR
                                                  NORMAL
...................................................................
TEMPERATURE (F)
 YESTERDAY
  MAXIMUM         14    141 AM  45    1928  20     -6       34
                                      1934
  MINIMUM         10   1159 PM -23    1975   5      5       19
  AVERAGE         12                        12      0       27

PRECIPITATION (IN)
  YESTERDAY        T             0.27 1996   0.03  -0.03     0.02
  MONTH TO DATE    0.66                      0.81  -0.15     1.68
  SINCE SEP 1      1.87                      1.91  -0.04     2.72
  SINCE JAN 1     13.66                      9.48   4.18    14.19

SNOWFALL (IN)
  YESTERDAY        0.3           2.4  1996   0.5   -0.2      0.1
  MONTH TO DATE    7.8                      10.4   -2.6      3.3
  SINCE SEP 1      7.8                      12.2   -4.4      3.3
  SINCE JUL 1      7.8                      12.2   -4.4      3.3
  SNOW DEPTH       5

DEGREE DAYS
 HEATING
  YESTERDAY       53                        53      0       38
  MONTH TO DATE 1099                      1211   -112      981
  SINCE SEP 1   1614                      1816   -202     1469
  SINCE JUL 1   1890                      2205   -315     1789

 COOLING
  YESTERDAY        0                         0      0        0
  MONTH TO DATE    0                         0      0        0
  SINCE SEP 1      0                         0      0        0
  SINCE JAN 1     13                        61    -48      123
...................................................................


WIND (MPH)
  HIGHEST GUST SPEED    10   HIGHEST GUST DIRECTION     W (280)


SKY COVER
  AVERAGE SKY COVER 1.0


WEATHER CONDITIONS
THE FOLLOWING WEATHER WAS RECORDED YESTERDAY.
  LIGHT SNOW
  FOG


RELATIVE HUMIDITY (PERCENT)
 HIGHEST    84
 LOWEST     74
 AVERAGE    79

..........................................................


THE FAIRBANKS AK CLIMATE NORMALS FOR TODAY
                         NORMAL    RECORD    YEAR
 MAXIMUM TEMPERATURE (F)   19        50      1954
 MINIMUM TEMPERATURE (F)    4       -27      1975
                                             1992


SUNRISE AND SUNSET
OCTOBER 31 2020.......SUNRISE   938 AM AKDT  SUNSET   531 PM AKDT
NOVEMBER  1 2020......SUNRISE   841 AM AKST  SUNSET   428 PM AKST


-  INDICATES NEGATIVE NUMBERS.
R  INDICATES RECORD WAS SET OR TIED.
MM INDICATES DATA IS MISSING.
T  INDICATES TRACE AMOUNT.

&&

SNOW DEPTH IS MEASURED AT 3AM AKST/4AM AKDT

----------------------------
AVAILABLE DAYLIGHT

AMOUNT OF DAYLIGHT TODAY  (HOUR:MIN)........07:53
LOSS SINCE YESTERDAY........................7 MINUTES
----------------------------

$$
OCT 20
