000
CDAK49 PAFG 150946
CLIFAI

CLIMATE REPORT
NATIONAL WEATHER SERVICE FAIRBANKS AK
146 AM AKDT MON OCT 15 2018

...................................

...THE FAIRBANKS AK CLIMATE SUMMARY FOR OCTOBER 14 2018...

CLIMATE NORMAL PERIOD 1981 TO 2010
CLIMATE RECORD PERIOD 1904 TO 2018


WEATHER ITEM   OBSERVED TIME   RECORD YEAR NORMAL DEPARTURE LAST
                VALUE   (LST)  VALUE       VALUE  FROM      YEAR
                                                  NORMAL
..................................................................
TEMPERATURE (F)
 YESTERDAY
  MAXIMUM         46    313 PM  64    1969  34     12       37
  MINIMUM         28    947 PM  -7    1965  19      9       32
  AVERAGE         37                        26     11       35

PRECIPITATION (IN)
  YESTERDAY        0.00          0.30 1958   0.03  -0.03      T
  MONTH TO DATE    0.16                      0.40  -0.24     1.96
  SINCE SEP 1      2.02                      1.50   0.52     3.38
  SINCE JAN 1     12.29                      9.07   3.22    12.25

SNOWFALL (IN)
  YESTERDAY        0.0           2.9  1945   0.4   -0.4      0.0
  MONTH TO DATE    0.0                       3.9   -3.9      2.9
  SINCE SEP 1      0.0                       5.7   -5.7      2.9
  SINCE JUL 1      0.0                       5.7   -5.7      2.9
  SNOW DEPTH       0

DEGREE DAYS
 HEATING
  YESTERDAY       28                        39    -11       30
  MONTH TO DATE  369                       470   -101      353
  SINCE SEP 1    867                      1075   -208      857
  SINCE JUL 1   1225                      1464   -239     1080

 COOLING
  YESTERDAY        0                         0      0        0
  MONTH TO DATE    0                         0      0        0
  SINCE SEP 1      0                         0      0        0
  SINCE JAN 1     54                        61     -7      104
..................................................................


WIND (MPH)
  HIGHEST GUST SPEED    11   HIGHEST GUST DIRECTION    NE (40)


SKY COVER
  AVERAGE SKY COVER 0.6


WEATHER CONDITIONS
 THE FOLLOWING WEATHER WAS RECORDED YESTERDAY.
  FOG


RELATIVE HUMIDITY (PERCENT)
 HIGHEST   100
 LOWEST     70
 AVERAGE    85

..........................................................


THE FAIRBANKS AK CLIMATE NORMALS FOR TODAY
                         NORMAL    RECORD    YEAR
 MAXIMUM TEMPERATURE (F)   33        59      1969
 MINIMUM TEMPERATURE (F)   18       -15      1907


SUNRISE AND SUNSET
OCTOBER 15 2018.......SUNRISE   844 AM AKDT  SUNSET   628 PM AKDT
OCTOBER 16 2018.......SUNRISE   848 AM AKDT  SUNSET   625 PM AKDT


-  INDICATES NEGATIVE NUMBERS.
R  INDICATES RECORD WAS SET OR TIED.
MM INDICATES DATA IS MISSING.
T  INDICATES TRACE AMOUNT.

&&

SNOW DEPTH IS MEASURED AT 3AM AKST/4AM AKDT

----------------------------
AVAILABLE DAYLIGHT

AMOUNT OF DAYLIGHT TODAY  (HOUR:MIN)........09:43
LOSS SINCE YESTERDAY........................7 MINUTES
----------------------------

$$
HFL OCT 18
