000
CDAK49 PAFG 260944
CLIFAI

CLIMATE REPORT
NATIONAL WEATHER SERVICE FAIRBANKS AK
144 AM AKDT THU APR 26 2018

...................................

...THE FAIRBANKS AK CLIMATE SUMMARY FOR APRIL 25 2018...

CLIMATE NORMAL PERIOD 1981 TO 2010
CLIMATE RECORD PERIOD 1904 TO 2018


WEATHER ITEM   OBSERVED TIME   RECORD YEAR NORMAL DEPARTURE LAST
                VALUE   (LST)  VALUE       VALUE  FROM      YEAR
                                                  NORMAL
..................................................................
TEMPERATURE (F)
 YESTERDAY
  MAXIMUM         50    244 PM  69    1997  51     -1       56
                                      1940
  MINIMUM         32   1142 PM   0    1948  28      4       33
  AVERAGE         41                        39      2       45

PRECIPITATION (IN)
  YESTERDAY        0.02          0.20 2002   0.02   0.00     0.00
  MONTH TO DATE    0.08                      0.24  -0.16     0.09
  SINCE MAR 1      0.66                      0.49   0.17     0.26
  SINCE JAN 1      3.32                      1.49   1.83     2.46

SNOWFALL (IN)
  YESTERDAY        T             2.0  2002   0.1   -0.1      0.0
  MONTH TO DATE    1.8                       2.6   -0.8      1.2
  SINCE MAR 1     10.7                       7.5    3.2      4.7
  SINCE JUL 1     85.0                      63.8   21.2     83.7
  SNOW DEPTH      12

DEGREE DAYS
 HEATING
  YESTERDAY       24                        26     -2       20
  MONTH TO DATE  871                       855     16      746
  SINCE MAR 1   2394                      2515   -121     2845
  SINCE JUL 1  11619                     12905  -1286    12975

 COOLING
  YESTERDAY        0                         0      0        0
  MONTH TO DATE    0                         0      0        0
  SINCE MAR 1      0                         0      0        0
  SINCE JAN 1      0                         0      0        0
..................................................................


WIND (MPH)
  HIGHEST GUST SPEED    27   HIGHEST GUST DIRECTION    SW (220)


SKY COVER
  AVERAGE SKY COVER 0.7


WEATHER CONDITIONS
 THE FOLLOWING WEATHER WAS RECORDED YESTERDAY.
  LIGHT RAIN
  SNOW
  LIGHT SNOW


RELATIVE HUMIDITY (PERCENT)
 HIGHEST   100
 LOWEST     31
 AVERAGE    66

..........................................................


THE FAIRBANKS AK CLIMATE NORMALS FOR TODAY
                         NORMAL    RECORD    YEAR
 MAXIMUM TEMPERATURE (F)   52        69      1994
                                             1940
 MINIMUM TEMPERATURE (F)   29         4      1924


SUNRISE AND SUNSET
APRIL 26 2018.........SUNRISE   536 AM AKDT  SUNSET  1005 PM AKDT
APRIL 27 2018.........SUNRISE   532 AM AKDT  SUNSET  1008 PM AKDT


-  INDICATES NEGATIVE NUMBERS.
R  INDICATES RECORD WAS SET OR TIED.
MM INDICATES DATA IS MISSING.
T  INDICATES TRACE AMOUNT.

&&

SNOW DEPTH IS MEASURED AT 3AM AKST/4AM AKDT

----------------------------
AVAILABLE DAYLIGHT

AMOUNT OF DAYLIGHT TODAY  (HOUR:MIN)........16:29
GAIN SINCE YESTERDAY........................7 MINUTES
----------------------------

$$
APR 18
