000
CDAK49 PAFG 180942
CLIFAI

CLIMATE REPORT
NATIONAL WEATHER SERVICE FAIRBANKS AK
142 AM AKDT FRI OCT 18 2019

...................................

...THE FAIRBANKS AK CLIMATE SUMMARY FOR OCTOBER 17 2019...

CLIMATE NORMAL PERIOD 1981 TO 2010
CLIMATE RECORD PERIOD 1904 TO 2019


WEATHER ITEM   OBSERVED TIME   RECORD YEAR NORMAL DEPARTURE LAST
                VALUE   (LST)  VALUE       VALUE  FROM      YEAR
                                                  NORMAL
..................................................................
TEMPERATURE (F)
 YESTERDAY
  MAXIMUM         38    229 PM  54    1925  31      7       45
  MINIMUM         18    157 AM -10    1907  16      2       30
  AVERAGE         28                        24      4       38

PRECIPITATION (IN)
  YESTERDAY        0.00          0.32 1933   0.03  -0.03      T
  MONTH TO DATE    1.48                      0.48   1.00     0.35
  SINCE SEP 1      2.52                      1.58   0.94     2.21
  SINCE JAN 1     13.99                      9.15   4.84    12.48

SNOWFALL (IN)
  YESTERDAY        0.0           9.7  1974   0.4   -0.4      0.0
  MONTH TO DATE    1.9                       5.0   -3.1      0.0
  SINCE SEP 1      1.9                       6.8   -4.9      0.0
  SINCE JUL 1      1.9                       6.8   -4.9      0.0
  SNOW DEPTH       0

DEGREE DAYS
 HEATING
  YESTERDAY       37                        41     -4       27
  MONTH TO DATE  540                       592    -52      451
  SINCE SEP 1   1028                      1197   -169      949
  SINCE JUL 1   1348                      1586   -238     1307

 COOLING
  YESTERDAY        0                         0      0        0
  MONTH TO DATE    0                         0      0        0
  SINCE SEP 1      0                         0      0        0
  SINCE JAN 1    123                        61     62       54
..................................................................


WIND (MPH)
  HIGHEST GUST SPEED    16   HIGHEST GUST DIRECTION     N (20)


SKY COVER
  AVERAGE SKY COVER 0.6


WEATHER CONDITIONS
 THE FOLLOWING WEATHER WAS RECORDED YESTERDAY.
  NO SIGNIFICANT WEATHER WAS OBSERVED.


RELATIVE HUMIDITY (PERCENT)
 HIGHEST    69
 LOWEST     47
 AVERAGE    58

..........................................................


THE FAIRBANKS AK CLIMATE NORMALS FOR TODAY
                         NORMAL    RECORD    YEAR
 MAXIMUM TEMPERATURE (F)   30        63      1925
 MINIMUM TEMPERATURE (F)   15       -15      1915


SUNRISE AND SUNSET
OCTOBER 18 2019.......SUNRISE   853 AM AKDT  SUNSET   619 PM AKDT
OCTOBER 19 2019.......SUNRISE   856 AM AKDT  SUNSET   615 PM AKDT


-  INDICATES NEGATIVE NUMBERS.
R  INDICATES RECORD WAS SET OR TIED.
MM INDICATES DATA IS MISSING.
T  INDICATES TRACE AMOUNT.

&&

SNOW DEPTH IS MEASURED AT 3AM AKST/4AM AKDT

----------------------------
AVAILABLE DAYLIGHT

AMOUNT OF DAYLIGHT TODAY  (HOUR:MIN)........09:26
LOSS SINCE YESTERDAY........................7 MINUTES
----------------------------

$$
THR OCT 19
