000
CDAK49 PAFG 240038
CLIFAI

CLIMATE REPORT
NATIONAL WEATHER SERVICE FAIRBANKS AK
338 PM AKST WED JAN 23 2019

...................................

...THE FAIRBANKS AK CLIMATE SUMMARY FOR JANUARY 23 2019...
VALID TODAY AS OF 0300 PM LOCAL TIME.

CLIMATE NORMAL PERIOD 1981 TO 2010
CLIMATE RECORD PERIOD 1904 TO 2019


WEATHER ITEM   OBSERVED TIME   RECORD YEAR NORMAL DEPARTURE LAST
                VALUE   (LST)  VALUE       VALUE  FROM      YEAR
                                                  NORMAL
..................................................................
TEMPERATURE (F)
 TODAY
  MAXIMUM         12    241 PM  39    1981   1     11       -9
  MINIMUM         -6    418 AM -60    1906 -17     11      -30
  AVERAGE          3                        -8     11      -19

PRECIPITATION (IN)
  TODAY            0.00          0.39 1950   0.01  -0.01     0.07
  MONTH TO DATE    0.32                      0.44  -0.12     1.09
  SINCE DEC 1      0.74                      1.08  -0.34     1.47
  SINCE JAN 1      0.32                      0.44  -0.12     1.09

SNOWFALL (IN)
  TODAY            0.0           6.8  1950   0.2   -0.2      1.2
  MONTH TO DATE    6.5                       7.8   -1.3     13.8
  SINCE DEC 1     14.0                      19.9   -5.9     20.8
  SINCE JUL 1     28.2                      45.7  -17.5     50.6
  SNOW DEPTH      14

DEGREE DAYS
 HEATING
  TODAY           62                        73    -11       84
  MONTH TO DATE 1785                      1683    102     1493
  SINCE DEC 1   3789                      3824    -35     3222
  SINCE JUL 1   7178                      7955   -777     6787

 COOLING
  TODAY            0                         0      0        0
  MONTH TO DATE    0                         0      0        0
  SINCE DEC 1      0                         0      0        0
  SINCE JAN 1      0                         0      0        0
..................................................................


WIND (MPH)
  HIGHEST GUST SPEED     8   HIGHEST GUST DIRECTION    NE (40)


SKY COVER
  AVERAGE SKY COVER 0.8


WEATHER CONDITIONS
 THE FOLLOWING WEATHER WAS RECORDED TODAY.
  NO SIGNIFICANT WEATHER WAS OBSERVED.


RELATIVE HUMIDITY (PERCENT)
 HIGHEST    87
 LOWEST     71
 AVERAGE    79

..........................................................


THE FAIRBANKS AK CLIMATE NORMALS FOR TOMORROW
                         NORMAL    RECORD    YEAR
 MAXIMUM TEMPERATURE (F)    1        46      1977
 MINIMUM TEMPERATURE (F)  -17       -60      1911


SUNRISE AND SUNSET
JANUARY 23 2019.......SUNRISE  1005 AM AKST  SUNSET   403 PM AKST
JANUARY 24 2019.......SUNRISE  1002 AM AKST  SUNSET   406 PM AKST


-  INDICATES NEGATIVE NUMBERS.
R  INDICATES RECORD WAS SET OR TIED.
MM INDICATES DATA IS MISSING.
T  INDICATES TRACE AMOUNT.

&&

SNOW DEPTH IS MEASURED AT 3AM AKST/4AM AKDT

----------------------------
AVAILABLE DAYLIGHT

AMOUNT OF DAYLIGHT TODAY  (HOUR:MIN)........06:04
GAIN SINCE YESTERDAY........................6 MINUTES
----------------------------

$$
HFL JAN 19
