000
CDUS43 KFGF 292200
CLIFAR

CLIMATE REPORT
NATIONAL WEATHER SERVICE GRAND FORKS
500 PM CDT FRI MAY 29 2020

...................................

...THE FARGO HECTOR INTL AP ND CLIMATE SUMMARY FOR MAY 29 2020...
VALID TODAY AS OF 0445 PM LOCAL TIME.

CLIMATE NORMAL PERIOD 1981 TO 2010
CLIMATE RECORD PERIOD 1881 TO 2020


WEATHER ITEM   OBSERVED TIME   RECORD YEAR NORMAL DEPARTURE LAST
                VALUE   (LST)  VALUE       VALUE  FROM      YEAR
                                                  NORMAL
...................................................................
TEMPERATURE (F)
 TODAY
  MAXIMUM         67    246 PM  95    1939  73     -6       83
                                      2010
  MINIMUM         44    501 AM  32    1889  50     -6       46
                                      1961
  AVERAGE         56                        61     -5       65

PRECIPITATION (IN)
  TODAY            0.00          3.77 2013   0.10  -0.10     0.00
  MONTH TO DATE    1.47                      2.60  -1.13     2.90
  SINCE MAR 1      3.22                      5.26  -2.04     5.75
  SINCE JAN 1      3.93                      6.57  -2.64     8.03

SNOWFALL (IN)
  TODAY            0.0           T    1953   0.0    0.0      0.0
  MONTH TO DATE    0.0                       0.0    0.0      0.0
  SINCE MAR 1      6.2                      12.4   -6.2     17.6
  SINCE JUL 1     50.2                      50.4   -0.2     65.4
  SNOW DEPTH       0

DEGREE DAYS
 HEATING
  TODAY            9                         5      4        0
  MONTH TO DATE  315                       262     53      391
  SINCE MAR 1   2227                      2040    187     2439
  SINCE JUL 1   9006                      8718    288     9737

 COOLING
  TODAY            0                         2     -2        0
  MONTH TO DATE   13                        26    -13        0
  SINCE MAR 1     13                        29    -16        0
  SINCE JAN 1     13                        29    -16        0
...................................................................


WIND (MPH)
  HIGHEST WIND SPEED    26   HIGHEST WIND DIRECTION     N (340)
  HIGHEST GUST SPEED    34   HIGHEST GUST DIRECTION     N (340)
  AVERAGE WIND SPEED    15.4


SKY COVER
  POSSIBLE SUNSHINE  MM
  AVERAGE SKY COVER 0.5


WEATHER CONDITIONS
THE FOLLOWING WEATHER WAS RECORDED TODAY.
  NO SIGNIFICANT WEATHER WAS OBSERVED.


RELATIVE HUMIDITY (PERCENT)
 HIGHEST    80           500 AM
 LOWEST     40           300 PM
 AVERAGE    60

..........................................................


THE FARGO HECTOR INTL AP ND CLIMATE NORMALS FOR TOMORROW
                         NORMAL    RECORD    YEAR
 MAXIMUM TEMPERATURE (F)   73       104      1934
 MINIMUM TEMPERATURE (F)   50        29      1947


SUNRISE AND SUNSET
MAY 29 2020...........SUNRISE   538 AM CDT   SUNSET   912 PM CDT
MAY 30 2020...........SUNRISE   537 AM CDT   SUNSET   913 PM CDT


-  INDICATES NEGATIVE NUMBERS.
R  INDICATES RECORD WAS SET OR TIED.
MM INDICATES DATA IS MISSING.
T  INDICATES TRACE AMOUNT.




$$
