000
CDUS43 KFGF 240719
CLIFAR


CLIMATE REPORT
NATIONAL WEATHER SERVICE EASTERN NORTH DAKOTA/GRAND FORKS
219 AM CDT THU MAY 24 2018


...................................

...THE FARGO HECTOR INTL AP ND CLIMATE SUMMARY FOR MAY 23 2018...

CLIMATE NORMAL PERIOD 1981 TO 2010
CLIMATE RECORD PERIOD 1881 TO 2018


WEATHER ITEM   OBSERVED TIME   RECORD YEAR NORMAL DEPARTURE LAST
                VALUE   (LST)  VALUE       VALUE  FROM      YEAR
                                                  NORMAL
..................................................................
TEMPERATURE (F)
 YESTERDAY
  MAXIMUM         83   1036 AM  92    1928  71     12       61
  MINIMUM         64    529 AM  31    1924  48     16       43
  AVERAGE         74                        59     15       52

PRECIPITATION (IN)
  YESTERDAY        0.00          1.50 1962   0.10  -0.10     0.02
                                      1903
  MONTH TO DATE    1.48                      2.01  -0.53     1.01
  SINCE MAR 1      3.78                      4.67  -0.89     2.74
  SINCE JAN 1      4.82                      5.98  -1.16     4.51

SNOWFALL (IN)
  YESTERDAY        0.0           T    1924   0.0    0.0      0.0
                                      1897
  MONTH TO DATE    0.0                       0.0    0.0      0.0
  SINCE MAR 1     22.8                      12.4   10.4      3.8
  SINCE JUL 1     50.0                      50.4   -0.4     33.1
  SNOW DEPTH       0

DEGREE DAYS
 HEATING
  YESTERDAY        0                         7     -7       13
  MONTH TO DATE  145                       227    -82      204
  SINCE MAR 1   2250                      2005    245     1872
  SINCE JUL 1   8897                      8683    214     7370

 COOLING
  YESTERDAY        9                         1      8        0
  MONTH TO DATE   28                        19      9       11
  SINCE MAR 1     28                        22      6       11
  SINCE JAN 1     28                        22      6       11
..................................................................


WIND (MPH)
  HIGHEST WIND SPEED    28   HIGHEST WIND DIRECTION     S (180)
  HIGHEST GUST SPEED    37   HIGHEST GUST DIRECTION     S (170)
  AVERAGE WIND SPEED    14.1


SKY COVER
  POSSIBLE SUNSHINE  MM
  AVERAGE SKY COVER 0.1


WEATHER CONDITIONS
 THE FOLLOWING WEATHER WAS RECORDED YESTERDAY.
  THUNDERSTORM


RELATIVE HUMIDITY (PERCENT)
 HIGHEST    78          1100 PM
 LOWEST     43          1100 AM
 AVERAGE    61

..........................................................


THE FARGO HECTOR INTL AP ND CLIMATE NORMALS FOR TODAY
                         NORMAL    RECORD    YEAR
 MAXIMUM TEMPERATURE (F)   72        90      2014
                                             2010
 MINIMUM TEMPERATURE (F)   48        26      2002
                                             1897


SUNRISE AND SUNSET
MAY 24 2018...........SUNRISE   543 AM CDT   SUNSET   906 PM CDT
MAY 25 2018...........SUNRISE   542 AM CDT   SUNSET   907 PM CDT


-  INDICATES NEGATIVE NUMBERS.
R  INDICATES RECORD WAS SET OR TIED.
MM INDICATES DATA IS MISSING.
T  INDICATES TRACE AMOUNT.




$$
