000
CDUS43 KFGF 222152
CLIFAR

CLIMATE REPORT
NATIONAL WEATHER SERVICE GRAND FORKS
452 PM CDT THU OCT 22 2020

...................................

...THE FARGO HECTOR INTL AP ND CLIMATE SUMMARY FOR OCTOBER 22 2020...
VALID TODAY AS OF 0445 PM LOCAL TIME.

CLIMATE NORMAL PERIOD 1981 TO 2010
CLIMATE RECORD PERIOD 1881 TO 2020


WEATHER ITEM   OBSERVED TIME   RECORD YEAR NORMAL DEPARTURE LAST
                VALUE   (LST)  VALUE       VALUE  FROM      YEAR
                                                  NORMAL
...................................................................
TEMPERATURE (F)
 TODAY
  MAXIMUM         32    259 PM  82    1901  53    -21       43
  MINIMUM         26   1213 AM  10    1936  33     -7       35
  AVERAGE         29                        43    -14       39

PRECIPITATION (IN)
  TODAY           MM             0.71 1966   0.07  MM         T
  MONTH TO DATE    0.80                      1.67  -0.87     3.78
  SINCE SEP 1      1.93                      4.24  -2.31     8.25
  SINCE JAN 1     18.17                     20.27  -2.10    28.50

SNOWFALL (IN)
  TODAY           MM             1.0  1925   0.0   MM        0.0
                                      1966
  MONTH TO DATE    4.8                       0.3    4.5      4.5
  SINCE SEP 1      4.8                       0.3    4.5      4.5
  SINCE JUL 1      4.8                       0.3    4.5      4.5
  SNOW DEPTH       2

DEGREE DAYS
 HEATING
  TODAY           36                        22     14       26
  MONTH TO DATE  460                       384     76      441
  SINCE SEP 1    665                       604     61      611
  SINCE JUL 1    680                       654     26      656

 COOLING
  TODAY            0                         0      0        0
  MONTH TO DATE    0                         0      0        0
  SINCE SEP 1     10                        43    -33       56
  SINCE JAN 1    654                       548    106      527
...................................................................


WIND (MPH)
  HIGHEST WIND SPEED    17   HIGHEST WIND DIRECTION    NE (30)
  HIGHEST GUST SPEED    23   HIGHEST GUST DIRECTION     N (20)
  AVERAGE WIND SPEED     8.8


SKY COVER
  POSSIBLE SUNSHINE  MM
  AVERAGE SKY COVER 1.0


WEATHER CONDITIONS
THE FOLLOWING WEATHER WAS RECORDED TODAY.
  SNOW
  LIGHT SNOW
  FOG


RELATIVE HUMIDITY (PERCENT)
 HIGHEST    92           300 PM
 LOWEST     85          1200 AM
 AVERAGE    89

..........................................................


THE FARGO HECTOR INTL AP ND CLIMATE NORMALS FOR TOMORROW
                         NORMAL    RECORD    YEAR
 MAXIMUM TEMPERATURE (F)   52        80      1963
 MINIMUM TEMPERATURE (F)   33         5      1917


SUNRISE AND SUNSET
OCTOBER 22 2020.......SUNRISE   756 AM CDT   SUNSET   627 PM CDT
OCTOBER 23 2020.......SUNRISE   757 AM CDT   SUNSET   625 PM CDT


-  INDICATES NEGATIVE NUMBERS.
R  INDICATES RECORD WAS SET OR TIED.
MM INDICATES DATA IS MISSING.
T  INDICATES TRACE AMOUNT.




$$
