000
CDUS43 KFGF 190657
CLIFAR


CLIMATE REPORT
NATIONAL WEATHER SERVICE EASTERN NORTH DAKOTA/GRAND FORKS
1247 AM CST SAT JAN 19 2019


...................................

...THE FARGO HECTOR INTL AP ND CLIMATE SUMMARY FOR JANUARY 18 2019...

CLIMATE NORMAL PERIOD 1981 TO 2010
CLIMATE RECORD PERIOD 1881 TO 2019


WEATHER ITEM   OBSERVED TIME   RECORD YEAR NORMAL DEPARTURE LAST
                VALUE   (LST)  VALUE       VALUE  FROM      YEAR
                                                  NORMAL
..................................................................
TEMPERATURE (F)
 YESTERDAY
  MAXIMUM          2    506 AM  48    1908  18    -16       34
  MINIMUM        -12   1159 PM -42    1887  -1    -11       21
  AVERAGE         -5                         9    -14       28

PRECIPITATION (IN)
  YESTERDAY        0.00          0.25 1996   0.02  -0.02     0.00
  MONTH TO DATE    0.04                      0.44  -0.40     0.21
  SINCE DEC 1      1.17                      1.27  -0.10     0.98
  SINCE JAN 1      0.04                      0.44  -0.40     0.21

SNOWFALL (IN)
  YESTERDAY        0.0           4.0  1996   0.3   -0.3      0.0
  MONTH TO DATE    0.2                       7.0   -6.8      3.6
  SINCE DEC 1     12.7                      18.2   -5.5     11.6
  SINCE JUL 1     19.6                      26.8   -7.2     15.1
  SNOW DEPTH       4

DEGREE DAYS
 HEATING
  YESTERDAY       70                        56     14       37
  MONTH TO DATE  891                      1004   -113     1071
  SINCE DEC 1   2284                      2582   -298     2652
  SINCE JUL 1   4585                      4544     41     4450

 COOLING
  YESTERDAY        0                         0      0        0
  MONTH TO DATE    0                         0      0        0
  SINCE DEC 1      0                         0      0        0
  SINCE JAN 1      0                         0      0        0
..................................................................


WIND (MPH)
  HIGHEST WIND SPEED    20   HIGHEST WIND DIRECTION     N (360)
  HIGHEST GUST SPEED    24   HIGHEST GUST DIRECTION     N (360)
  AVERAGE WIND SPEED    12.3


SKY COVER
  POSSIBLE SUNSHINE  MM
  AVERAGE SKY COVER 0.8


WEATHER CONDITIONS
 THE FOLLOWING WEATHER WAS RECORDED YESTERDAY.
  NO SIGNIFICANT WEATHER WAS OBSERVED.


RELATIVE HUMIDITY (PERCENT)
 HIGHEST    87          1200 AM
 LOWEST     64           400 PM
 AVERAGE    76

..........................................................


THE FARGO HECTOR INTL AP ND CLIMATE NORMALS FOR TODAY
                         NORMAL    RECORD    YEAR
 MAXIMUM TEMPERATURE (F)   18        52      1900
 MINIMUM TEMPERATURE (F)   -1       -37      1892


SUNRISE AND SUNSET
JANUARY 19 2019.......SUNRISE   805 AM CST   SUNSET   511 PM CST
JANUARY 20 2019.......SUNRISE   805 AM CST   SUNSET   512 PM CST


-  INDICATES NEGATIVE NUMBERS.
R  INDICATES RECORD WAS SET OR TIED.
MM INDICATES DATA IS MISSING.
T  INDICATES TRACE AMOUNT.




$$
