000
CDUS43 KFGF 160714
CLIFAR


CLIMATE REPORT
NATIONAL WEATHER SERVICE EASTERN NORTH DAKOTA/GRAND FORKS
214 AM CDT THU AUG 16 2018


...................................

...THE FARGO HECTOR INTL AP ND CLIMATE SUMMARY FOR AUGUST 15 2018...

CLIMATE NORMAL PERIOD 1981 TO 2010
CLIMATE RECORD PERIOD 1881 TO 2018


WEATHER ITEM   OBSERVED TIME   RECORD YEAR NORMAL DEPARTURE LAST
                VALUE   (LST)  VALUE       VALUE  FROM      YEAR
                                                  NORMAL
..................................................................
TEMPERATURE (F)
 YESTERDAY
  MAXIMUM         81    422 PM 102    1935  82     -1       76
  MINIMUM         47    553 AM  43    1979  58    -11       55
  AVERAGE         64                        70     -6       66

PRECIPITATION (IN)
  YESTERDAY        0.00          1.57 1881   0.08  -0.08     0.00
  MONTH TO DATE    0.21                      1.09  -0.88     2.05
  SINCE JUN 1      7.10                      7.78  -0.68     5.61
  SINCE JAN 1     12.38                     14.56  -2.18    10.25

SNOWFALL (IN)
  YESTERDAY        0.0           0.0    MM   0.0    0.0      0.0
  MONTH TO DATE    0.0                       0.0    0.0      0.0
  SINCE JUN 1      0.0                       0.0    0.0      0.0
  SINCE JUL 1      0.0                       0.0    0.0      0.0
  SNOW DEPTH       0

DEGREE DAYS
 HEATING
  YESTERDAY        1                         1      0        0
  MONTH TO DATE   19                        11      8        2
  SINCE JUN 1     38                       100    -62       44
  SINCE JUL 1     23                        27     -4        9

 COOLING
  YESTERDAY        0                         6     -6        1
  MONTH TO DATE  110                        96     14       33
  SINCE JUN 1    484                       405     79      396
  SINCE JAN 1    595                       436    159      407
..................................................................


WIND (MPH)
  HIGHEST WIND SPEED    10   HIGHEST WIND DIRECTION     E (80)
  HIGHEST GUST SPEED    16   HIGHEST GUST DIRECTION     E (70)
  AVERAGE WIND SPEED     3.2


SKY COVER
  POSSIBLE SUNSHINE  MM
  AVERAGE SKY COVER 0.0


WEATHER CONDITIONS
 THE FOLLOWING WEATHER WAS RECORDED YESTERDAY.
  NO SIGNIFICANT WEATHER WAS OBSERVED.


RELATIVE HUMIDITY (PERCENT)
 HIGHEST   100           200 AM
 LOWEST     35           300 PM
 AVERAGE    68

..........................................................


THE FARGO HECTOR INTL AP ND CLIMATE NORMALS FOR TODAY
                         NORMAL    RECORD    YEAR
 MAXIMUM TEMPERATURE (F)   82       104      1988
 MINIMUM TEMPERATURE (F)   58        40      1896


SUNRISE AND SUNSET
AUGUST 16 2018........SUNRISE   626 AM CDT   SUNSET   836 PM CDT
AUGUST 17 2018........SUNRISE   627 AM CDT   SUNSET   834 PM CDT


-  INDICATES NEGATIVE NUMBERS.
R  INDICATES RECORD WAS SET OR TIED.
MM INDICATES DATA IS MISSING.
T  INDICATES TRACE AMOUNT.




$$
