000
CDUS43 KFGF 230716
CLIFAR


CLIMATE REPORT
NATIONAL WEATHER SERVICE GRAND FORKS ND
216 AM CDT WED OCT 23 2019


...................................

...THE FARGO HECTOR INTL AP ND CLIMATE SUMMARY FOR OCTOBER 22 2019...

CLIMATE NORMAL PERIOD 1981 TO 2010
CLIMATE RECORD PERIOD 1881 TO 2019


WEATHER ITEM   OBSERVED TIME   RECORD YEAR NORMAL DEPARTURE LAST
                VALUE   (LST)  VALUE       VALUE  FROM      YEAR
                                                  NORMAL
..................................................................
TEMPERATURE (F)
 YESTERDAY
  MAXIMUM         43    542 PM  82    1901  53    -10       54
  MINIMUM         35   1159 PM  10    1936  33      2       25
  AVERAGE         39                        43     -4       40

PRECIPITATION (IN)
  YESTERDAY        T             0.71 1966   0.07  -0.07     0.00
  MONTH TO DATE    3.78                      1.67   2.11     2.39
  SINCE SEP 1      8.25                      4.24   4.01     4.89
  SINCE JAN 1     28.48                     20.27   8.21    19.58

SNOWFALL (IN)
  YESTERDAY        0.0           1.0  1966   0.0    0.0      0.0
                                      1925
  MONTH TO DATE    4.5                       0.3    4.2      1.6
  SINCE SEP 1      4.5                       0.3    4.2      1.6
  SINCE JUL 1      4.5                       0.3    4.2      1.6
  SNOW DEPTH       0

DEGREE DAYS
 HEATING
  YESTERDAY       26                        22      4       25
  MONTH TO DATE  441                       384     57      553
  SINCE SEP 1    611                       604      7      776
  SINCE JUL 1    656                       654      2      819

 COOLING
  YESTERDAY        0                         0      0        0
  MONTH TO DATE    0                         0      0        0
  SINCE SEP 1     56                        43     13       50
  SINCE JAN 1    527                       548    -21      694
..................................................................


WIND (MPH)
  HIGHEST WIND SPEED    37   HIGHEST WIND DIRECTION    NW (330)
  HIGHEST GUST SPEED    52   HIGHEST GUST DIRECTION     N (340)
  AVERAGE WIND SPEED    20.4


SKY COVER
  POSSIBLE SUNSHINE  MM
  AVERAGE SKY COVER 1.0


WEATHER CONDITIONS
 THE FOLLOWING WEATHER WAS RECORDED YESTERDAY.
  LIGHT RAIN


RELATIVE HUMIDITY (PERCENT)
 HIGHEST    85          1200 AM
 LOWEST     62           400 PM
 AVERAGE    74

..........................................................


THE FARGO HECTOR INTL AP ND CLIMATE NORMALS FOR TODAY
                         NORMAL    RECORD    YEAR
 MAXIMUM TEMPERATURE (F)   52        80      1963
 MINIMUM TEMPERATURE (F)   33         5      1917


SUNRISE AND SUNSET
OCTOBER 23 2019.......SUNRISE   756 AM CDT   SUNSET   626 PM CDT
OCTOBER 24 2019.......SUNRISE   758 AM CDT   SUNSET   624 PM CDT


-  INDICATES NEGATIVE NUMBERS.
R  INDICATES RECORD WAS SET OR TIED.
MM INDICATES DATA IS MISSING.
T  INDICATES TRACE AMOUNT.




$$
