075
CDUS43 KFGF 270641
CLIFAR


CLIMATE REPORT
NATIONAL WEATHER SERVICE EASTERN NORTH DAKOTA/GRAND FORKS
133 AM CDT SUN MAY 27 2018


...................................

...THE FARGO HECTOR INTL AP ND CLIMATE SUMMARY FOR MAY 26 2018...

CLIMATE NORMAL PERIOD 1981 TO 2010
CLIMATE RECORD PERIOD 1881 TO 2018


WEATHER ITEM   OBSERVED TIME   RECORD YEAR NORMAL DEPARTURE LAST
                VALUE   (LST)  VALUE       VALUE  FROM      YEAR
                                                  NORMAL
..................................................................
TEMPERATURE (F)
 YESTERDAY
  MAXIMUM         93R   501 PM  93    1931  72     21       72
                                      1911
  MINIMUM         58    507 AM  29    1970  49      9       49
  AVERAGE         76                        60     16       61

PRECIPITATION (IN)
  YESTERDAY        0.00          1.26 1932   0.10  -0.10     0.00
  MONTH TO DATE    1.48                      2.30  -0.82     1.01
  SINCE MAR 1      3.78                      4.96  -1.18     2.74
  SINCE JAN 1      4.82                      6.27  -1.45     4.51

SNOWFALL (IN)
  YESTERDAY        0.0          MM      MM   0.0    0.0      0.0
  MONTH TO DATE    0.0                       0.0    0.0      0.0
  SINCE MAR 1     22.8                      12.4   10.4      3.8
  SINCE JUL 1     50.0                      50.4   -0.4     33.1
  SNOW DEPTH       0

DEGREE DAYS
 HEATING
  YESTERDAY        0                         6     -6        4
  MONTH TO DATE  145                       245   -100      226
  SINCE MAR 1   2250                      2023    227     1894
  SINCE JUL 1   8897                      8701    196     7392

 COOLING
  YESTERDAY       11                         1     10        0
  MONTH TO DATE   67                        22     45       11
  SINCE MAR 1     67                        25     42       11
  SINCE JAN 1     67                        25     42       11
..................................................................


WIND (MPH)
  HIGHEST WIND SPEED    25   HIGHEST WIND DIRECTION     W (280)
  HIGHEST GUST SPEED    34   HIGHEST GUST DIRECTION     W (280)
  AVERAGE WIND SPEED     8.9


SKY COVER
  POSSIBLE SUNSHINE  MM
  AVERAGE SKY COVER 0.0


WEATHER CONDITIONS
 THE FOLLOWING WEATHER WAS RECORDED YESTERDAY.
  NO SIGNIFICANT WEATHER WAS OBSERVED.


RELATIVE HUMIDITY (PERCENT)
 HIGHEST    72           400 AM
 LOWEST     22           300 PM
 AVERAGE    47

..........................................................


THE FARGO HECTOR INTL AP ND CLIMATE NORMALS FOR TODAY
                         NORMAL    RECORD    YEAR
 MAXIMUM TEMPERATURE (F)   72        95      1969
                                             1913
 MINIMUM TEMPERATURE (F)   49        29      1907


SUNRISE AND SUNSET
MAY 27 2018...........SUNRISE   540 AM CDT   SUNSET   909 PM CDT
MAY 28 2018...........SUNRISE   539 AM CDT   SUNSET   910 PM CDT


-  INDICATES NEGATIVE NUMBERS.
R  INDICATES RECORD WAS SET OR TIED.
MM INDICATES DATA IS MISSING.
T  INDICATES TRACE AMOUNT.




$$
