000
CDUS43 KFGF 252247
CLIFAR


CLIMATE REPORT
NATIONAL WEATHER SERVICE EASTERN NORTH DAKOTA/GRAND FORKS
446 PM CST SUN FEB 25 2018


...................................

...THE FARGO HECTOR INTL AP ND CLIMATE SUMMARY FOR FEBRUARY 25 2018...
VALID TODAY AS OF 0400 PM LOCAL TIME.

CLIMATE NORMAL PERIOD 1981 TO 2010
CLIMATE RECORD PERIOD 1881 TO 2018


WEATHER ITEM   OBSERVED TIME   RECORD YEAR NORMAL DEPARTURE LAST
                VALUE   (LST)  VALUE       VALUE  FROM      YEAR
                                                  NORMAL
..................................................................
TEMPERATURE (F)
 TODAY
  MAXIMUM         29    359 PM  66    1958  27      2       32
  MINIMUM          8    502 AM -30    1950  10     -2       14
  AVERAGE         19                        19      0       23

PRECIPITATION (IN)
  TODAY            0.00          0.57 1998   0.03  -0.03     0.03
  MONTH TO DATE    0.83                      0.52   0.31     0.71
  SINCE DEC 1      1.81                      2.05  -0.24     2.96
  SINCE JAN 1      1.04                      1.22  -0.18     1.69

SNOWFALL (IN)
  TODAY            0.0           2.8  2007   0.3   -0.3      0.2
  MONTH TO DATE   12.0                       6.1    5.9      1.6
  SINCE DEC 1     23.7                      28.5   -4.8     23.0
  SINCE JUL 1     27.4                      37.1   -9.7     26.7
  SNOW DEPTH      10

DEGREE DAYS
 HEATING
  TODAY           46                        46      0       42
  MONTH TO DATE 1469                      1274    195     1007
  SINCE DEC 1   4710                      4580    130     4065
  SINCE JUL 1   6508                      6542    -34     5370

 COOLING
  TODAY            0                         0      0        0
  MONTH TO DATE    0                         0      0        0
  SINCE DEC 1      0                         0      0        0
  SINCE JAN 1      0                         0      0        0
..................................................................


WIND (MPH)
  HIGHEST WIND SPEED    21   HIGHEST WIND DIRECTION     W (260)
  HIGHEST GUST SPEED    26   HIGHEST GUST DIRECTION     W (250)
  AVERAGE WIND SPEED    12.2


SKY COVER
  POSSIBLE SUNSHINE  MM
  AVERAGE SKY COVER 0.7


WEATHER CONDITIONS
 THE FOLLOWING WEATHER WAS RECORDED TODAY.
  FOG
  HAZE


RELATIVE HUMIDITY (PERCENT)
 HIGHEST   100           100 AM
 LOWEST     75          1200 PM
 AVERAGE    88

..........................................................


THE FARGO HECTOR INTL AP ND CLIMATE NORMALS FOR TOMORROW
                         NORMAL    RECORD    YEAR
 MAXIMUM TEMPERATURE (F)   27        59      1896
 MINIMUM TEMPERATURE (F)   11       -30      1897


SUNRISE AND SUNSET
FEBRUARY 25 2018......SUNRISE   714 AM CST   SUNSET   607 PM CST
FEBRUARY 26 2018......SUNRISE   712 AM CST   SUNSET   608 PM CST


-  INDICATES NEGATIVE NUMBERS.
R  INDICATES RECORD WAS SET OR TIED.
MM INDICATES DATA IS MISSING.
T  INDICATES TRACE AMOUNT.




$$
