629
CDUS43 KFGF 190643
CLIFAR


CLIMATE REPORT
NATIONAL WEATHER SERVICE EASTERN NORTH DAKOTA/GRAND FORKS
143 AM CDT FRI OCT 19 2018


...................................

...THE FARGO HECTOR INTL AP ND CLIMATE SUMMARY FOR OCTOBER 18 2018...

CLIMATE NORMAL PERIOD 1981 TO 2010
CLIMATE RECORD PERIOD 1881 TO 2018


WEATHER ITEM   OBSERVED TIME   RECORD YEAR NORMAL DEPARTURE LAST
                VALUE   (LST)  VALUE       VALUE  FROM      YEAR
                                                  NORMAL
..................................................................
TEMPERATURE (F)
 YESTERDAY
  MAXIMUM         73    343 PM  79    1953  55     18       63
                                      1914
  MINIMUM         35    444 AM  10    1972  35      0       38
  AVERAGE         54                        45      9       51

PRECIPITATION (IN)
  YESTERDAY        0.00          1.00 1984   0.08  -0.08     0.00
  MONTH TO DATE    2.39                      1.40   0.99     0.70
  SINCE SEP 1      4.89                      3.97   0.92     3.53
  SINCE JAN 1     19.58                     20.00  -0.42    14.03

SNOWFALL (IN)
  YESTERDAY        0.0           2.1  1917   0.0    0.0      0.0
  MONTH TO DATE    1.6                       0.2    1.4      0.0
  SINCE SEP 1      1.6                       0.2    1.4      0.0
  SINCE JUL 1      1.6                       0.2    1.4      0.0
  SNOW DEPTH       0

DEGREE DAYS
 HEATING
  YESTERDAY       11                        20     -9       14
  MONTH TO DATE  462                       298    164      253
  SINCE SEP 1    685                       518    167      405
  SINCE JUL 1    728                       568    160      421

 COOLING
  YESTERDAY        0                         0      0        0
  MONTH TO DATE    0                         0      0        0
  SINCE SEP 1     50                        43      7       69
  SINCE JAN 1    694                       548    146      516
..................................................................


WIND (MPH)
  HIGHEST WIND SPEED    22   HIGHEST WIND DIRECTION    SW (210)
  HIGHEST GUST SPEED    27   HIGHEST GUST DIRECTION    SW (220)
  AVERAGE WIND SPEED    13.1


SKY COVER
  POSSIBLE SUNSHINE  MM
  AVERAGE SKY COVER 0.0


WEATHER CONDITIONS
 THE FOLLOWING WEATHER WAS RECORDED YESTERDAY.
  NO SIGNIFICANT WEATHER WAS OBSERVED.


RELATIVE HUMIDITY (PERCENT)
 HIGHEST    89           700 AM
 LOWEST     29           300 PM
 AVERAGE    59

..........................................................


THE FARGO HECTOR INTL AP ND CLIMATE NORMALS FOR TODAY
                         NORMAL    RECORD    YEAR
 MAXIMUM TEMPERATURE (F)   55        84      2003
 MINIMUM TEMPERATURE (F)   34        12      1917


SUNRISE AND SUNSET
OCTOBER 19 2018.......SUNRISE   751 AM CDT   SUNSET   633 PM CDT
OCTOBER 20 2018.......SUNRISE   752 AM CDT   SUNSET   631 PM CDT


-  INDICATES NEGATIVE NUMBERS.
R  INDICATES RECORD WAS SET OR TIED.
MM INDICATES DATA IS MISSING.
T  INDICATES TRACE AMOUNT.




$$
