645
CDUS46 KHNX 170026
CLIFAT


CLIMATE REPORT
NATIONAL WEATHER SERVICE SAN JOAQUIN VALLEY, CA
426 PM PST SUN DEC 16 2018


...................................

...THE FRESNO CA CLIMATE SUMMARY FOR DECEMBER 16 2018...
VALID AS OF 0400 PM LOCAL TIME.

CLIMATE NORMAL PERIOD 1981 TO 2010
CLIMATE RECORD PERIOD 1887 TO 2018


WEATHER ITEM   OBSERVED TIME   RECORD YEAR NORMAL DEPARTURE LAST
                VALUE   (LST)  VALUE       VALUE  FROM      YEAR
                                                  NORMAL
..................................................................
TEMPERATURE (F)
 TODAY
  MAXIMUM         65    336 PM  70    1958  54     11       55
  MINIMUM         41    728 AM  25    1967  38      3       38
  AVERAGE         53                        46      7       47

PRECIPITATION (IN)
  TODAY            0.00          0.93 2002   0.06  -0.06     0.00
  MONTH TO DATE    0.15                      0.77  -0.62      T
  SINCE OCT 1      1.92                      2.47  -0.55     0.37
  SINCE JAN 1      8.24                     10.50  -2.26    13.17

SNOWFALL (IN)
  TODAY            0.0
  MONTH TO DATE    0.0
  SINCE DEC 1      0.0
  SINCE JUL 1      0.0
  SNOW DEPTH       0

DEGREE DAYS
 HEATING
  TODAY           12                        19     -7       18
  MONTH TO DATE  228                       283    -55      265
  SINCE DEC 1    228                       283    -55      265
  SINCE JUL 1    446                       671   -225      523

 COOLING
  TODAY            0                         0      0        0
  MONTH TO DATE    0                         0      0        0
  SINCE DEC 1      0                         0      0        0
  SINCE JAN 1   2529                      2124    405     2490
..................................................................


WIND (MPH)
  HIGHEST WIND SPEED    12   HIGHEST WIND DIRECTION    SE (140)
  HIGHEST GUST SPEED    14   HIGHEST GUST DIRECTION    SE (140)
  AVERAGE WIND SPEED     3.6




RELATIVE HUMIDITY (PERCENT)
 HIGHEST    89
 LOWEST     44
 AVERAGE    67

..........................................................


THE FRESNO CA CLIMATE NORMALS FOR TOMORROW
                         NORMAL    RECORD    YEAR
 MAXIMUM TEMPERATURE (F)   54        70      1958
 MINIMUM TEMPERATURE (F)   38        25      1967


SUNRISE AND SUNSET
DECEMBER 16 2018......SUNRISE   705 AM PST   SUNSET   444 PM PST
DECEMBER 17 2018......SUNRISE   705 AM PST   SUNSET   445 PM PST


-  INDICATES NEGATIVE NUMBERS.
R  INDICATES RECORD WAS SET OR TIED.
MM INDICATES DATA IS MISSING.
T  INDICATES TRACE AMOUNT.




$$
