000
CDUS46 KHNX 250026
CLIFAT


CLIMATE REPORT
NATIONAL WEATHER SERVICE SAN JOAQUIN VALLEY, CA
526 PM PDT SUN JUN 24 2018


...................................

...THE FRESNO CA CLIMATE SUMMARY FOR JUNE 24 2018...
VALID AS OF 0500 PM LOCAL TIME.

CLIMATE NORMAL PERIOD 1981 TO 2010
CLIMATE RECORD PERIOD 1887 TO 2018


WEATHER ITEM   OBSERVED TIME   RECORD YEAR NORMAL DEPARTURE LAST
                VALUE   (LST)  VALUE       VALUE  FROM      YEAR
                                                  NORMAL
..................................................................
TEMPERATURE (F)
 TODAY
  MAXIMUM        103    258 PM 110    1929  94      9      102
                                      1925
  MINIMUM         73    601 AM  51    1912  64      9       73
                                      1901
  AVERAGE         88                        79      9       88

PRECIPITATION (IN)
  TODAY            0.00          0.01 1988   0.00   0.00     0.00
                                      1936
  MONTH TO DATE    0.00                      0.20  -0.20     0.00
  SINCE OCT 1      6.73                     11.30  -4.57    17.20
  SINCE JAN 1      6.32                      7.83  -1.51    12.64

SNOWFALL (IN)
  TODAY            0.0
  MONTH TO DATE    0.0
  SINCE JUN 1      0.0
  SINCE JUL 1      0.0
  SNOW DEPTH       0

DEGREE DAYS
 HEATING
  TODAY            0                         0      0        0
  MONTH TO DATE    0                         0      0        4
  SINCE JUN 1      0                         0      0        4
  SINCE JUL 1   1813                      2343   -530     1940

 COOLING
  TODAY           23                        14      9       23
  MONTH TO DATE  337                       277     60      373
  SINCE JUN 1    337                       277     60      373
  SINCE JAN 1    618                       518    100      624
..................................................................


WIND (MPH)
  HIGHEST WIND SPEED    14   HIGHEST WIND DIRECTION    NW (300)
  HIGHEST GUST SPEED    19   HIGHEST GUST DIRECTION    NW (300)
  AVERAGE WIND SPEED     6.2




RELATIVE HUMIDITY (PERCENT)
 HIGHEST    53
 LOWEST     14
 AVERAGE    34

..........................................................


THE FRESNO CA CLIMATE NORMALS FOR TOMORROW
                         NORMAL    RECORD    YEAR
 MAXIMUM TEMPERATURE (F)   95       112      1925
 MINIMUM TEMPERATURE (F)   65        47      1975


SUNRISE AND SUNSET
JUNE 24 2018..........SUNRISE   441 AM PST   SUNSET   722 PM PST
JUNE 25 2018..........SUNRISE   441 AM PST   SUNSET   722 PM PST


-  INDICATES NEGATIVE NUMBERS.
R  INDICATES RECORD WAS SET OR TIED.
MM INDICATES DATA IS MISSING.
T  INDICATES TRACE AMOUNT.




$$
