000
CDUS46 KHNX 050828
CLIFAT


CLIMATE REPORT
NATIONAL WEATHER SERVICE SAN JOAQUIN VALLEY, CA
128 AM PDT FRI JUN 5 2020


...................................

...THE FRESNO CA CLIMATE SUMMARY FOR JUNE 4 2020...

CLIMATE NORMAL PERIOD 1981 TO 2010
CLIMATE RECORD PERIOD 1887 TO 2020


WEATHER ITEM   OBSERVED TIME   RECORD YEAR NORMAL DEPARTURE LAST
                VALUE   (LST)  VALUE       VALUE  FROM      YEAR
                                                  NORMAL
..................................................................
TEMPERATURE (F)
 YESTERDAY
  MAXIMUM        106R   419 PM 105    2016  89     17
                                      1996
                                      1992
  MINIMUM         73    532 AM  46    1908  60     13
  AVERAGE         90                        74     16       84

PRECIPITATION (IN)
  YESTERDAY        0.00          0.31 1993   0.01  -0.01
  MONTH TO DATE    0.00                      0.05  -0.05
  SINCE OCT 1      7.63                     11.15  -3.52
  SINCE JAN 1      4.75                      7.68  -2.93

SNOWFALL (IN)
  YESTERDAY        0.0
  MONTH TO DATE    0.0
  SINCE JUN 1      0.0
  SINCE JUL 1      0.0
  SNOW DEPTH       0

DEGREE DAYS
 HEATING
  YESTERDAY        0                                0
  MONTH TO DATE    0                                0
  SINCE JUN 1      0                                0
  SINCE JUL 1   1831                             -512

 COOLING
  YESTERDAY       25                               15
  MONTH TO DATE   74                               37
  SINCE JUN 1     74                               37
  SINCE JAN 1    443                              165
..................................................................


WIND (MPH)
  HIGHEST WIND SPEED    21   HIGHEST WIND DIRECTION    NW (310)
  HIGHEST GUST SPEED    22   HIGHEST GUST DIRECTION    NW (310)
  AVERAGE WIND SPEED     7.4




RELATIVE HUMIDITY (PERCENT)
 HIGHEST    49
 LOWEST     12
 AVERAGE    31

..........................................................


THE FRESNO CA CLIMATE NORMALS FOR TODAY
                         NORMAL    RECORD    YEAR
 MAXIMUM TEMPERATURE (F)   89       107      1981
                                             1926
 MINIMUM TEMPERATURE (F)   60        48      1956


SUNRISE AND SUNSET
JUNE  5 2020..........SUNRISE   540 AM PDT   SUNSET   815 PM PDT
JUNE  6 2020..........SUNRISE   540 AM PDT   SUNSET   816 PM PDT


-  INDICATES NEGATIVE NUMBERS.
R  INDICATES RECORD WAS SET OR TIED.
MM INDICATES DATA IS MISSING.
T  INDICATES TRACE AMOUNT.




$$
