000
CDUS46 KHNX 200826
CLIFAT


CLIMATE REPORT
NATIONAL WEATHER SERVICE SAN JOAQUIN VALLEY, CA
125 AM PDT TUE OCT 20 2020


...................................

...THE FRESNO CA CLIMATE SUMMARY FOR OCTOBER 19 2020...

CLIMATE NORMAL PERIOD 1981 TO 2010
CLIMATE RECORD PERIOD 1887 TO 2020


WEATHER ITEM   OBSERVED TIME   RECORD YEAR NORMAL DEPARTURE LAST
                VALUE   (LST)  VALUE       VALUE  FROM      YEAR
                                                  NORMAL
..................................................................
TEMPERATURE (F)
 YESTERDAY
  MAXIMUM         91    305 PM  92    1921  78     13
                                      1903
  MINIMUM         59    621 AM  30    1949  52      7
  AVERAGE         75                        65     10       63

PRECIPITATION (IN)
  YESTERDAY        0.00          0.75 2004   0.02  -0.02
  MONTH TO DATE    0.00                      0.29  -0.29
  SINCE OCT 1      0.00                      0.29  -0.29
  SINCE JAN 1      4.75                      8.32  -3.57

SNOWFALL (IN)
  YESTERDAY        0.0
  MONTH TO DATE    0.0
  SINCE SEP 1      0.0
  SINCE JUL 1      0.0
  SNOW DEPTH       0

DEGREE DAYS
 HEATING
  YESTERDAY        0                               -2
  MONTH TO DATE    0                              -19
  SINCE SEP 1      0                              -21
  SINCE JUL 1      0                              -21

 COOLING
  YESTERDAY       10                                8
  MONTH TO DATE  209                              122
  SINCE SEP 1    662                              237
  SINCE JAN 1   2751                              642
..................................................................


WIND (MPH)
  HIGHEST WIND SPEED     8   HIGHEST WIND DIRECTION    NW (300)
  HIGHEST GUST SPEED    10   HIGHEST GUST DIRECTION    NW (320)
  AVERAGE WIND SPEED     2.6




RELATIVE HUMIDITY (PERCENT)
 HIGHEST    60
 LOWEST     23
 AVERAGE    42

..........................................................


THE FRESNO CA CLIMATE NORMALS FOR TODAY
                         NORMAL    RECORD    YEAR
 MAXIMUM TEMPERATURE (F)   78        94      1927
 MINIMUM TEMPERATURE (F)   52        35      1949


SUNRISE AND SUNSET
OCTOBER 20 2020.......SUNRISE   711 AM PDT   SUNSET   615 PM PDT
OCTOBER 21 2020.......SUNRISE   712 AM PDT   SUNSET   614 PM PDT


-  INDICATES NEGATIVE NUMBERS.
R  INDICATES RECORD WAS SET OR TIED.
MM INDICATES DATA IS MISSING.
T  INDICATES TRACE AMOUNT.




$$
