056
CDUS46 KHNX 230027
CLIFAT


CLIMATE REPORT
NATIONAL WEATHER SERVICE SAN JOAQUIN VALLEY, CA
527 PM PDT TUE OCT 22 2019


...................................

...THE FRESNO CA CLIMATE SUMMARY FOR OCTOBER 22 2019...
VALID AS OF 0500 PM LOCAL TIME.

CLIMATE NORMAL PERIOD 1981 TO 2010
CLIMATE RECORD PERIOD 1887 TO 2019


WEATHER ITEM   OBSERVED TIME   RECORD YEAR NORMAL DEPARTURE LAST
                VALUE   (LST)  VALUE       VALUE  FROM      YEAR
                                                  NORMAL
..................................................................
TEMPERATURE (F)
 TODAY
  MAXIMUM         84    331 PM  92    1948  77      7       83
                                      1937
  MINIMUM         53    434 AM  35    1961  51      2       54
  AVERAGE         69                        64      5       69

PRECIPITATION (IN)
  TODAY            0.00          0.56 1889   0.02  -0.02     0.00
  MONTH TO DATE    0.00                      0.36  -0.36     0.10
  SINCE OCT 1      0.00                      0.36  -0.36     0.10
  SINCE JAN 1      9.52                      8.39   1.13     6.42

SNOWFALL (IN)
  TODAY            0.0
  MONTH TO DATE    0.0
  SINCE SEP 1      0.0
  SINCE JUL 1      0.0
  SNOW DEPTH       0

DEGREE DAYS
 HEATING
  TODAY            0                         3     -3        0
  MONTH TO DATE   13                        26    -13        0
  SINCE SEP 1     19                        28     -9        0
  SINCE JUL 1     19                        28     -9        0

 COOLING
  TODAY            4                         2      2        4
  MONTH TO DATE   49                        93    -44       98
  SINCE SEP 1    428                       431     -3      497
  SINCE JAN 1   2369                      2115    254     2513
..................................................................


WIND (MPH)
  HIGHEST WIND SPEED     8   HIGHEST WIND DIRECTION     N (340)
  HIGHEST GUST SPEED    10   HIGHEST GUST DIRECTION    SW (230)
  AVERAGE WIND SPEED     1.5




RELATIVE HUMIDITY (PERCENT)
 HIGHEST    72
 LOWEST     26
 AVERAGE    49

..........................................................


THE FRESNO CA CLIMATE NORMALS FOR TOMORROW
                         NORMAL    RECORD    YEAR
 MAXIMUM TEMPERATURE (F)   76        90      1965
                                             1929
 MINIMUM TEMPERATURE (F)   51        35      1975
                                             1961


SUNRISE AND SUNSET
OCTOBER 22 2019.......SUNRISE   713 AM PDT   SUNSET   613 PM PDT
OCTOBER 23 2019.......SUNRISE   714 AM PDT   SUNSET   612 PM PDT


-  INDICATES NEGATIVE NUMBERS.
R  INDICATES RECORD WAS SET OR TIED.
MM INDICATES DATA IS MISSING.
T  INDICATES TRACE AMOUNT.




$$
