000
CDUS46 KHNX 230827
CLIFAT


CLIMATE REPORT
NATIONAL WEATHER SERVICE SAN JOAQUIN VALLEY, CA
126 AM PDT SUN SEP 23 2018


...................................

...THE FRESNO CA CLIMATE SUMMARY FOR SEPTEMBER 22 2018...

CLIMATE NORMAL PERIOD 1981 TO 2010
CLIMATE RECORD PERIOD 1887 TO 2018


WEATHER ITEM   OBSERVED TIME   RECORD YEAR NORMAL DEPARTURE
                VALUE   (LST)  VALUE       VALUE  FROM
                                                  NORMAL
...............................................................
TEMPERATURE (F)
 YESTERDAY
  MAXIMUM         98    340 PM 104    1949  89      9
                                      1928
  MINIMUM         62    558 AM  41    1968  60      2
  AVERAGE         80                        75      5

PRECIPITATION (IN)
  YESTERDAY        0.00          0.47 1887   0.01  -0.01
  MONTH TO DATE    0.00                      0.10  -0.10
  SINCE OCT 1      6.73                     11.43  -4.70
  SINCE JAN 1      6.32                      7.96  -1.64

SNOWFALL (IN)
  YESTERDAY        0.0
  MONTH TO DATE    0.0
  SINCE SEP 1      0.0
  SINCE JUL 1      0.0
  SNOW DEPTH       0

DEGREE DAYS
 HEATING
  YESTERDAY        0                                0
  MONTH TO DATE    0                                0
  SINCE SEP 1      0                                0
  SINCE JUL 1      0                                0

 COOLING
  YESTERDAY       15                                5
  MONTH TO DATE  300                               30
  SINCE SEP 1    300                               30
  SINCE JAN 1   2316                              362
...............................................................


WIND (MPH)
  HIGHEST WIND SPEED    13   HIGHEST WIND DIRECTION    NW (310)
  HIGHEST GUST SPEED    16   HIGHEST GUST DIRECTION    NW (320)
  AVERAGE WIND SPEED     4.6




RELATIVE HUMIDITY (PERCENT)
 HIGHEST    56
 LOWEST     14
 AVERAGE    35

..........................................................


THE FRESNO CA CLIMATE NORMALS FOR TODAY
                         NORMAL    RECORD    YEAR
 MAXIMUM TEMPERATURE (F)   89       105      1949
 MINIMUM TEMPERATURE (F)   60        47      1968
                                             1945


SUNRISE AND SUNSET
SEPTEMBER 23 2018.....SUNRISE   648 AM PDT   SUNSET   654 PM PDT
SEPTEMBER 24 2018.....SUNRISE   648 AM PDT   SUNSET   653 PM PDT


-  INDICATES NEGATIVE NUMBERS.
R  INDICATES RECORD WAS SET OR TIED.
MM INDICATES DATA IS MISSING.
T  INDICATES TRACE AMOUNT.




$$
