000
CDUS42 KRAH 270050
CLIFAY


CLIMATE REPORT
NATIONAL WEATHER SERVICE RALEIGH NC
846 PM EDT SAT MAY 26 2018


...................................

...THE FAYETTEVILLE REGL AIRPORT NC CLIMATE SUMMARY FOR MAY 26 2018...
VALID AS OF 0845 PM LOCAL TIME.

CLIMATE NORMAL PERIOD 1981 TO 2010
CLIMATE RECORD PERIOD 1910 TO 2018


WEATHER ITEM   OBSERVED TIME   RECORD YEAR NORMAL DEPARTURE LAST
                VALUE   (LST)  VALUE       VALUE  FROM      YEAR
                                                  NORMAL
..................................................................
TEMPERATURE (F)
 TODAY
  MAXIMUM         91    249 PM  98    1926  85      6       86
  MINIMUM         69    354 AM  44    1988  62      7       61
  AVERAGE         80                        73      7       74

PRECIPITATION (IN)
  TODAY            0.14          1.95 2003   0.13   0.01     0.00
  MONTH TO DATE    1.73                      2.52  -0.79     5.09
  SINCE MAR 1      7.52                      8.89  -1.37    12.03
  SINCE JAN 1     12.22                     14.95  -2.73    15.45

DEGREE DAYS
 HEATING
  TODAY            0                         0      0        0
  MONTH TO DATE    0                        23    -23       12
  SINCE MAR 1    637                       505    132      405
  SINCE JUL 1   2703                      2730    -27     2027

 COOLING
  TODAY           15                         9      6        9
  MONTH TO DATE  273                       153    120      209
  SINCE MAR 1    314                       232     82      412
  SINCE JAN 1    362                       236    126      427
..................................................................


WIND (MPH)
  HIGHEST WIND SPEED    20   HIGHEST WIND DIRECTION     S (190)
  HIGHEST GUST SPEED    31   HIGHEST GUST DIRECTION     S (200)
  AVERAGE WIND SPEED     8.6


SKY COVER
  POSSIBLE SUNSHINE  MM
  AVERAGE SKY COVER 0.5


WEATHER CONDITIONS
 THE FOLLOWING WEATHER WAS RECORDED TODAY.
  THUNDERSTORM
  RAIN
  LIGHT RAIN
  FOG
  HAZE


RELATIVE HUMIDITY (PERCENT)
 HIGHEST   100           500 AM
 LOWEST     47           100 PM
 AVERAGE    74

..........................................................




SUNRISE AND SUNSET
MAY 26 2018...........SUNRISE   605 AM EDT   SUNSET   820 PM EDT
MAY 27 2018...........SUNRISE   605 AM EDT   SUNSET   821 PM EDT


-  INDICATES NEGATIVE NUMBERS.
R  INDICATES RECORD WAS SET OR TIED.
MM INDICATES DATA IS MISSING.
T  INDICATES TRACE AMOUNT.

$$
