000
CDUS42 KRAH 140648
CLIFAY


CLIMATE REPORT
NATIONAL WEATHER SERVICE RALEIGH NC
247 AM EDT TUE AUG 14 2018


...................................

...THE FAYETTEVILLE REGL AIRPORT NC CLIMATE SUMMARY FOR AUGUST 13 2018...

CLIMATE NORMAL PERIOD 1981 TO 2010
CLIMATE RECORD PERIOD 1910 TO 2018


WEATHER ITEM   OBSERVED TIME   RECORD YEAR NORMAL DEPARTURE LAST
                VALUE   (LST)  VALUE       VALUE  FROM      YEAR
                                                  NORMAL
..................................................................
TEMPERATURE (F)
 YESTERDAY
  MAXIMUM         84    533 PM 100    2007  90     -6       89
                                      1935
                                      1911
  MINIMUM         71    718 AM  56    1979  70      1       74
  AVERAGE         78                        80     -2       82

PRECIPITATION (IN)
  YESTERDAY        0.11          6.20 1942   0.18  -0.07     0.57
  MONTH TO DATE    2.75                      2.43   0.32     3.27
  SINCE JUN 1     13.42                     12.70   0.72    15.72
  SINCE JAN 1     26.59                     28.37  -1.78    31.36

DEGREE DAYS
 HEATING
  YESTERDAY        0                         0      0        0
  MONTH TO DATE    0                         0      0        0
  SINCE JUN 1      0                         0      0        0
  SINCE JUL 1      0                         0      0        0

 COOLING
  YESTERDAY       13                        15     -2       17
  MONTH TO DATE  220                       202     18      193
  SINCE JUN 1   1222                      1105    117     1193
  SINCE JAN 1   1652                      1389    263     1696
..................................................................


WIND (MPH)
  HIGHEST WIND SPEED    10   HIGHEST WIND DIRECTION     E (80)
  HIGHEST GUST SPEED    12   HIGHEST GUST DIRECTION    SW (230)
  AVERAGE WIND SPEED     3.3


SKY COVER
  POSSIBLE SUNSHINE  MM
  AVERAGE SKY COVER 0.5


WEATHER CONDITIONS
 THE FOLLOWING WEATHER WAS RECORDED YESTERDAY.
  LIGHT RAIN
  FOG


RELATIVE HUMIDITY (PERCENT)
 HIGHEST    93           100 AM
 LOWEST     61           400 PM
 AVERAGE    77

..........................................................


THE FAYETTEVILLE REGL AIRPORT NC CLIMATE NORMALS FOR TODAY
                         NORMAL    RECORD    YEAR
 MAXIMUM TEMPERATURE (F)   90       100      1918
                                             1911
 MINIMUM TEMPERATURE (F)   70        56      1979
                                             1964
                                             1950


SUNRISE AND SUNSET
AUGUST 14 2018........SUNRISE   635 AM EDT   SUNSET   805 PM EDT
AUGUST 15 2018........SUNRISE   636 AM EDT   SUNSET   804 PM EDT


-  INDICATES NEGATIVE NUMBERS.
R  INDICATES RECORD WAS SET OR TIED.
MM INDICATES DATA IS MISSING.
T  INDICATES TRACE AMOUNT.

$$
