000
CDUS42 KRAH 310539
CLIFAY

CLIMATE REPORT
NATIONAL WEATHER SERVICE RALEIGH NC
139 AM EDT SAT OCT 31 2020

...................................

...THE FAYETTEVILLE REGL AIRPORT NC CLIMATE SUMMARY FOR OCTOBER 30 2020...

CLIMATE NORMAL PERIOD 1981 TO 2010
CLIMATE RECORD PERIOD 1910 TO 2020


WEATHER ITEM   OBSERVED TIME   RECORD YEAR NORMAL DEPARTURE LAST
                VALUE   (LST)  VALUE       VALUE  FROM      YEAR
                                                  NORMAL
...................................................................
TEMPERATURE (F)
 YESTERDAY
  MAXIMUM         77   1230 AM  87    1950  72      5       75
  MINIMUM         52   1159 PM  24    1952  47      5       64
  AVERAGE         65                        59      6       70

PRECIPITATION (IN)
  YESTERDAY        0.10          0.72 1935   0.06   0.04     0.04
  MONTH TO DATE    1.84                      3.13  -1.29     2.33
  SINCE SEP 1      7.11                      7.53  -0.42     5.96
  SINCE JAN 1     50.18                     38.96  11.22    34.87

DEGREE DAYS
 HEATING
  YESTERDAY        0                         7     -7        0
  MONTH TO DATE   33                       112    -79       38
  SINCE SEP 1     46                       121    -75       38
  SINCE JUL 1     46                       121    -75       38

 COOLING
  YESTERDAY        0                         1     -1        5
  MONTH TO DATE  108                        69     39      151
  SINCE SEP 1    387                       337     50      552
  SINCE JAN 1   2132                      1977    155     2520
...................................................................


WIND (MPH)
  HIGHEST WIND SPEED    30   HIGHEST WIND DIRECTION     W (250)
  HIGHEST GUST SPEED    37   HIGHEST GUST DIRECTION    SW (230)
  AVERAGE WIND SPEED    12.2


SKY COVER
  POSSIBLE SUNSHINE  MM
  AVERAGE SKY COVER 0.1


WEATHER CONDITIONS
THE FOLLOWING WEATHER WAS RECORDED YESTERDAY.
  HEAVY RAIN
  LIGHT RAIN
  HAZE


RELATIVE HUMIDITY (PERCENT)
 HIGHEST    87           200 AM
 LOWEST     36           400 PM
 AVERAGE    62

..........................................................


THE FAYETTEVILLE REGL AIRPORT NC CLIMATE NORMALS FOR TODAY
                         NORMAL    RECORD    YEAR
 MAXIMUM TEMPERATURE (F)   72        88      1933
 MINIMUM TEMPERATURE (F)   47        27      1952


SUNRISE AND SUNSET
OCTOBER 31 2020.......SUNRISE   736 AM EDT   SUNSET   622 PM EDT
NOVEMBER  1 2020......SUNRISE   637 AM EST   SUNSET   521 PM EST


-  INDICATES NEGATIVE NUMBERS.
R  INDICATES RECORD WAS SET OR TIED.
MM INDICATES DATA IS MISSING.
T  INDICATES TRACE AMOUNT.




$$
