000
CDUS42 KRAH 152047
CLIFAY


CLIMATE REPORT
NATIONAL WEATHER SERVICE RALEIGH NC
444 PM EDT MON OCT 15 2018


...................................

...THE FAYETTEVILLE REGL AIRPORT NC CLIMATE SUMMARY FOR OCTOBER 15 2018...
VALID TODAY AS OF 0444 PM LOCAL TIME.

CLIMATE NORMAL PERIOD 1981 TO 2010
CLIMATE RECORD PERIOD 1910 TO 2018


WEATHER ITEM   OBSERVED TIME   RECORD YEAR NORMAL DEPARTURE LAST
                VALUE   (LST)  VALUE       VALUE  FROM      YEAR
                                                  NORMAL
..................................................................
TEMPERATURE (F)
 TODAY
  MAXIMUM         83    305 PM  91    1931  75      8       82
  MINIMUM         60    139 AM  28    1934  52      8       62
  AVERAGE         72                        64      8       72

PRECIPITATION (IN)
  TODAY            0.00          1.80 1995   0.09  -0.09     0.00
  MONTH TO DATE    1.04                      1.97  -0.93     1.34
  SINCE SEP 1     16.58                      6.37  10.21     5.07
  SINCE JAN 1     46.17                     37.80   8.37    36.87

DEGREE DAYS
 HEATING
  TODAY            0                         3     -3        0
  MONTH TO DATE    3                        32    -29        1
  SINCE SEP 1      3                        41    -38        3
  SINCE JUL 1      3                        41    -38        3

 COOLING
  TODAY            7                         2      5        7
  MONTH TO DATE  153                        47    106      132
  SINCE SEP 1    616                       315    301      456
  SINCE JAN 1   2557                      1955    602     2435
..................................................................


WIND (MPH)
  HIGHEST WIND SPEED    10   HIGHEST WIND DIRECTION     S (180)
  HIGHEST GUST SPEED    13   HIGHEST GUST DIRECTION     S (180)
  AVERAGE WIND SPEED     3.2


SKY COVER
  POSSIBLE SUNSHINE  MM
  AVERAGE SKY COVER 0.5


WEATHER CONDITIONS
 THE FOLLOWING WEATHER WAS RECORDED TODAY.
  NO SIGNIFICANT WEATHER WAS OBSERVED.


RELATIVE HUMIDITY (PERCENT)
 HIGHEST    97          1200 AM
 LOWEST     63           300 PM
 AVERAGE    80

..........................................................


THE FAYETTEVILLE REGL AIRPORT NC CLIMATE NORMALS FOR TOMORROW
                         NORMAL    RECORD    YEAR
 MAXIMUM TEMPERATURE (F)   75        90      1925
 MINIMUM TEMPERATURE (F)   52        31      1944


SUNRISE AND SUNSET
OCTOBER 15 2018.......SUNRISE   721 AM EDT   SUNSET   641 PM EDT
OCTOBER 16 2018.......SUNRISE   722 AM EDT   SUNSET   639 PM EDT


-  INDICATES NEGATIVE NUMBERS.
R  INDICATES RECORD WAS SET OR TIED.
MM INDICATES DATA IS MISSING.
T  INDICATES TRACE AMOUNT.




$$
