000
CDUS42 KRAH 040638
CLIFAY

CLIMATE REPORT
NATIONAL WEATHER SERVICE RALEIGH NC
238 AM EDT THU JUN 04 2020

...................................

...THE FAYETTEVILLE REGL AIRPORT NC CLIMATE SUMMARY FOR JUNE 3 2020...

CLIMATE NORMAL PERIOD 1981 TO 2010
CLIMATE RECORD PERIOD 1910 TO 2020


WEATHER ITEM   OBSERVED TIME   RECORD YEAR NORMAL DEPARTURE LAST
                VALUE   (LST)  VALUE       VALUE  FROM      YEAR
                                                  NORMAL
...................................................................
TEMPERATURE (F)
 YESTERDAY
  MAXIMUM         91    311 PM 102    1943  86      5       88
  MINIMUM         68    545 AM  46    1933  65      3       68
                                      1966
  AVERAGE         80                        76      4       78

PRECIPITATION (IN)
  YESTERDAY        0.00          2.52 1939   0.16  -0.16     0.00
  MONTH TO DATE    0.00                      0.47  -0.47     0.00
  SINCE JUN 1      0.00                      0.47  -0.47     0.00
  SINCE JAN 1     23.64                     16.14   7.50    13.69

DEGREE DAYS
 HEATING
  YESTERDAY        0                         0      0        0
  MONTH TO DATE    0                         0      0        0
  SINCE JUN 1      0                         0      0        0
  SINCE JUL 1   2240                      2732   -492     2484

 COOLING
  YESTERDAY       15                        11      4       13
  MONTH TO DATE   24                        31     -7       36
  SINCE JUN 1     24                        31     -7       36
  SINCE JAN 1    311                       315     -4      527
...................................................................


WIND (MPH)
  HIGHEST WIND SPEED    20   HIGHEST WIND DIRECTION    SW (210)
  HIGHEST GUST SPEED    25   HIGHEST GUST DIRECTION    SW (210)
  AVERAGE WIND SPEED    12.7


SKY COVER
  POSSIBLE SUNSHINE  MM
  AVERAGE SKY COVER 0.0


WEATHER CONDITIONS
THE FOLLOWING WEATHER WAS RECORDED YESTERDAY.
  NO SIGNIFICANT WEATHER WAS OBSERVED.


RELATIVE HUMIDITY (PERCENT)
 HIGHEST    78           400 AM
 LOWEST     47           200 PM
 AVERAGE    63

..........................................................


THE FAYETTEVILLE REGL AIRPORT NC CLIMATE NORMALS FOR TODAY
                         NORMAL    RECORD    YEAR
 MAXIMUM TEMPERATURE (F)   87       103      1943
 MINIMUM TEMPERATURE (F)   65        48      1929
                                             1988


SUNRISE AND SUNSET
JUNE  4 2020..........SUNRISE   602 AM EDT   SUNSET   826 PM EDT
JUNE  5 2020..........SUNRISE   602 AM EDT   SUNSET   827 PM EDT


-  INDICATES NEGATIVE NUMBERS.
R  INDICATES RECORD WAS SET OR TIED.
MM INDICATES DATA IS MISSING.
T  INDICATES TRACE AMOUNT.




$$
