000
CDUS42 KRAH 230539
CLIFAY


CLIMATE REPORT
NATIONAL WEATHER SERVICE RALEIGH NC
1238 AM EST WED JAN 23 2019


...................................

...THE FAYETTEVILLE REGL AIRPORT NC CLIMATE SUMMARY FOR JANUARY 22 2019...

CLIMATE NORMAL PERIOD 1981 TO 2010
CLIMATE RECORD PERIOD 1910 TO 2019


WEATHER ITEM   OBSERVED TIME   RECORD YEAR NORMAL DEPARTURE LAST
                VALUE   (LST)  VALUE       VALUE  FROM      YEAR
                                                  NORMAL
..................................................................
TEMPERATURE (F)
 YESTERDAY
  MAXIMUM         41    451 PM  79    1937  55    -14       65
                                      1935
  MINIMUM         19    723 AM  -1    1985  33    -14       37
  AVERAGE         30                        44    -14       51

PRECIPITATION (IN)
  YESTERDAY        0.00          1.29 1987   0.11  -0.11     0.00
  MONTH TO DATE    1.86                      2.13  -0.27     0.62
  SINCE DEC 1      7.86                      4.78   3.08     3.59
  SINCE JAN 1      1.86                      2.13  -0.27     0.62

DEGREE DAYS
 HEATING
  YESTERDAY       35                        21     14       14
  MONTH TO DATE  407                       479    -72      606
  SINCE DEC 1    889                      1090   -201     1186
  SINCE JUL 1   1404                      1538   -134     1619

 COOLING
  YESTERDAY        0                         0      0        0
  MONTH TO DATE    3                         0      3        0
  SINCE DEC 1      5                         2      3        0
  SINCE JAN 1      3                         0      3        0
..................................................................


WIND (MPH)
  HIGHEST WIND SPEED    10   HIGHEST WIND DIRECTION    NE (60)
  HIGHEST GUST SPEED    13   HIGHEST GUST DIRECTION    NE (30)
  AVERAGE WIND SPEED     4.5


SKY COVER
  POSSIBLE SUNSHINE  MM
  AVERAGE SKY COVER 0.0


WEATHER CONDITIONS
 THE FOLLOWING WEATHER WAS RECORDED YESTERDAY.
  NO SIGNIFICANT WEATHER WAS OBSERVED.


RELATIVE HUMIDITY (PERCENT)
 HIGHEST    77           400 AM
 LOWEST     20           300 PM
 AVERAGE    49

..........................................................


THE FAYETTEVILLE REGL AIRPORT NC CLIMATE NORMALS FOR TODAY
                         NORMAL    RECORD    YEAR
 MAXIMUM TEMPERATURE (F)   55        79      1999
                                             1937
 MINIMUM TEMPERATURE (F)   34         9      1970


SUNRISE AND SUNSET
JANUARY 23 2019.......SUNRISE   720 AM EST   SUNSET   535 PM EST
JANUARY 24 2019.......SUNRISE   720 AM EST   SUNSET   536 PM EST


-  INDICATES NEGATIVE NUMBERS.
R  INDICATES RECORD WAS SET OR TIED.
MM INDICATES DATA IS MISSING.
T  INDICATES TRACE AMOUNT.




$$
