000
CDUS42 KFFC 140816
CLIFFC

CLIMATE REPORT
NATIONAL WEATHER SERVICE PEACHTREE CITY GA
416 AM EDT FRI AUG 14 2020

...................................

...THE PEACHTREE CITY CLIMATE SUMMARY FOR AUGUST 13 2020...

CLIMATE NORMAL PERIOD: 1981 TO 2010
CLIMATE RECORD PERIOD: 9999 TO 9999


WEATHER ITEM   OBSERVED TIME   RECORD YEAR NORMAL DEPARTURE LAST
                VALUE   (LST)  VALUE       VALUE  FROM      YEAR
                                                  NORMAL
...................................................................
TEMPERATURE (F)
 YESTERDAY
  MAXIMUM         92   5:08 PM  MM      MM  89      3       99
  MINIMUM         70   6:38 AM  MM      MM  69      1       76
  AVERAGE         81                        79      2       88

PRECIPITATION (IN)
  YESTERDAY        0.93         MM      MM   0.13   0.80     0.00
  MONTH TO DATE    2.36                      1.62   0.74     0.70
  SINCE JUN 1      8.50                     10.51  -2.01    11.56
  SINCE JAN 1     41.00                     32.03   8.97    32.32

SNOWFALL (IN)
  YESTERDAY       MM            MM      MM  MM     MM        0.0
  MONTH TO DATE    0.0                       0.0    0.0      0.0
  SINCE JUN 1      0.0                      MM     MM        0.0
  SINCE JUL 1      0.0                      MM     MM        0.0
  SNOW DEPTH      MM

DEGREE DAYS
 HEATING
  YESTERDAY        0                         0      0        0
  MONTH TO DATE    0                         0      0        0
  SINCE JUN 1      0                         1     -1        0
  SINCE JUL 1      0                         0      0        0

 COOLING
  YESTERDAY       16                        14      2       23
  MONTH TO DATE  205                       184     21      246
  SINCE JUN 1   1037                       954     83     1132
  SINCE JAN 1   1329                      1144    185     1539
...................................................................


WIND (MPH)
  RESULTANT WIND SPEED   1   RESULTANT WIND DIRECTION  NW (310)
  HIGHEST WIND SPEED    13   HIGHEST WIND DIRECTION    NW (300)
  HIGHEST GUST SPEED    17   HIGHEST GUST DIRECTION    NW (310)
  AVERAGE WIND SPEED     3.3


SKY COVER
  POSSIBLE SUNSHINE  MM
  AVERAGE SKY COVER 0.2


WEATHER CONDITIONS
THE FOLLOWING WEATHER WAS RECORDED YESTERDAY.
  THUNDERSTORM
  HEAVY RAIN
  RAIN
  LIGHT RAIN
  FOG
  HAZE


RELATIVE HUMIDITY (PERCENT)
 HIGHEST   100           4:00 AM
 LOWEST     47           5:00 PM
 AVERAGE    74

..........................................................


THE PEACHTREE CITY CLIMATE NORMALS FOR TODAY
                         NORMAL    RECORD    YEAR
 MAXIMUM TEMPERATURE (F)   89        MM        MM
 MINIMUM TEMPERATURE (F)   69        MM        MM


SUNRISE AND SUNSET
AUGUST 14 2020........SUNRISE   7:01 AM EDT   SUNSET   8:25 PM EDT
AUGUST 15 2020........SUNRISE   7:01 AM EDT   SUNSET   8:24 PM EDT


-  INDICATES NEGATIVE NUMBERS.
R  INDICATES RECORD WAS SET OR TIED.
MM INDICATES DATA IS MISSING.
T  INDICATES TRACE AMOUNT.




$$
