047
CDUS43 KLMK 230626
CLIFFT


CLIMATE REPORT
NATIONAL WEATHER SERVICE LOUISVILLE KY
126 AM EST FRI FEB 23 2018


...................................

...THE FRANKFORT KY CLIMATE SUMMARY FOR FEBRUARY 22 2018...

CLIMATE NORMAL PERIOD 1981 TO 2010
CLIMATE RECORD PERIOD 1895 TO 2018


WEATHER ITEM   OBSERVED TIME   RECORD YEAR NORMAL DEPARTURE LAST
                VALUE   (LST)  VALUE       VALUE  FROM      YEAR
                                                  NORMAL
..................................................................
TEMPERATURE (F)
 YESTERDAY
  MAXIMUM         50   1159 PM  72    1922  48      2       70
  MINIMUM         42    815 AM  -6    1963  28     14       56
  AVERAGE         46                        38      8       63

PRECIPITATION (IN)
  YESTERDAY        2.15R         1.55 1971   0.14   2.01     0.03
  MONTH TO DATE    6.27                      2.52   3.75     1.37
  SINCE DEC 1      9.68                      9.79  -0.11    10.78
  SINCE JAN 1      7.85                      5.78   2.07     5.31

SNOWFALL (IN)
  YESTERDAY       MM            MM      MM  MM     MM       MM
  MONTH TO DATE   MM                        MM     MM       MM
  SINCE DEC 1     MM                        MM     MM       MM
  SINCE JUL 1     MM                        MM     MM       MM
  SNOW DEPTH      MM

DEGREE DAYS
 HEATING
  YESTERDAY       19                        27     -8        2
  MONTH TO DATE  512                       644   -132      441
  SINCE DEC 1   2497                      2571    -74     2074
  SINCE JUL 1   3305                      3482   -177     2692

 COOLING
  YESTERDAY        0                         0      0        0
  MONTH TO DATE    7                         0      7        0
  SINCE DEC 1      7                         0      7        0
  SINCE JAN 1      7                         0      7        0
..................................................................


WIND (MPH)
  HIGHEST WIND SPEED    14   HIGHEST WIND DIRECTION     E (70)
  HIGHEST GUST SPEED    20   HIGHEST GUST DIRECTION    NE (50)
  AVERAGE WIND SPEED     7.1


SKY COVER
  POSSIBLE SUNSHINE  MM
  AVERAGE SKY COVER 1.0


WEATHER CONDITIONS
 THE FOLLOWING WEATHER WAS RECORDED YESTERDAY.
  HEAVY RAIN
  RAIN
  LIGHT RAIN
  FOG


RELATIVE HUMIDITY (PERCENT)
 HIGHEST    93           900 PM
 LOWEST     82          1200 PM
 AVERAGE    88

..........................................................


THE FRANKFORT KY CLIMATE NORMALS FOR TODAY
                         NORMAL    RECORD    YEAR
 MAXIMUM TEMPERATURE (F)   48        71      2017
                                             1983
 MINIMUM TEMPERATURE (F)   28        -5      1963


SUNRISE AND SUNSET
FEBRUARY 23 2018......SUNRISE   720 AM EST   SUNSET   627 PM EST
FEBRUARY 24 2018......SUNRISE   718 AM EST   SUNSET   628 PM EST


-  INDICATES NEGATIVE NUMBERS.
R  INDICATES RECORD WAS SET OR TIED.
MM INDICATES DATA IS MISSING.
T  INDICATES TRACE AMOUNT.




$$
