000
CDUS43 KLMK 211351
CLIFFT

CLIMATE REPORT
NATIONAL WEATHER SERVICE LOUISVILLE KY
950 AM EDT WED OCT 21 2020


...................................

...THE FRANKFORT KY CLIMATE SUMMARY FOR OCTOBER 20 2020...

CLIMATE NORMAL PERIOD 1981 TO 2010
CLIMATE RECORD PERIOD 1895 TO 2020


WEATHER ITEM   OBSERVED TIME   RECORD YEAR NORMAL DEPARTURE LAST
                VALUE   (LST)  VALUE       VALUE  FROM      YEAR
                                                  NORMAL
..................................................................
TEMPERATURE (F)
 YESTERDAY
  MAXIMUM         69    441 PM  90    1953  67      2       75
  MINIMUM         57   1158 PM  24    1930  43     14       58
  AVERAGE         63                        55      8       67

PRECIPITATION (IN)
  YESTERDAY        0.75          2.23 1993   0.11   0.64     0.00
  MONTH TO DATE    2.33                      2.04   0.29     4.46
  SINCE SEP 1      4.10                      5.37  -1.27     4.54
  SINCE JAN 1     43.00                     36.68   6.32    44.61

SNOWFALL (IN)
  YESTERDAY       MM            MM      MM  MM     MM       MM
  MONTH TO DATE   MM                        MM     MM       MM
  SINCE SEP 1     MM                        MM     MM       MM
  SINCE JUL 1     MM                        MM     MM       MM
  SNOW DEPTH      MM

DEGREE DAYS
 HEATING
  YESTERDAY        2                        10     -8        0
  MONTH TO DATE  136                       155    -19      123
  SINCE SEP 1    173                       208    -35      123
  SINCE JUL 1    173                       209    -36      123

 COOLING
  YESTERDAY        0                         0      0        2
  MONTH TO DATE   13                        15     -2       62
  SINCE SEP 1    173                       148     25      382
  SINCE JAN 1   1375                      1150    225     1643
..................................................................


WIND (MPH)
  HIGHEST WIND SPEED    15   HIGHEST WIND DIRECTION     S (160)
  HIGHEST GUST SPEED    23   HIGHEST GUST DIRECTION     S (160)
  AVERAGE WIND SPEED     3.5


SKY COVER
  POSSIBLE SUNSHINE  MM
  AVERAGE SKY COVER 0.9


WEATHER CONDITIONS
 THE FOLLOWING WEATHER WAS RECORDED YESTERDAY.
  THUNDERSTORM
  HEAVY RAIN
  RAIN
  LIGHT RAIN
  FOG
  FOG W/VISIBILITY <= 1/4 MILE


RELATIVE HUMIDITY (PERCENT)
 HIGHEST   100          1000 PM
 LOWEST     81           300 PM
 AVERAGE    91

..........................................................


THE FRANKFORT KY CLIMATE NORMALS FOR TODAY
                         NORMAL    RECORD    YEAR
 MAXIMUM TEMPERATURE (F)   67        88      1963
 MINIMUM TEMPERATURE (F)   43        21      1952


SUNRISE AND SUNSET
OCTOBER 21 2020.......SUNRISE   755 AM EDT   SUNSET   653 PM EDT
OCTOBER 22 2020.......SUNRISE   756 AM EDT   SUNSET   652 PM EDT


-  INDICATES NEGATIVE NUMBERS.
R  INDICATES RECORD WAS SET OR TIED.
MM INDICATES DATA IS MISSING.
T  INDICATES TRACE AMOUNT.




$$
