000
CDUS43 KLMK 172029
CLIFFT


CLIMATE REPORT
NATIONAL WEATHER SERVICE LOUISVILLE KY
429 PM EDT SUN JUN 17 2018


...................................

...THE FRANKFORT KY CLIMATE SUMMARY FOR JUNE 17 2018...
VALID TODAY AS OF 0400 PM LOCAL TIME.

CLIMATE NORMAL PERIOD 1981 TO 2010
CLIMATE RECORD PERIOD 1895 TO 2018


WEATHER ITEM   OBSERVED TIME   RECORD YEAR NORMAL DEPARTURE LAST
                VALUE   (LST)  VALUE       VALUE  FROM      YEAR
                                                  NORMAL
..................................................................
TEMPERATURE (F)
 TODAY
  MAXIMUM         94    233 PM  99    1952  84     10       90
                                      1936
  MINIMUM         68    544 AM  43    1917  62      6       66
  AVERAGE         81                        73      8       78

PRECIPITATION (IN)
  TODAY            0.00          1.97 1898   0.13  -0.13     0.00
  MONTH TO DATE    1.66                      2.64  -0.98     0.78
  SINCE JUN 1      1.66                      2.64  -0.98     0.78
  SINCE JAN 1     28.70                     22.11   6.59    21.26

SNOWFALL (IN)
  TODAY           MM            MM      MM  MM     MM       MM
  MONTH TO DATE   MM                        MM     MM       MM
  SINCE JUN 1     MM                        MM     MM       MM
  SINCE JUL 1     MM                        MM     MM       MM
  SNOW DEPTH      MM

DEGREE DAYS
 HEATING
  TODAY            0                         0      0        0
  MONTH TO DATE    0                         9     -9        1
  SINCE JUN 1      0                         9     -9        1
  SINCE JUL 1   4493                      4699   -206     3532

 COOLING
  TODAY           16                         8      8       13
  MONTH TO DATE  165                       111     54      133
  SINCE JUN 1    165                       111     54      133
  SINCE JAN 1    446                       210    236      319
..................................................................


WIND (MPH)
  HIGHEST WIND SPEED     9   HIGHEST WIND DIRECTION     S (190)
  HIGHEST GUST SPEED    13   HIGHEST GUST DIRECTION     S (170)
  AVERAGE WIND SPEED     1.4


SKY COVER
  POSSIBLE SUNSHINE  MM
  AVERAGE SKY COVER 0.1


WEATHER CONDITIONS
 THE FOLLOWING WEATHER WAS RECORDED TODAY.
  FOG


RELATIVE HUMIDITY (PERCENT)
 HIGHEST    90           300 AM
 LOWEST     44          1200 PM
 AVERAGE    67

..........................................................


THE FRANKFORT KY CLIMATE NORMALS FOR TOMORROW
                         NORMAL    RECORD    YEAR
 MAXIMUM TEMPERATURE (F)   84       101      1944
 MINIMUM TEMPERATURE (F)   63        48      1981


SUNRISE AND SUNSET
JUNE 17 2018..........SUNRISE   616 AM EDT   SUNSET   905 PM EDT
JUNE 18 2018..........SUNRISE   616 AM EDT   SUNSET   905 PM EDT


-  INDICATES NEGATIVE NUMBERS.
R  INDICATES RECORD WAS SET OR TIED.
MM INDICATES DATA IS MISSING.
T  INDICATES TRACE AMOUNT.




$$
