000
CDUS43 KLMK 142130
CLIFFT


CLIMATE REPORT
NATIONAL WEATHER SERVICE LOUISVILLE KY
430 PM EST FRI DEC 14 2018


...................................

...THE FRANKFORT KY CLIMATE SUMMARY FOR DECEMBER 14 2018...
VALID TODAY AS OF 0400 PM LOCAL TIME.

CLIMATE NORMAL PERIOD 1981 TO 2010
CLIMATE RECORD PERIOD 1895 TO 2018


WEATHER ITEM   OBSERVED TIME   RECORD YEAR NORMAL DEPARTURE LAST
                VALUE   (LST)  VALUE       VALUE  FROM      YEAR
                                                  NORMAL
..................................................................
TEMPERATURE (F)
 TODAY
  MAXIMUM         53    112 PM  72    1927  44      9       44
  MINIMUM         44    412 AM  -3    1962  26     18       27
  AVERAGE         49                        35     14       36

PRECIPITATION (IN)
  TODAY            0.02          1.18 1899   0.12  -0.10     0.00
  MONTH TO DATE    1.03                      1.99  -0.96     0.61
  SINCE DEC 1      1.03                      1.99  -0.96     0.61
  SINCE JAN 1     64.57                     43.60  20.97    47.52

SNOWFALL (IN)
  TODAY           MM            MM      MM  MM     MM       MM
  MONTH TO DATE   MM                        MM     MM       MM
  SINCE DEC 1     MM                        MM     MM       MM
  SINCE JUL 1     MM                        MM     MM       MM
  SNOW DEPTH      MM

DEGREE DAYS
 HEATING
  TODAY           16                        30    -14       29
  MONTH TO DATE  352                       385    -33      400
  SINCE DEC 1    352                       385    -33      400
  SINCE JUL 1   1353                      1296     57     1208

 COOLING
  TODAY            0                         0      0        0
  MONTH TO DATE    0                         0      0        0
  SINCE DEC 1      0                         0      0        0
  SINCE JAN 1   1746                      1155    591     1279
..................................................................


WIND (MPH)
  HIGHEST WIND SPEED    10   HIGHEST WIND DIRECTION     E (80)
  HIGHEST GUST SPEED    15   HIGHEST GUST DIRECTION    NE (50)
  AVERAGE WIND SPEED     4.3


SKY COVER
  POSSIBLE SUNSHINE  MM
  AVERAGE SKY COVER 0.8


WEATHER CONDITIONS
 THE FOLLOWING WEATHER WAS RECORDED TODAY.
  LIGHT RAIN


RELATIVE HUMIDITY (PERCENT)
 HIGHEST    77           200 PM
 LOWEST     56           900 AM
 AVERAGE    67

..........................................................


THE FRANKFORT KY CLIMATE NORMALS FOR TOMORROW
                         NORMAL    RECORD    YEAR
 MAXIMUM TEMPERATURE (F)   44        70      1984
                                             1975
 MINIMUM TEMPERATURE (F)   26        -8      1917


SUNRISE AND SUNSET
DECEMBER 14 2018......SUNRISE   748 AM EST   SUNSET   520 PM EST
DECEMBER 15 2018......SUNRISE   749 AM EST   SUNSET   521 PM EST


-  INDICATES NEGATIVE NUMBERS.
R  INDICATES RECORD WAS SET OR TIED.
MM INDICATES DATA IS MISSING.
T  INDICATES TRACE AMOUNT.




$$
