506
CDUS43 KLMK 270627
CLIFFT


CLIMATE REPORT
NATIONAL WEATHER SERVICE LOUISVILLE KY
126 AM EST THU FEB 27 2020


...................................

...THE FRANKFORT KY CLIMATE SUMMARY FOR FEBRUARY 26 2020...

CLIMATE NORMAL PERIOD 1981 TO 2010
CLIMATE RECORD PERIOD 1895 TO 2020


WEATHER ITEM   OBSERVED TIME   RECORD YEAR NORMAL DEPARTURE LAST
                VALUE   (LST)  VALUE       VALUE  FROM      YEAR
                                                  NORMAL
..................................................................
TEMPERATURE (F)
 YESTERDAY
  MAXIMUM         48   1203 AM  75    2000  49     -1       56
  MINIMUM         30   1159 PM  -3    1967  29      1       22
  AVERAGE         39                        39      0       39

PRECIPITATION (IN)
  YESTERDAY        0.20          1.51 1930   0.13   0.07     0.00
  MONTH TO DATE    4.17                      3.04   1.13     7.73
  SINCE DEC 1     12.39                     10.31   2.08    16.68
  SINCE JAN 1      8.07                      6.30   1.77    11.28

SNOWFALL (IN)
  YESTERDAY       MM            MM      MM  MM     MM       MM
  MONTH TO DATE   MM                        MM     MM       MM
  SINCE DEC 1     MM                        MM     MM       MM
  SINCE JUL 1     MM                        MM     MM       MM
  SNOW DEPTH      MM

DEGREE DAYS
 HEATING
  YESTERDAY       26                        26      0       26
  MONTH TO DATE  674                       749    -75      588
  SINCE DEC 1   2144                      2676   -532     2305
  SINCE JUL 1   3089                      3587   -498     3306

 COOLING
  YESTERDAY        0                         0      0        0
  MONTH TO DATE    0                         0      0        0
  SINCE DEC 1      0                         0      0        0
  SINCE JAN 1      0                         0      0        0
..................................................................


WIND (MPH)
  HIGHEST WIND SPEED    17   HIGHEST WIND DIRECTION    NW (310)
  HIGHEST GUST SPEED    30   HIGHEST GUST DIRECTION     W (280)
  AVERAGE WIND SPEED     8.9


SKY COVER
  POSSIBLE SUNSHINE  MM
  AVERAGE SKY COVER 1.0


WEATHER CONDITIONS
 THE FOLLOWING WEATHER WAS RECORDED YESTERDAY.
  LIGHT RAIN
  LIGHT SNOW
  FOG


RELATIVE HUMIDITY (PERCENT)
 HIGHEST    92           400 AM
 LOWEST     66          1000 PM
 AVERAGE    79

..........................................................


THE FRANKFORT KY CLIMATE NORMALS FOR TODAY
                         NORMAL    RECORD    YEAR
 MAXIMUM TEMPERATURE (F)   50        73      1977
 MINIMUM TEMPERATURE (F)   29        -9      1934


SUNRISE AND SUNSET
FEBRUARY 27 2020......SUNRISE   715 AM EST   SUNSET   630 PM EST
FEBRUARY 28 2020......SUNRISE   713 AM EST   SUNSET   631 PM EST


-  INDICATES NEGATIVE NUMBERS.
R  INDICATES RECORD WAS SET OR TIED.
MM INDICATES DATA IS MISSING.
T  INDICATES TRACE AMOUNT.




$$
