000
CDUS43 KLMK 200628
CLIFFT


CLIMATE REPORT
NATIONAL WEATHER SERVICE LOUISVILLE KY
227 AM EDT THU SEP 20 2018


...................................

...THE FRANKFORT KY CLIMATE SUMMARY FOR SEPTEMBER 19 2018...

CLIMATE NORMAL PERIOD 1981 TO 2010
CLIMATE RECORD PERIOD 1895 TO 2018


WEATHER ITEM   OBSERVED TIME   RECORD YEAR NORMAL DEPARTURE LAST
                VALUE   (LST)  VALUE       VALUE  FROM      YEAR
                                                  NORMAL
..................................................................
TEMPERATURE (F)
 YESTERDAY
  MAXIMUM         91    352 PM  98    1953  78     13       77
  MINIMUM         66    626 AM  37    1916  54     12       64
  AVERAGE         79                        66     13       71

PRECIPITATION (IN)
  YESTERDAY        0.04          1.17 1966   0.09  -0.05     0.66
  MONTH TO DATE    2.10                      2.15  -0.05     4.96
  SINCE SEP 1      2.10                      2.15  -0.05     4.96
  SINCE JAN 1     47.72                     33.46  14.26    38.68

SNOWFALL (IN)
  YESTERDAY       MM            MM      MM  MM     MM       MM
  MONTH TO DATE   MM                        MM     MM       MM
  SINCE SEP 1     MM                        MM     MM       MM
  SINCE JUL 1     MM                        MM     MM       MM
  SNOW DEPTH      MM

DEGREE DAYS
 HEATING
  YESTERDAY        0                         2     -2        0
  MONTH TO DATE    2                        13    -11       29
  SINCE SEP 1      2                        13    -11       29
  SINCE JUL 1      2                        14    -12       29

 COOLING
  YESTERDAY       14                         3     11        6
  MONTH TO DATE  220                       106    114       54
  SINCE SEP 1    220                       106    114       54
  SINCE JAN 1   1578                      1108    470     1141
..................................................................


WIND (MPH)
  HIGHEST WIND SPEED    10   HIGHEST WIND DIRECTION     N (10)
  HIGHEST GUST SPEED    17   HIGHEST GUST DIRECTION     N (360)
  AVERAGE WIND SPEED     1.6


SKY COVER
  POSSIBLE SUNSHINE  MM
  AVERAGE SKY COVER 0.1


WEATHER CONDITIONS
 THE FOLLOWING WEATHER WAS RECORDED YESTERDAY.
  LIGHT RAIN
  FOG


RELATIVE HUMIDITY (PERCENT)
 HIGHEST    97          1200 AM
 LOWEST     52           400 PM
 AVERAGE    75

..........................................................


THE FRANKFORT KY CLIMATE NORMALS FOR TODAY
                         NORMAL    RECORD    YEAR
 MAXIMUM TEMPERATURE (F)   78        97      1954
 MINIMUM TEMPERATURE (F)   54        37      1897


SUNRISE AND SUNSET
SEPTEMBER 20 2018.....SUNRISE   726 AM EDT   SUNSET   740 PM EDT
SEPTEMBER 21 2018.....SUNRISE   726 AM EDT   SUNSET   738 PM EDT


-  INDICATES NEGATIVE NUMBERS.
R  INDICATES RECORD WAS SET OR TIED.
MM INDICATES DATA IS MISSING.
T  INDICATES TRACE AMOUNT.




$$
