000
CDUS43 KFGF 082134
CLIFGF

CLIMATE REPORT
NATIONAL WEATHER SERVICE GRAND FORKS
434 PM CDT SAT MAY 08 2021

...................................

...THE GRAND FORKS UNIV. (NWS) ND CLIMATE SUMMARY FOR MAY 8 2021...
VALID TODAY AS OF 0445 PM LOCAL TIME.

CLIMATE NORMAL PERIOD 1981 TO 2010
CLIMATE RECORD PERIOD 1893 TO 2021


WEATHER ITEM   OBSERVED TIME   RECORD YEAR NORMAL DEPARTURE LAST
                VALUE   (LST)  VALUE       VALUE  FROM      YEAR
                                                  NORMAL
...................................................................
TEMPERATURE (F)
 TODAY
  MAXIMUM         61        MM  92    1985  66     -5       51
  MINIMUM         33        MM  22    1929  40     -7       27
  AVERAGE         47                        53     -6       39

PRECIPITATION (IN)
  TODAY            0.00          1.18 1927   0.08  -0.08     0.00
  MONTH TO DATE    0.35                      0.54  -0.19     0.64
  SINCE MAR 1      1.62                      2.54  -0.92     2.90
  SINCE JAN 1      2.08                      3.84  -1.76     3.68

SNOWFALL (IN)
  TODAY            0.0           4.1  1938   0.0    0.0      0.0
  MONTH TO DATE    0.0                       0.1   -0.1      0.0
  SINCE MAR 1      1.3                       8.1   -6.8     19.0
  SINCE JUL 1     17.1                      43.4  -26.3     71.9
  SNOW DEPTH       0

DEGREE DAYS
 HEATING
  TODAY           18                        12      6       26
  MONTH TO DATE  137                       108     29      154
  SINCE MAR 1   1750                      1963   -213     2186
  SINCE JUL 1   8268                      8923   -655     9223

 COOLING
  TODAY            0                         1     -1        0
  MONTH TO DATE    1                         3     -2        0
  SINCE MAR 1      1                         6     -5        0
  SINCE JAN 1      1                         6     -5        0
...................................................................


WIND (MPH)
  HIGHEST WIND SPEED    MM   HIGHEST WIND DIRECTION    MM
  HIGHEST GUST SPEED    MM   HIGHEST GUST DIRECTION    MM
  AVERAGE WIND SPEED    MM


SKY COVER
  POSSIBLE SUNSHINE  MM
  AVERAGE SKY COVER  MM


WEATHER CONDITIONS
THE FOLLOWING WEATHER WAS RECORDED TODAY.
  NO SIGNIFICANT WEATHER WAS OBSERVED.


RELATIVE HUMIDITY (PERCENT)
 HIGHEST    MM
 LOWEST     MM
 AVERAGE    MM

..........................................................


THE GRAND FORKS UNIV. (NWS) ND CLIMATE NORMALS FOR TOMORROW
                         NORMAL    RECORD    YEAR
 MAXIMUM TEMPERATURE (F)   66        90      1992
 MINIMUM TEMPERATURE (F)   41        20      1945


SUNRISE AND SUNSET
MAY  8 2021...........SUNRISE   559 AM CDT   SUNSET   852 PM CDT
MAY  9 2021...........SUNRISE   558 AM CDT   SUNSET   853 PM CDT


-  INDICATES NEGATIVE NUMBERS.
R  INDICATES RECORD WAS SET OR TIED.
MM INDICATES DATA IS MISSING.
T  INDICATES TRACE AMOUNT.




$$
