844
CDUS43 KFGF 180709
CLIFGF


CLIMATE REPORT
NATIONAL WEATHER SERVICE EASTERN NORTH DAKOTA/GRAND FORKS
109 AM CST TUE DEC 18 2018


...................................

...THE GRAND FORKS UNIV. (NWS) ND CLIMATE SUMMARY FOR DECEMBER 17 2018...

CLIMATE NORMAL PERIOD 1981 TO 2010
CLIMATE RECORD PERIOD 1893 TO 2018


WEATHER ITEM   OBSERVED TIME   RECORD YEAR NORMAL DEPARTURE LAST
                VALUE   (LST)  VALUE       VALUE  FROM      YEAR
                                                  NORMAL
..................................................................
TEMPERATURE (F)
 YESTERDAY
  MAXIMUM         25        MM  57    1900  19      6       28
  MINIMUM         10        MM -27    1906   4      6       14
  AVERAGE         18                        11      7       21

PRECIPITATION (IN)
  YESTERDAY        0.00          0.57 1942   0.02  -0.02     0.00
  MONTH TO DATE    0.05                      0.34  -0.29     0.86
  SINCE DEC 1      0.05                      0.34  -0.29     0.86
  SINCE JAN 1     23.29                     21.31   1.98    19.13

SNOWFALL (IN)
  YESTERDAY        0.0           7.0  1996   0.4   -0.4      0.0
  MONTH TO DATE    0.5                       5.4   -4.9      7.6
  SINCE DEC 1      0.5                       5.4   -4.9      7.6
  SINCE JUL 1     14.3                      12.5    1.8     16.0
  SNOW DEPTH       3

DEGREE DAYS
 HEATING
  YESTERDAY       47                        54     -7       44
  MONTH TO DATE  746                       858   -112      727
  SINCE DEC 1    746                       858   -112      727
  SINCE JUL 1   3147                      2952    195     2687

 COOLING
  YESTERDAY        0                         0      0        0
  MONTH TO DATE    0                         0      0        0
  SINCE DEC 1      0                         0      0        0
  SINCE JAN 1    663                       463    200      440
..................................................................


WIND (MPH)
  RESULTANT WIND SPEED  MM   RESULTANT WIND DIRECTION  MM
  HIGHEST WIND SPEED    MM   HIGHEST WIND DIRECTION    MM
  HIGHEST GUST SPEED    MM   HIGHEST GUST DIRECTION    MM
  AVERAGE WIND SPEED    MM


SKY COVER
  POSSIBLE SUNSHINE  MM
  AVERAGE SKY COVER  MM


WEATHER CONDITIONS
 THE FOLLOWING WEATHER WAS RECORDED YESTERDAY.
  NO SIGNIFICANT WEATHER WAS OBSERVED.


RELATIVE HUMIDITY (PERCENT)
 HIGHEST    MM
 LOWEST     MM
 AVERAGE    MM

..........................................................


THE GRAND FORKS UNIV. (NWS) ND CLIMATE NORMALS FOR TODAY
                         NORMAL    RECORD    YEAR
 MAXIMUM TEMPERATURE (F)   19        50      2011
 MINIMUM TEMPERATURE (F)    3       -30      1916


SUNRISE AND SUNSET
DECEMBER 18 2018......SUNRISE   813 AM CST   SUNSET   437 PM CST
DECEMBER 19 2018......SUNRISE   814 AM CST   SUNSET   437 PM CST


-  INDICATES NEGATIVE NUMBERS.
R  INDICATES RECORD WAS SET OR TIED.
MM INDICATES DATA IS MISSING.
T  INDICATES TRACE AMOUNT.




$$
