000
CDUS43 KFGF 092153
CLIFGF

CLIMATE REPORT
NATIONAL WEATHER SERVICE GRAND FORKS
453 PM CDT SUN AUG 09 2020

...................................

...THE GRAND FORKS UNIV. (NWS) ND CLIMATE SUMMARY FOR AUGUST 9 2020...
VALID TODAY AS OF 0445 PM LOCAL TIME.

CLIMATE NORMAL PERIOD 1981 TO 2010
CLIMATE RECORD PERIOD 1893 TO 2020


WEATHER ITEM   OBSERVED TIME   RECORD YEAR NORMAL DEPARTURE LAST
                VALUE   (LST)  VALUE       VALUE  FROM      YEAR
                                                  NORMAL
...................................................................
TEMPERATURE (F)
 TODAY
  MAXIMUM         82        MM  99    1920  82      0       79
  MINIMUM         65        MM  42    1917  58      7       50
                                      1927
  AVERAGE         74                        70      4       65

PRECIPITATION (IN)
  TODAY            1.40          2.27 1944   0.09   1.31     0.00
  MONTH TO DATE    1.40                      0.84   0.56     0.55
  SINCE JUN 1     11.17                      7.75   3.42     7.47
  SINCE JAN 1     15.44                     13.80   1.64    14.07

SNOWFALL (IN)
  TODAY            0.0           0.0    MM   0.0    0.0      0.0
  MONTH TO DATE    0.0                       0.0    0.0      0.0
  SINCE JUN 1      0.0                       0.0    0.0      0.0
  SINCE JUL 1      0.0                       0.0    0.0      0.0
  SNOW DEPTH       0

DEGREE DAYS
 HEATING
  TODAY            0                         1     -1        0
  MONTH TO DATE    1                         9     -8        1
  SINCE JUN 1     31                       115    -84       66
  SINCE JUL 1      2                        32    -30        7

 COOLING
  TODAY            9                         6      3        0
  MONTH TO DATE   41                        54    -13       64
  SINCE JUN 1    483                       316    167      392
  SINCE JAN 1    493                       342    151      404
...................................................................


WIND (MPH)
  HIGHEST WIND SPEED    MM   HIGHEST WIND DIRECTION    MM
  HIGHEST GUST SPEED    MM   HIGHEST GUST DIRECTION    MM
  AVERAGE WIND SPEED    MM


SKY COVER
  POSSIBLE SUNSHINE  MM
  AVERAGE SKY COVER  MM


WEATHER CONDITIONS
THE FOLLOWING WEATHER WAS RECORDED TODAY.
  THUNDERSTORM
  HEAVY RAIN
  RAIN
  LIGHT RAIN
  FOG


RELATIVE HUMIDITY (PERCENT)
 HIGHEST    MM
 LOWEST     MM
 AVERAGE    MM

..........................................................


THE GRAND FORKS UNIV. (NWS) ND CLIMATE NORMALS FOR TOMORROW
                         NORMAL    RECORD    YEAR
 MAXIMUM TEMPERATURE (F)   82        99      1988
 MINIMUM TEMPERATURE (F)   58        39      1967


SUNRISE AND SUNSET
AUGUST  9 2020........SUNRISE   616 AM CDT   SUNSET   851 PM CDT
AUGUST 10 2020........SUNRISE   617 AM CDT   SUNSET   849 PM CDT


-  INDICATES NEGATIVE NUMBERS.
R  INDICATES RECORD WAS SET OR TIED.
MM INDICATES DATA IS MISSING.
T  INDICATES TRACE AMOUNT.




$$
