000
CDUS43 KFGF 232154
CLIFGF


CLIMATE REPORT
NATIONAL WEATHER SERVICE EASTERN NORTH DAKOTA/GRAND FORKS
454 PM CDT SAT JUN 23 2018


...................................

...THE GRAND FORKS UNIV. (NWS) ND CLIMATE SUMMARY FOR JUNE 23 2018...
VALID TODAY AS OF 0400 PM LOCAL TIME.

CLIMATE NORMAL PERIOD 1981 TO 2010
CLIMATE RECORD PERIOD 1893 TO 2018


WEATHER ITEM   OBSERVED TIME   RECORD YEAR NORMAL DEPARTURE LAST
                VALUE   (LST)  VALUE       VALUE  FROM      YEAR
                                                  NORMAL
..................................................................
TEMPERATURE (F)
 TODAY
  MAXIMUM         86        MM  94    1900  78      8       67
  MINIMUM         62        MM  36    1967  56      6       54
  AVERAGE         74                        67      7       61

PRECIPITATION (IN)
  TODAY            0.00          3.00 1898   0.12  -0.12      T
  MONTH TO DATE    2.87                      2.86   0.01     2.24
  SINCE JUN 1      2.87                      2.86   0.01     2.24
  SINCE JAN 1      8.14                      8.91  -0.77     6.81

SNOWFALL (IN)
  TODAY            0.0           0.0    MM   0.0    0.0      0.0
  MONTH TO DATE    0.0                       0.0    0.0      0.0
  SINCE JUN 1      0.0                       0.0    0.0      0.0
  SINCE JUL 1     57.0                      43.4   13.6     49.7
  SNOW DEPTH       0

DEGREE DAYS
 HEATING
  TODAY            0                         2     -2        4
  MONTH TO DATE   16                        72    -56       15
  SINCE JUN 1     16                        72    -56       15
  SINCE JUL 1   9297                      9197    100     8077

 COOLING
  TODAY            9                         4      5        0
  MONTH TO DATE  112                        60     52       91
  SINCE JUN 1    112                        60     52       91
  SINCE JAN 1    210                        86    124       91
..................................................................


WIND (MPH)
  HIGHEST WIND SPEED    MM   HIGHEST WIND DIRECTION    MM
  HIGHEST GUST SPEED    MM   HIGHEST GUST DIRECTION    MM
  AVERAGE WIND SPEED    MM


SKY COVER
  POSSIBLE SUNSHINE  MM
  AVERAGE SKY COVER  MM


WEATHER CONDITIONS
 THE FOLLOWING WEATHER WAS RECORDED TODAY.
  NO SIGNIFICANT WEATHER WAS OBSERVED.


RELATIVE HUMIDITY (PERCENT)
 HIGHEST    MM
 LOWEST     MM
 AVERAGE    MM

..........................................................


THE GRAND FORKS UNIV. (NWS) ND CLIMATE NORMALS FOR TOMORROW
                         NORMAL    RECORD    YEAR
 MAXIMUM TEMPERATURE (F)   79        97      1936
 MINIMUM TEMPERATURE (F)   56        39      2004


SUNRISE AND SUNSET
JUNE 23 2018..........SUNRISE   530 AM CDT   SUNSET   932 PM CDT
JUNE 24 2018..........SUNRISE   530 AM CDT   SUNSET   932 PM CDT


-  INDICATES NEGATIVE NUMBERS.
R  INDICATES RECORD WAS SET OR TIED.
MM INDICATES DATA IS MISSING.
T  INDICATES TRACE AMOUNT.




$$
