000
CDUS43 KFGF 180633
CLIFGF


CLIMATE REPORT
NATIONAL WEATHER SERVICE GRAND FORKS ND
133 AM CDT FRI OCT 18 2019


...................................

...THE GRAND FORKS UNIV. (NWS) ND CLIMATE SUMMARY FOR OCTOBER 17 2019...

CLIMATE NORMAL PERIOD 1981 TO 2010
CLIMATE RECORD PERIOD 1893 TO 2019


WEATHER ITEM   OBSERVED TIME   RECORD YEAR NORMAL DEPARTURE LAST
                VALUE   (LST)  VALUE       VALUE  FROM      YEAR
                                                  NORMAL
..................................................................
TEMPERATURE (F)
 YESTERDAY
  MAXIMUM         57        MM  80    1945  54      3       49
  MINIMUM         36        MM  11    1952  34      2       26
  AVERAGE         47                        44      3       38

PRECIPITATION (IN)
  YESTERDAY        0.00          1.80 1998   0.06  -0.06     0.00
  MONTH TO DATE    4.00                      1.19   2.81     2.51
  SINCE SEP 1     13.07                      3.24   9.83     5.21
  SINCE JAN 1     30.52                     19.34  11.18    22.00

SNOWFALL (IN)
  YESTERDAY        0.0           1.0  1905   0.1   -0.1      0.0
  MONTH TO DATE    7.5                       0.3    7.2      7.6
  SINCE SEP 1      7.5                       0.3    7.2      7.6
  SINCE JUL 1      7.5                       0.3    7.2      7.6
  SNOW DEPTH       0

DEGREE DAYS
 HEATING
  YESTERDAY       18                        21     -3       27
  MONTH TO DATE  386                       298     88      474
  SINCE SEP 1    591                       538     53      753
  SINCE JUL 1    631                       602     29      786

 COOLING
  YESTERDAY        0                         0      0        0
  MONTH TO DATE    0                         0      0        0
  SINCE SEP 1     46                        30     16       23
  SINCE JAN 1    486                       462     24      663
..................................................................


WIND (MPH)
  HIGHEST WIND SPEED    MM   HIGHEST WIND DIRECTION    MM
  HIGHEST GUST SPEED    MM   HIGHEST GUST DIRECTION    MM
  AVERAGE WIND SPEED    MM


SKY COVER
  POSSIBLE SUNSHINE  MM
  AVERAGE SKY COVER  MM


WEATHER CONDITIONS
 THE FOLLOWING WEATHER WAS RECORDED YESTERDAY.
  NO SIGNIFICANT WEATHER WAS OBSERVED.


RELATIVE HUMIDITY (PERCENT)
 HIGHEST    MM
 LOWEST     MM
 AVERAGE    MM

..........................................................


THE GRAND FORKS UNIV. (NWS) ND CLIMATE NORMALS FOR TODAY
                         NORMAL    RECORD    YEAR
 MAXIMUM TEMPERATURE (F)   53        76      2018
                                             1945
 MINIMUM TEMPERATURE (F)   33        11      1992


SUNRISE AND SUNSET
OCTOBER 18 2019.......SUNRISE   752 AM CDT   SUNSET   635 PM CDT
OCTOBER 19 2019.......SUNRISE   753 AM CDT   SUNSET   633 PM CDT


-  INDICATES NEGATIVE NUMBERS.
R  INDICATES RECORD WAS SET OR TIED.
MM INDICATES DATA IS MISSING.
T  INDICATES TRACE AMOUNT.




$$
