000
CDUS43 KFGF 232214
CLIFGF


CLIMATE REPORT
NATIONAL WEATHER SERVICE EASTERN NORTH DAKOTA/GRAND FORKS
513 PM CDT SUN SEP 23 2018


...................................

...THE GRAND FORKS UNIV. (NWS) ND CLIMATE SUMMARY FOR SEPTEMBER 23 2018...
VALID TODAY AS OF 0500 PM LOCAL TIME.

CLIMATE NORMAL PERIOD 1981 TO 2010
CLIMATE RECORD PERIOD 1893 TO 2018


WEATHER ITEM   OBSERVED TIME   RECORD YEAR NORMAL DEPARTURE LAST
                VALUE   (LST)  VALUE       VALUE  FROM      YEAR
                                                  NORMAL
..................................................................
TEMPERATURE (F)
 TODAY
  MAXIMUM         53        MM  91    2007  66    -13       63
  MINIMUM         41        MM  25    1989  43     -2       50
                                      1976
  AVERAGE         47                        55     -8       57

PRECIPITATION (IN)
  TODAY            0.00          1.85 2010   0.06  -0.06     0.08
  MONTH TO DATE    2.65                      1.59   1.06     3.12
  SINCE SEP 1      2.65                      1.59   1.06     3.12
  SINCE JAN 1     19.44                     17.69   1.75    15.61

SNOWFALL (IN)
  TODAY            0.0           T    1928   0.0    0.0      0.0
  MONTH TO DATE    0.0                       0.0    0.0      0.0
  SINCE SEP 1      0.0                       0.0    0.0      0.0
  SINCE JUL 1      0.0                       0.0    0.0       T
  SNOW DEPTH       0

DEGREE DAYS
 HEATING
  TODAY           18                        11      7        8
  MONTH TO DATE  126                       155    -29       88
  SINCE SEP 1    126                       155    -29       88
  SINCE JUL 1    159                       219    -60      106

 COOLING
  TODAY            0                         0      0        0
  MONTH TO DATE   23                        28     -5       43
  SINCE SEP 1     23                        28     -5       43
  SINCE JAN 1    663                       460    203      440
..................................................................


WIND (MPH)
  HIGHEST WIND SPEED    MM   HIGHEST WIND DIRECTION    MM
  HIGHEST GUST SPEED    MM   HIGHEST GUST DIRECTION    MM
  AVERAGE WIND SPEED    MM


SKY COVER
  POSSIBLE SUNSHINE  MM
  AVERAGE SKY COVER  MM


WEATHER CONDITIONS
 THE FOLLOWING WEATHER WAS RECORDED TODAY.
  NO SIGNIFICANT WEATHER WAS OBSERVED.


RELATIVE HUMIDITY (PERCENT)
 HIGHEST    MM
 LOWEST     MM
 AVERAGE    MM

..........................................................


THE GRAND FORKS UNIV. (NWS) ND CLIMATE NORMALS FOR TOMORROW
                         NORMAL    RECORD    YEAR
 MAXIMUM TEMPERATURE (F)   66        86      1990
 MINIMUM TEMPERATURE (F)   43        24      1951


SUNRISE AND SUNSET
SEPTEMBER 23 2018.....SUNRISE   717 AM CDT   SUNSET   724 PM CDT
SEPTEMBER 24 2018.....SUNRISE   718 AM CDT   SUNSET   722 PM CDT


-  INDICATES NEGATIVE NUMBERS.
R  INDICATES RECORD WAS SET OR TIED.
MM INDICATES DATA IS MISSING.
T  INDICATES TRACE AMOUNT.




$$
