000
CDUS45 KFGZ 300750
CLIFLG


CLIMATE REPORT
NATIONAL WEATHER SERVICE FLAGSTAFF, AZ
1250 AM MST MON MAR 30 2020


...................................

...THE FLAGSTAFF AZ AIRPORT CLIMATE SUMMARY FOR MARCH 29 2020...

CLIMATE NORMAL PERIOD 1981 TO 2010
CLIMATE RECORD PERIOD 1898 TO 2020


WEATHER ITEM   OBSERVED TIME   RECORD YEAR NORMAL DEPARTURE LAST
                VALUE   (LST)  VALUE       VALUE  FROM      YEAR
                                                  NORMAL
..................................................................
TEMPERATURE (F)
 YESTERDAY
  MAXIMUM         49    319 PM  70    1934  53     -4       55
  MINIMUM         25    644 AM  10    1944  25      0       23
  AVERAGE         37                        39     -2

PRECIPITATION (IN)
  YESTERDAY        0.00          0.83 1967   0.06  -0.06     0.00
  MONTH TO DATE    4.27                      2.02   2.25     2.59
  SINCE OCT 1     14.40                     11.52   2.88    17.41
  SINCE JAN 1      5.55                      6.23  -0.68    11.49

SNOWFALL (IN)
  YESTERDAY        0.0          12.8  1998   0.5   -0.5      0.0
  MONTH TO DATE   16.6                      19.9   -3.3     13.5
  SINCE JUL 1     70.1                      93.1  -23.0    117.2
  SNOW DEPTH       0

DEGREE DAYS
 HEATING
  YESTERDAY       28                        26      2       26
  MONTH TO DATE  810                       816     -6      796
  SINCE JUL 1   5492                      5655   -163     5670

 COOLING
  YESTERDAY        0                         0      0        0
  MONTH TO DATE    0                         0      0        0
  SINCE JAN 1      0                         0      0        0
..................................................................


WIND (MPH)
  HIGHEST WIND SPEED    24   HIGHEST WIND DIRECTION    SW (220)
  HIGHEST GUST SPEED    32   HIGHEST GUST DIRECTION    SW (220)
  AVERAGE WIND SPEED     8.6


SKY COVER
  POSSIBLE SUNSHINE  MM
  AVERAGE SKY COVER 0.4


WEATHER CONDITIONS
 THE FOLLOWING WEATHER WAS RECORDED YESTERDAY.
  NO SIGNIFICANT WEATHER WAS OBSERVED.


RELATIVE HUMIDITY (PERCENT)
 HIGHEST    81           700 AM
 LOWEST     24          1000 AM
 AVERAGE    53

..........................................................


THE FLAGSTAFF AZ AIRPORT CLIMATE NORMALS FOR TODAY
                         NORMAL    RECORD    YEAR
 MAXIMUM TEMPERATURE (F)   54        70      1971
 MINIMUM TEMPERATURE (F)   25         1      1998


SUNRISE AND SUNSET
MARCH 30 2020.........SUNRISE   615 AM MST   SUNSET   647 PM MST
MARCH 31 2020.........SUNRISE   614 AM MST   SUNSET   648 PM MST


-  INDICATES NEGATIVE NUMBERS.
R  INDICATES RECORD WAS SET OR TIED.
MM INDICATES DATA IS MISSING.
T  INDICATES TRACE AMOUNT.




$$
