000
CDUS45 KFGZ 280108
CLIFLG


CLIMATE REPORT
NATIONAL WEATHER SERVICE FLAGSTAFF, AZ
607 PM MST SUN MAY 27 2018


...................................

...THE FLAGSTAFF AZ AIRPORT CLIMATE SUMMARY FOR MAY 27 2018...
VALID TODAY AS OF 0500 PM LOCAL TIME.

CLIMATE NORMAL PERIOD 1981 TO 2010
CLIMATE RECORD PERIOD 1898 TO 2018


WEATHER ITEM   OBSERVED TIME   RECORD YEAR NORMAL DEPARTURE LAST
                VALUE   (LST)  VALUE       VALUE  FROM      YEAR
                                                  NORMAL
..................................................................
TEMPERATURE (F)
 TODAY
  MAXIMUM         68    454 PM  87    1974  72     -4       72
  MINIMUM         30    542 AM  23    1916  37     -7       34
  AVERAGE         49                        54     -5       53

PRECIPITATION (IN)
  TODAY            0.00          0.68 1901   0.02  -0.02     0.00
  MONTH TO DATE    0.62                      0.55   0.07     0.79
  SINCE SEP 1      6.12                     15.70  -9.58    18.25
  SINCE JAN 1      5.69                      8.03  -2.34     9.64

SNOWFALL (IN)
  TODAY            0.0           0.8  1962   0.0    0.0      0.0
  MONTH TO DATE    0.6                       0.7   -0.1      1.2
  SINCE SEP 1     38.0                     101.7  -63.7     96.7
  SNOW DEPTH       0

DEGREE DAYS
 HEATING
  TODAY           16                        11      5       12
  MONTH TO DATE  354                       376    -22      406
  SINCE JUL 1   5839                      6732   -893     6189

 COOLING
  TODAY            0                         0      0        0
  MONTH TO DATE    0                         0      0        0
  SINCE JAN 1      0                         0      0        0
..................................................................


WIND (MPH)
  HIGHEST WIND SPEED    23   HIGHEST WIND DIRECTION    SW (230)
  HIGHEST GUST SPEED    28   HIGHEST GUST DIRECTION    SW (240)
  AVERAGE WIND SPEED     5.6


SKY COVER
  POSSIBLE SUNSHINE  MM
  AVERAGE SKY COVER 0.0


WEATHER CONDITIONS
 THE FOLLOWING WEATHER WAS RECORDED TODAY.
  NO SIGNIFICANT WEATHER WAS OBSERVED.


RELATIVE HUMIDITY (PERCENT)
 HIGHEST    69           500 AM
 LOWEST     18           300 PM
 AVERAGE    44

..........................................................


THE FLAGSTAFF AZ AIRPORT CLIMATE NORMALS FOR TOMORROW
                         NORMAL    RECORD    YEAR
 MAXIMUM TEMPERATURE (F)   72        86      2000
                                             1958
 MINIMUM TEMPERATURE (F)   37        24      1929


SUNRISE AND SUNSET
MAY 27 2018...........SUNRISE   515 AM MST   SUNSET   733 PM MST
MAY 28 2018...........SUNRISE   515 AM MST   SUNSET   733 PM MST


-  INDICATES NEGATIVE NUMBERS.
R  INDICATES RECORD WAS SET OR TIED.
MM INDICATES DATA IS MISSING.
T  INDICATES TRACE AMOUNT.




$$
