000
CDUS45 KFGZ 240110
CLIFLG


CLIMATE REPORT
NATIONAL WEATHER SERVICE FLAGSTAFF, AZ
610 PM MST TUE OCT 23 2018


...................................

...THE FLAGSTAFF AZ AIRPORT CLIMATE SUMMARY FOR OCTOBER 23 2018...
VALID TODAY AS OF 0500 PM LOCAL TIME.

CLIMATE NORMAL PERIOD 1981 TO 2010
CLIMATE RECORD PERIOD 1898 TO 2018


WEATHER ITEM   OBSERVED TIME   RECORD YEAR NORMAL DEPARTURE LAST
                VALUE   (LST)  VALUE       VALUE  FROM      YEAR
                                                  NORMAL
..................................................................
TEMPERATURE (F)
 TODAY
  MAXIMUM         54    205 PM  76    2003  60     -6       73
  MINIMUM         37    159 AM  10    1906  29      8       25
  AVERAGE         46                        44      2       49

PRECIPITATION (IN)
  TODAY            0.14          0.57 1921   0.05   0.09     0.00
  MONTH TO DATE    4.09                      1.25   2.84     0.00
  SINCE OCT 1      4.09                      1.25   2.84     0.00
  SINCE JAN 1     19.75                     17.82   1.93    18.00

SNOWFALL (IN)
  TODAY           MM             T    1941   0.1   MM        0.0
  MONTH TO DATE    1.5                       0.8    0.7      0.0
  SINCE SEP 1      1.5                       0.8    0.7      0.0
  SNOW DEPTH       0

DEGREE DAYS
 HEATING
  TODAY           19                        21     -2       16
  MONTH TO DATE  446                       390     56      339
  SINCE JUL 1    635                       707    -72      641

 COOLING
  TODAY            0                         0      0        0
  MONTH TO DATE    0                         0      0        0
  SINCE JAN 1    200                       117     83      184
..................................................................


WIND (MPH)
  HIGHEST WIND SPEED    14   HIGHEST WIND DIRECTION     E (70)
  HIGHEST GUST SPEED    18   HIGHEST GUST DIRECTION     E (70)
  AVERAGE WIND SPEED     2.5


SKY COVER
  POSSIBLE SUNSHINE  MM
  AVERAGE SKY COVER 0.6


WEATHER CONDITIONS
 THE FOLLOWING WEATHER WAS RECORDED TODAY.
  THUNDERSTORM
  LIGHT RAIN
  FOG


RELATIVE HUMIDITY (PERCENT)
 HIGHEST   100           400 AM
 LOWEST     66           200 PM
 AVERAGE    83

..........................................................


THE FLAGSTAFF AZ AIRPORT CLIMATE NORMALS FOR TOMORROW
                         NORMAL    RECORD    YEAR
 MAXIMUM TEMPERATURE (F)   59        79      1959
 MINIMUM TEMPERATURE (F)   29         9      1975


SUNRISE AND SUNSET
OCTOBER 23 2018.......SUNRISE   640 AM MST   SUNSET   542 PM MST
OCTOBER 24 2018.......SUNRISE   641 AM MST   SUNSET   541 PM MST


-  INDICATES NEGATIVE NUMBERS.
R  INDICATES RECORD WAS SET OR TIED.
MM INDICATES DATA IS MISSING.
T  INDICATES TRACE AMOUNT.




$$
