000
CDUS45 KFGZ 140737
CLIFLG


CLIMATE REPORT
NATIONAL WEATHER SERVICE FLAGSTAFF, AZ
1237 AM MST TUE AUG 14 2018


...................................

...THE FLAGSTAFF AZ AIRPORT CLIMATE SUMMARY FOR AUGUST 13 2018...

CLIMATE NORMAL PERIOD 1981 TO 2010
CLIMATE RECORD PERIOD 1898 TO 2018


WEATHER ITEM   OBSERVED TIME   RECORD YEAR NORMAL DEPARTURE LAST
                VALUE   (LST)  VALUE       VALUE  FROM      YEAR
                                                  NORMAL
..................................................................
TEMPERATURE (F)
 YESTERDAY
  MAXIMUM         81   1237 PM  90    2002  79      2       77
  MINIMUM         53    434 AM  39    1999  51      2       50
  AVERAGE         67                        65      2

PRECIPITATION (IN)
  YESTERDAY        0.59          3.04 1986   0.10   0.49     0.29
  MONTH TO DATE    2.69                      1.39   1.30     2.36
  SINCE SEP 1     12.33                     20.14  -7.81    25.26
  SINCE JAN 1     11.90                     12.47  -0.57    16.65

SNOWFALL (IN)
  YESTERDAY        0.0           0.0  2002   0.0    0.0      0.0
                                      2001
                                      2000
  MONTH TO DATE    0.0                       0.0    0.0      0.0
  SINCE JUL 1      0.0                       0.0    0.0      0.0
  SNOW DEPTH       0

DEGREE DAYS
 HEATING
  YESTERDAY        0                         1     -1        1
  MONTH TO DATE    1                        13    -12       13
  SINCE JUL 1     10                        45    -35       16

 COOLING
  YESTERDAY        2                         1      1        0
  MONTH TO DATE   44                        20     24       11
  SINCE JAN 1    187                       101     86      168
..................................................................


WIND (MPH)
  HIGHEST WIND SPEED    21   HIGHEST WIND DIRECTION    NE (50)
  HIGHEST GUST SPEED    26   HIGHEST GUST DIRECTION    SW (230)
  AVERAGE WIND SPEED     7.1


SKY COVER
  POSSIBLE SUNSHINE  MM
  AVERAGE SKY COVER 0.2


WEATHER CONDITIONS
 THE FOLLOWING WEATHER WAS RECORDED YESTERDAY.
  THUNDERSTORM
  HEAVY RAIN
  RAIN
  LIGHT RAIN
  FOG


RELATIVE HUMIDITY (PERCENT)
 HIGHEST    93           300 AM
 LOWEST     30          1200 PM
 AVERAGE    62

..........................................................


THE FLAGSTAFF AZ AIRPORT CLIMATE NORMALS FOR TODAY
                         NORMAL    RECORD    YEAR
 MAXIMUM TEMPERATURE (F)   79        89      2002
 MINIMUM TEMPERATURE (F)   51        33      1976


SUNRISE AND SUNSET
AUGUST 14 2018........SUNRISE   546 AM MST   SUNSET   716 PM MST
AUGUST 15 2018........SUNRISE   547 AM MST   SUNSET   715 PM MST


-  INDICATES NEGATIVE NUMBERS.
R  INDICATES RECORD WAS SET OR TIED.
MM INDICATES DATA IS MISSING.
T  INDICATES TRACE AMOUNT.




$$
