021
CDUS45 KFGZ 220111
CLIFLG


CLIMATE REPORT
NATIONAL WEATHER SERVICE FLAGSTAFF, AZ
611 PM MST MON OCT 21 2019


...................................

...THE FLAGSTAFF AZ AIRPORT CLIMATE SUMMARY FOR OCTOBER 21 2019...
VALID TODAY AS OF 0500 PM LOCAL TIME.

CLIMATE NORMAL PERIOD 1981 TO 2010
CLIMATE RECORD PERIOD 1898 TO 2019


WEATHER ITEM   OBSERVED TIME   RECORD YEAR NORMAL DEPARTURE LAST
                VALUE   (LST)  VALUE       VALUE  FROM      YEAR
                                                  NORMAL
..................................................................
TEMPERATURE (F)
 TODAY
  MAXIMUM         66    148 PM  75    2003  60      6       64
                                      1952
                                      1917
  MINIMUM         21    617 AM   5    1949  30     -9       36
  AVERAGE         44                        45     -1       50

PRECIPITATION (IN)
  TODAY            0.00          0.94 2004   0.04  -0.04     0.00
  MONTH TO DATE    0.00                      1.15  -1.15     3.92
  SINCE OCT 1      0.00                      1.15  -1.15     3.92
  SINCE JAN 1     17.25                     17.72  -0.47    19.58

SNOWFALL (IN)
  TODAY            0.0           5.5  2004   0.0    0.0      0.0
  MONTH TO DATE    0.0                       0.6   -0.6      1.5
  SINCE SEP 1      0.0                       0.6   -0.6      1.5
  SNOW DEPTH       0

DEGREE DAYS
 HEATING
  TODAY           21                        20      1       15
  MONTH TO DATE  365                       349     16      409
  SINCE JUL 1    584                       666    -82      598

 COOLING
  TODAY            0                         0      0        0
  MONTH TO DATE    0                         0      0        0
  SINCE JAN 1    207                       117     90      200
..................................................................


WIND (MPH)
  HIGHEST WIND SPEED    12   HIGHEST WIND DIRECTION     W (250)
  HIGHEST GUST SPEED    19   HIGHEST GUST DIRECTION     W (280)
  AVERAGE WIND SPEED     2.8


SKY COVER
  POSSIBLE SUNSHINE  MM
  AVERAGE SKY COVER 0.4


WEATHER CONDITIONS
 THE FOLLOWING WEATHER WAS RECORDED TODAY.
  NO SIGNIFICANT WEATHER WAS OBSERVED.


RELATIVE HUMIDITY (PERCENT)
 HIGHEST    47           700 AM
 LOWEST     12           300 PM
 AVERAGE    30

..........................................................


THE FLAGSTAFF AZ AIRPORT CLIMATE NORMALS FOR TOMORROW
                         NORMAL    RECORD    YEAR
 MAXIMUM TEMPERATURE (F)   60        76      2003
 MINIMUM TEMPERATURE (F)   30         9      1906


SUNRISE AND SUNSET
OCTOBER 21 2019.......SUNRISE   638 AM MST   SUNSET   544 PM MST
OCTOBER 22 2019.......SUNRISE   639 AM MST   SUNSET   543 PM MST


-  INDICATES NEGATIVE NUMBERS.
R  INDICATES RECORD WAS SET OR TIED.
MM INDICATES DATA IS MISSING.
T  INDICATES TRACE AMOUNT.




$$
