000
CDUS45 KFGZ 250800
CLIFLG


CLIMATE REPORT
NATIONAL WEATHER SERVICE FLAGSTAFF, AZ
1258 AM MST SUN OCT 25 2020


...................................

...THE FLAGSTAFF AZ AIRPORT CLIMATE SUMMARY FOR OCTOBER 24 2020...

CLIMATE NORMAL PERIOD 1981 TO 2010
CLIMATE RECORD PERIOD 1898 TO 2020


WEATHER ITEM   OBSERVED TIME   RECORD YEAR NORMAL DEPARTURE LAST
                VALUE   (LST)  VALUE       VALUE  FROM      YEAR
                                                  NORMAL
..................................................................
TEMPERATURE (F)
 YESTERDAY
  MAXIMUM         66   1252 PM  79    1959  59      7       49
  MINIMUM         37    625 AM   9    1975  29      8       28
  AVERAGE         52                        44      8

PRECIPITATION (IN)
  YESTERDAY        0.00          2.42 1992   0.04  -0.04     0.00
  MONTH TO DATE    0.00                      1.29  -1.29     0.00
  SINCE OCT 1      0.00                      1.29  -1.29     0.00
  SINCE JAN 1      8.46                     17.86  -9.40    17.25

SNOWFALL (IN)
  YESTERDAY        0.0           1.0  1920   0.0    0.0      0.0
  MONTH TO DATE    0.0                       0.8   -0.8      0.0
  SINCE JUL 1      0.0                       0.8   -0.8      0.0
  SNOW DEPTH       0

DEGREE DAYS
 HEATING
  YESTERDAY       13                        21     -8       26
  MONTH TO DATE  218                       411   -193      429
  SINCE JUL 1    378                       728   -350      648

 COOLING
  YESTERDAY        0                         0      0        0
  MONTH TO DATE    0                         0      0        0
  SINCE JAN 1    275                       117    158      207
..................................................................


WIND (MPH)
  HIGHEST WIND SPEED    24   HIGHEST WIND DIRECTION    SW (230)
  HIGHEST GUST SPEED    32   HIGHEST GUST DIRECTION    SW (220)
  AVERAGE WIND SPEED    10.9


SKY COVER
  POSSIBLE SUNSHINE  MM
  AVERAGE SKY COVER 0.0


WEATHER CONDITIONS
 THE FOLLOWING WEATHER WAS RECORDED YESTERDAY.
  NO SIGNIFICANT WEATHER WAS OBSERVED.


RELATIVE HUMIDITY (PERCENT)
 HIGHEST    85           300 AM
 LOWEST     28          1200 PM
 AVERAGE    57

..........................................................


THE FLAGSTAFF AZ AIRPORT CLIMATE NORMALS FOR TODAY
                         NORMAL    RECORD    YEAR
 MAXIMUM TEMPERATURE (F)   59        78      1959
 MINIMUM TEMPERATURE (F)   29        11      1975


SUNRISE AND SUNSET
OCTOBER 25 2020.......SUNRISE   642 AM MST   SUNSET   539 PM MST
OCTOBER 26 2020.......SUNRISE   643 AM MST   SUNSET   538 PM MST


-  INDICATES NEGATIVE NUMBERS.
R  INDICATES RECORD WAS SET OR TIED.
MM INDICATES DATA IS MISSING.
T  INDICATES TRACE AMOUNT.




$$
