000
CDUS45 KFGZ 180734
CLIFLG


CLIMATE REPORT
NATIONAL WEATHER SERVICE FLAGSTAFF, AZ
1234 AM MST MON FEB 18 2019


...................................

...THE FLAGSTAFF AZ AIRPORT CLIMATE SUMMARY FOR FEBRUARY 17 2019...

CLIMATE NORMAL PERIOD 1981 TO 2010
CLIMATE RECORD PERIOD 1898 TO 2019


WEATHER ITEM   OBSERVED TIME   RECORD YEAR NORMAL DEPARTURE LAST
                VALUE   (LST)  VALUE       VALUE  FROM      YEAR
                                                  NORMAL
..................................................................
TEMPERATURE (F)
 YESTERDAY
  MAXIMUM         26   1231 PM  66    1996  45    -19       54
                                      1977
  MINIMUM         17    534 AM  -8    1956  20     -3       20
  AVERAGE         22                        32    -10

PRECIPITATION (IN)
  YESTERDAY        0.34          0.49 1971   0.08   0.26     0.00
  MONTH TO DATE    4.32                      1.27   3.05     1.32
  SINCE OCT 1     12.63                      8.61   4.02     3.04
  SINCE JAN 1      6.71                      3.32   3.39     3.03

SNOWFALL (IN)
  YESTERDAY        6.4 R         4.8  1971   0.8    5.6      0.0
  MONTH TO DATE   20.8                      13.3    7.5      6.0
  SINCE JUL 1     53.2                      65.6  -12.4     17.3
  SNOW DEPTH       2

DEGREE DAYS
 HEATING
  YESTERDAY       43                        33     10       28
  MONTH TO DATE  625                       572     53      447
  SINCE JUL 1   4410                      4488    -78     3684

 COOLING
  YESTERDAY        0                         0      0        0
  MONTH TO DATE    0                         0      0        0
  SINCE JAN 1      0                         0      0        0
..................................................................


WIND (MPH)
  HIGHEST WIND SPEED    22   HIGHEST WIND DIRECTION    SW (220)
  HIGHEST GUST SPEED    32   HIGHEST GUST DIRECTION     W (250)
  AVERAGE WIND SPEED     8.7


SKY COVER
  POSSIBLE SUNSHINE  MM
  AVERAGE SKY COVER 0.9


WEATHER CONDITIONS
 THE FOLLOWING WEATHER WAS RECORDED YESTERDAY.
  HEAVY SNOW
  SNOW
  LIGHT SNOW
  FOG
  FOG W/VISIBILITY <= 1/4 MILE
  HAZE


RELATIVE HUMIDITY (PERCENT)
 HIGHEST    92           100 AM
 LOWEST     62           800 PM
 AVERAGE    77

..........................................................


THE FLAGSTAFF AZ AIRPORT CLIMATE NORMALS FOR TODAY
                         NORMAL    RECORD    YEAR
 MAXIMUM TEMPERATURE (F)   45        65      1977
 MINIMUM TEMPERATURE (F)   20       -11      1942


SUNRISE AND SUNSET
FEBRUARY 18 2019......SUNRISE   710 AM MST   SUNSET   612 PM MST
FEBRUARY 19 2019......SUNRISE   708 AM MST   SUNSET   613 PM MST


-  INDICATES NEGATIVE NUMBERS.
R  INDICATES RECORD WAS SET OR TIED.
MM INDICATES DATA IS MISSING.
T  INDICATES TRACE AMOUNT.




$$
