000
CDUS42 KMFL 082010
CLIFLL

CLIMATE REPORT
NATIONAL WEATHER SERVICE MIAMI, FL
410 PM EDT SAT MAY 08 2021

...................................

...THE FORT LAUDERDALE CLIMATE SUMMARY FOR MAY 8 2021...
VALID TODAY AS OF 0400 PM LOCAL TIME.

CLIMATE NORMAL PERIOD: 1991 TO 2020
CLIMATE RECORD PERIOD: 1912 TO 2021


WEATHER ITEM   OBSERVED TIME   RECORD YEAR NORMAL DEPARTURE LAST
                VALUE   (LST)  VALUE       VALUE  FROM      YEAR
                                                  NORMAL
...................................................................
TEMPERATURE (F)
 TODAY
  MAXIMUM         85        MM  93    1998  85      0       82
  MINIMUM         74        MM  54    1992  73      1       67
  AVERAGE         80                        79      1       75

PRECIPITATION (IN)
  TODAY            0.00          4.00 1953   0.13  -0.13     0.00
  MONTH TO DATE    0.99                      0.95   0.04     0.00
  SINCE NOV 1     20.34                     18.10   2.24    24.57
  SINCE JAN 1      8.10                     11.63  -3.53     8.90

SNOWFALL (IN)
  TODAY            0.0
  MONTH TO DATE    0.0
  SINCE MAR 1      0.0
  SINCE JUL 1      0.0
  SNOW DEPTH       0

DEGREE DAYS
 HEATING
  TODAY            0                         0      0        0
  MONTH TO DATE    0                         0      0        0
  SINCE MAR 1      0                        12    -12        1
  SINCE JUL 1     81                       122    -41       70

 COOLING
  TODAY           15                        14      1       10
  MONTH TO DATE  139                       109     30       92
  SINCE MAR 1    812                       700    112      912
  SINCE JAN 1   1244                      1028    216     1320
...................................................................


WIND (MPH)
  HIGHEST WIND SPEED    16   HIGHEST WIND DIRECTION     E (70)
  HIGHEST GUST SPEED    24   HIGHEST GUST DIRECTION     E (90)
  AVERAGE WIND SPEED    10.3


SKY COVER
  AVERAGE SKY COVER 0.5


WEATHER CONDITIONS
THE FOLLOWING WEATHER WAS RECORDED TODAY.
  NO SIGNIFICANT WEATHER WAS OBSERVED.


RELATIVE HUMIDITY (PERCENT)
 HIGHEST    82
 LOWEST     53
 AVERAGE    68

..........................................................


THE FORT LAUDERDALE CLIMATE NORMALS FOR TOMORROW
                         NORMAL    RECORD    YEAR
 MAXIMUM TEMPERATURE (F)   85        94      1998
 MINIMUM TEMPERATURE (F)   73        50      1928


SUNRISE AND SUNSET
MAY  8 2021...........SUNRISE   6:38 AM EDT   SUNSET   7:56 PM EDT
MAY  9 2021...........SUNRISE   6:38 AM EDT   SUNSET   7:57 PM EDT


-  INDICATES NEGATIVE NUMBERS.
R  INDICATES RECORD WAS SET OR TIED.
MM INDICATES DATA IS MISSING.
T  INDICATES TRACE AMOUNT.




$$
