000
CDUS42 KMFL 182033
CLIFLL


CLIMATE REPORT
NATIONAL WEATHER SERVICE MIAMI, FL
433 PM EDT FRI OCT 18 2019


...................................

...THE FORT LAUDERDALE CLIMATE SUMMARY FOR OCTOBER 18 2019...
VALID TODAY AS OF 0400 PM LOCAL TIME.

CLIMATE NORMAL PERIOD 1981 TO 2010
CLIMATE RECORD PERIOD 1912 TO 2019


WEATHER ITEM   OBSERVED TIME   RECORD YEAR NORMAL DEPARTURE LAST
                VALUE   (LST)  VALUE       VALUE  FROM      YEAR
                                                  NORMAL
..................................................................
TEMPERATURE (F)
 TODAY
  MAXIMUM         87   1225 PM  90    1936  86      1       87
  MINIMUM         77    603 AM  56    2009  75      2       80
  AVERAGE         82                        80      2       84

PRECIPITATION (IN)
  TODAY            0.00          2.70 1953   0.18  -0.18     0.00
  MONTH TO DATE    2.66                      4.65  -1.99     2.15
  SINCE JUN 1     30.69                     36.82  -6.13    24.14
  SINCE JAN 1     44.63                     54.31  -9.68    45.68

SNOWFALL (IN)
  TODAY            0.0
  MONTH TO DATE    0.0
  SINCE SEP 1      0.0
  SINCE JUL 1      0.0
  SNOW DEPTH       0

DEGREE DAYS
 HEATING
  TODAY            0                         0      0        0
  MONTH TO DATE    0                         0      0        0
  SINCE SEP 1      0                         0      0        0
  SINCE JUL 1      0                         0      0        0

 COOLING
  TODAY           17                        15      2       19
  MONTH TO DATE  311                       298     13      336
  SINCE SEP 1    879                       844     35      895
  SINCE JAN 1   4266                      4010    256     4033
..................................................................


WIND (MPH)
  HIGHEST WIND SPEED    14   HIGHEST WIND DIRECTION    SE (120)
  HIGHEST GUST SPEED    18   HIGHEST GUST DIRECTION    SE (120)
  AVERAGE WIND SPEED     4.0


SKY COVER
  AVERAGE SKY COVER 0.6


WEATHER CONDITIONS
 THE FOLLOWING WEATHER WAS RECORDED TODAY.
  NO SIGNIFICANT WEATHER WAS OBSERVED.


RELATIVE HUMIDITY (PERCENT)
 HIGHEST    94
 LOWEST     65
 AVERAGE    80

..........................................................


THE FORT LAUDERDALE CLIMATE NORMALS FOR TOMORROW
                         NORMAL    RECORD    YEAR
 MAXIMUM TEMPERATURE (F)   86        92      1989
                                             1922
 MINIMUM TEMPERATURE (F)   75        52      1927


SUNRISE AND SUNSET
OCTOBER 18 2019.......SUNRISE   721 AM EDT   SUNSET   650 PM EDT
OCTOBER 19 2019.......SUNRISE   722 AM EDT   SUNSET   649 PM EDT


-  INDICATES NEGATIVE NUMBERS.
R  INDICATES RECORD WAS SET OR TIED.
MM INDICATES DATA IS MISSING.
T  INDICATES TRACE AMOUNT.




$$
