000
CDUS42 KMFL 172026
CLIFLL


CLIMATE REPORT
NATIONAL WEATHER SERVICE MIAMI, FL
426 PM EDT WED OCT 17 2018


...................................

...THE FORT LAUDERDALE CLIMATE SUMMARY FOR OCTOBER 17 2018...
VALID TODAY AS OF 0400 PM LOCAL TIME.

CLIMATE NORMAL PERIOD 1981 TO 2010
CLIMATE RECORD PERIOD 1912 TO 2018


WEATHER ITEM   OBSERVED TIME   RECORD YEAR NORMAL DEPARTURE LAST
                VALUE   (LST)  VALUE       VALUE  FROM      YEAR
                                                  NORMAL
..................................................................
TEMPERATURE (F)
 TODAY
  MAXIMUM         87   1106 AM  92    1976  86      1       87
  MINIMUM         80    452 AM  55    1913  75      5       75
  AVERAGE         84                        80      4       81

PRECIPITATION (IN)
  TODAY            0.00          3.90 1944   0.20  -0.20     0.00
  MONTH TO DATE    2.15                      4.47  -2.32     2.53
  SINCE JUN 1     24.14                     36.64 -12.50    46.60
  SINCE JAN 1     45.68                     54.13  -8.45    58.20

SNOWFALL (IN)
  TODAY            0.0
  MONTH TO DATE    0.0
  SINCE SEP 1      0.0
  SINCE JUL 1      0.0
  SNOW DEPTH       0

DEGREE DAYS
 HEATING
  TODAY            0                         0      0        0
  MONTH TO DATE    0                         0      0        0
  SINCE SEP 1      0                         0      0        0
  SINCE JUL 1      0                         0      0        0

 COOLING
  TODAY           19                        16      3       16
  MONTH TO DATE  317                       283     34      308
  SINCE SEP 1    876                       829     47      879
  SINCE JAN 1   4014                      3995     19     4206
..................................................................


WIND (MPH)
  HIGHEST WIND SPEED    20   HIGHEST WIND DIRECTION    SE (120)
  HIGHEST GUST SPEED    23   HIGHEST GUST DIRECTION    SE (120)
  AVERAGE WIND SPEED    13.4


SKY COVER
  AVERAGE SKY COVER 0.5


WEATHER CONDITIONS
 THE FOLLOWING WEATHER WAS RECORDED TODAY.
  NO SIGNIFICANT WEATHER WAS OBSERVED.


RELATIVE HUMIDITY (PERCENT)
 HIGHEST    94
 LOWEST     75
 AVERAGE    85

..........................................................


THE FORT LAUDERDALE CLIMATE NORMALS FOR TOMORROW
                         NORMAL    RECORD    YEAR
 MAXIMUM TEMPERATURE (F)   86        90      1936
 MINIMUM TEMPERATURE (F)   75        56      2009


SUNRISE AND SUNSET
OCTOBER 17 2018.......SUNRISE   721 AM EDT   SUNSET   651 PM EDT
OCTOBER 18 2018.......SUNRISE   721 AM EDT   SUNSET   650 PM EDT


-  INDICATES NEGATIVE NUMBERS.
R  INDICATES RECORD WAS SET OR TIED.
MM INDICATES DATA IS MISSING.
T  INDICATES TRACE AMOUNT.




$$
