000
CDUS42 KMFL 092016
CLIFLL


CLIMATE REPORT
NATIONAL WEATHER SERVICE MIAMI, FL
416 PM EDT SUN AUG 9 2020


...................................

...THE FORT LAUDERDALE CLIMATE SUMMARY FOR AUGUST 9 2020...
VALID TODAY AS OF 0400 PM LOCAL TIME.

CLIMATE NORMAL PERIOD 1981 TO 2010
CLIMATE RECORD PERIOD 1912 TO 2020


WEATHER ITEM   OBSERVED TIME   RECORD YEAR NORMAL DEPARTURE LAST
                VALUE   (LST)  VALUE       VALUE  FROM      YEAR
                                                  NORMAL
..................................................................
TEMPERATURE (F)
 TODAY
  MAXIMUM         92    147 PM  98    1963  91      1       92
                                      1924
  MINIMUM         84    622 AM  69    1917  79      5       76
  AVERAGE         88                        85      3       84

PRECIPITATION (IN)
  TODAY            0.00          2.19 1997   0.23  -0.23     0.05
  MONTH TO DATE    4.28                      1.96   2.32     5.19
  SINCE JUN 1     18.68                     18.10   0.58    19.91
  SINCE JAN 1     43.65                     35.59   8.06    33.85

SNOWFALL (IN)
  TODAY            0.0
  MONTH TO DATE    0.0
  SINCE JUN 1      0.0
  SINCE JUL 1      0.0
  SNOW DEPTH       0

DEGREE DAYS
 HEATING
  TODAY            0                         0      0        0
  MONTH TO DATE    0                         0      0        0
  SINCE JUN 1      0                         0      0        0
  SINCE JUL 1      0                         0      0        0

 COOLING
  TODAY           23                        20      3       19
  MONTH TO DATE  180                       180      0      165
  SINCE JUN 1   1356                      1321     35     1356
  SINCE JAN 1   3027                      2739    288     2971
..................................................................


WIND (MPH)
  HIGHEST WIND SPEED    15   HIGHEST WIND DIRECTION     E (100)
  HIGHEST GUST SPEED    20   HIGHEST GUST DIRECTION     E (90)
  AVERAGE WIND SPEED     9.5


SKY COVER
  AVERAGE SKY COVER 0.4


WEATHER CONDITIONS
 THE FOLLOWING WEATHER WAS RECORDED TODAY.
  NO SIGNIFICANT WEATHER WAS OBSERVED.


RELATIVE HUMIDITY (PERCENT)
 HIGHEST    82
 LOWEST     66
 AVERAGE    74

..........................................................


THE FORT LAUDERDALE CLIMATE NORMALS FOR TOMORROW
                         NORMAL    RECORD    YEAR
 MAXIMUM TEMPERATURE (F)   91        97      1954
 MINIMUM TEMPERATURE (F)   79        68      1924
                                             1922


SUNRISE AND SUNSET
AUGUST  9 2020........SUNRISE   651 AM EDT   SUNSET   801 PM EDT
AUGUST 10 2020........SUNRISE   651 AM EDT   SUNSET   800 PM EDT


-  INDICATES NEGATIVE NUMBERS.
R  INDICATES RECORD WAS SET OR TIED.
MM INDICATES DATA IS MISSING.
T  INDICATES TRACE AMOUNT.




$$
