000
CDUS42 KMFL 170836
CLIFLL


CLIMATE REPORT
NATIONAL WEATHER SERVICE MIAMI, FL
430 AM EDT TUE JUL 17 2018


...................................

...THE FORT LAUDERDALE CLIMATE SUMMARY FOR JULY 16 2018...

CLIMATE NORMAL PERIOD 1981 TO 2010
CLIMATE RECORD PERIOD 1912 TO 2018


WEATHER ITEM   OBSERVED TIME   RECORD YEAR NORMAL DEPARTURE LAST
                VALUE   (LST)  VALUE       VALUE  FROM      YEAR
                                                  NORMAL
..................................................................
TEMPERATURE (F)
 YESTERDAY
  MAXIMUM         91    338 PM  96    1981  90      1       88
                                      2000
                                      1934
  MINIMUM         82    614 AM  69    1932  78      4       76
  AVERAGE         87                        84      3       82

PRECIPITATION (IN)
  YESTERDAY        0.00          3.20 2012   0.16  -0.16     0.24
  MONTH TO DATE    1.31                      3.34  -2.03     2.52
  SINCE JUN 1      7.91                     13.50  -5.59    14.30
  SINCE JAN 1     29.45                     30.99  -1.54    25.90

SNOWFALL (IN)
  YESTERDAY        0.0
  MONTH TO DATE    0.0
  SINCE JUN 1      0.0
  SINCE JUL 1      0.0
  SNOW DEPTH       0

DEGREE DAYS
 HEATING
  YESTERDAY        0                         0      0        0
  MONTH TO DATE    0                         0      0        0
  SINCE JUN 1      0                         0      0        0
  SINCE JUL 1      0                         0      0        0

 COOLING
  YESTERDAY       22                        19      3       17
  MONTH TO DATE  304                       304      0      314
  SINCE JUN 1    841                       847     -6      847
  SINCE JAN 1   2245                      2265    -20     2424
..................................................................


WIND (MPH)
  HIGHEST WIND SPEED    18   HIGHEST WIND DIRECTION    SE (130)
  HIGHEST GUST SPEED    22   HIGHEST GUST DIRECTION    SE (140)
  AVERAGE WIND SPEED     6.4


SKY COVER
  AVERAGE SKY COVER 0.5


WEATHER CONDITIONS
 THE FOLLOWING WEATHER WAS RECORDED YESTERDAY.
  THUNDERSTORM


RELATIVE HUMIDITY (PERCENT)
 HIGHEST    79
 LOWEST     59
 AVERAGE    69

..........................................................


THE FORT LAUDERDALE CLIMATE NORMALS FOR TODAY
                         NORMAL    RECORD    YEAR
 MAXIMUM TEMPERATURE (F)   90        97      2011
 MINIMUM TEMPERATURE (F)   78        68      1937


SUNRISE AND SUNSET
JULY 17 2018..........SUNRISE   639 AM EDT   SUNSET   814 PM EDT
JULY 18 2018..........SUNRISE   640 AM EDT   SUNSET   814 PM EDT


-  INDICATES NEGATIVE NUMBERS.
R  INDICATES RECORD WAS SET OR TIED.
MM INDICATES DATA IS MISSING.
T  INDICATES TRACE AMOUNT.




$$
