101
CDUS42 KMFL 230842
CLIFLL


CLIMATE REPORT
NATIONAL WEATHER SERVICE MIAMI, FL
440 AM EDT MON APR 23 2018


...................................

...THE FORT LAUDERDALE CLIMATE SUMMARY FOR APRIL 22 2018...

CLIMATE NORMAL PERIOD 1981 TO 2010
CLIMATE RECORD PERIOD 1912 TO 2018


WEATHER ITEM   OBSERVED TIME   RECORD YEAR NORMAL DEPARTURE LAST
                VALUE   (LST)  VALUE       VALUE  FROM      YEAR
                                                  NORMAL
..................................................................
TEMPERATURE (F)
 YESTERDAY
  MAXIMUM         83    351 PM  95    1935  83      0       82
  MINIMUM         75    906 AM  50    1940  71      4       76
  AVERAGE         79                        77      2       79

PRECIPITATION (IN)
  YESTERDAY        0.11          3.66 1994   0.10   0.01     0.00
  MONTH TO DATE    1.08                      2.28  -1.20     0.30
  SINCE NOV 1     11.83                     17.93  -6.10     9.71
  SINCE JAN 1      5.20                     12.23  -7.03     5.08

SNOWFALL (IN)
  YESTERDAY        0.0
  MONTH TO DATE    0.0
  SINCE MAR 1      0.0
  SINCE JUL 1      0.0
  SNOW DEPTH       0

DEGREE DAYS
 HEATING
  YESTERDAY        0                         0      0        0
  MONTH TO DATE    0                         0      0        0
  SINCE MAR 1     15                         9      6        6
  SINCE JUL 1    141                       111     30       35

 COOLING
  YESTERDAY       14                        12      2       14
  MONTH TO DATE  265                       237     28      267
  SINCE MAR 1    451                       491    -40      520
  SINCE JAN 1    875                       847     28      976
..................................................................


WIND (MPH)
  HIGHEST WIND SPEED    22   HIGHEST WIND DIRECTION     E (100)
  HIGHEST GUST SPEED    26   HIGHEST GUST DIRECTION     E (110)
  AVERAGE WIND SPEED    14.7


SKY COVER
  AVERAGE SKY COVER 0.7


WEATHER CONDITIONS
 THE FOLLOWING WEATHER WAS RECORDED YESTERDAY.
  THUNDERSTORM
  RAIN
  LIGHT RAIN
  FOG


RELATIVE HUMIDITY (PERCENT)
 HIGHEST    94
 LOWEST     74
 AVERAGE    84

..........................................................


THE FORT LAUDERDALE CLIMATE NORMALS FOR TODAY
                         NORMAL    RECORD    YEAR
 MAXIMUM TEMPERATURE (F)   83        93      1921
 MINIMUM TEMPERATURE (F)   71        53      1986


SUNRISE AND SUNSET
APRIL 23 2018.........SUNRISE   650 AM EDT   SUNSET   748 PM EDT
APRIL 24 2018.........SUNRISE   649 AM EDT   SUNSET   749 PM EDT


-  INDICATES NEGATIVE NUMBERS.
R  INDICATES RECORD WAS SET OR TIED.
MM INDICATES DATA IS MISSING.
T  INDICATES TRACE AMOUNT.




$$
