000
CDUS42 KILM 272052
CLIFLO

CLIMATE REPORT
NATIONAL WEATHER SERVICE WILMINGTON NC
452 PM EDT WED MAY 27 2020

...................................

...THE FLORENCE SOUTH  CAROLINA CLIMATE SUMMARY FOR MAY 27 2020...
VALID TODAY AS OF 0400 PM LOCAL TIME.

CLIMATE NORMAL PERIOD 1981 TO 2010
CLIMATE RECORD PERIOD 1948 TO 2020


WEATHER ITEM   OBSERVED TIME   RECORD YEAR NORMAL DEPARTURE LAST
                VALUE   (LST)  VALUE       VALUE  FROM      YEAR
                                                  NORMAL
...................................................................
TEMPERATURE (F)
 TODAY
  MAXIMUM         78    259 PM 101    2019  85     -7      101
  MINIMUM         71    937 AM  46    1961  63      8       68
  AVERAGE         75                        74      1       85

PRECIPITATION (IN)
  TODAY            1.76          1.93 1981   0.12   1.64     0.00
  MONTH TO DATE    8.67                      2.74   5.93     1.83
  SINCE MAR 1     15.86                      8.69   7.17     8.23
  SINCE JAN 1     25.49                     14.84  10.65    12.74

DEGREE DAYS
 HEATING
  TODAY            0                         0      0        0
  MONTH TO DATE   37                        22     15        4
  SINCE MAR 1    293                       456   -163      408
  SINCE JUL 1   1874                      2522   -648     2154

 COOLING
  TODAY           10                         9      1       20
  MONTH TO DATE  159                       171    -12      303
  SINCE MAR 1    326                       261     65      429
  SINCE JAN 1    375                       267    108      443
...................................................................


WIND (MPH)
  RESULTANT WIND SPEED  13   RESULTANT WIND DIRECTION  NE (60)
  HIGHEST WIND SPEED    26   HIGHEST WIND DIRECTION    NE (60)
  HIGHEST GUST SPEED    35   HIGHEST GUST DIRECTION    NE (60)
  AVERAGE WIND SPEED    13.8


SKY COVER
  AVERAGE SKY COVER 1.0


WEATHER CONDITIONS
THE FOLLOWING WEATHER WAS RECORDED TODAY.
  HEAVY RAIN
  RAIN
  LIGHT RAIN
  FOG


RELATIVE HUMIDITY (PERCENT)
 HIGHEST    91           100 PM
 LOWEST     84          1200 AM
 AVERAGE    88

..........................................................


THE FLORENCE SOUTH  CAROLINA CLIMATE NORMALS FOR TOMORROW
                         NORMAL    RECORD    YEAR
 MAXIMUM TEMPERATURE (F)   85       102      2019
 MINIMUM TEMPERATURE (F)   63        44      1961


SUNRISE AND SUNSET
MAY 27 2020...........SUNRISE   610 AM EDT   SUNSET   823 PM EDT
MAY 28 2020...........SUNRISE   609 AM EDT   SUNSET   823 PM EDT


-  INDICATES NEGATIVE NUMBERS.
R  INDICATES RECORD WAS SET OR TIED.
MM INDICATES DATA IS MISSING.
T  INDICATES TRACE AMOUNT.




$$
