000
CDUS42 KILM 200847
CLIFLO


CLIMATE REPORT
NATIONAL WEATHER SERVICE WILMINGTON NC
446 AM EDT SUN MAY 20 2018


...................................

...THE FLORENCE SOUTH  CAROLINA CLIMATE SUMMARY FOR MAY 19 2018...

CLIMATE NORMAL PERIOD 1981 TO 2010
CLIMATE RECORD PERIOD 1948 TO 2018


WEATHER ITEM   OBSERVED TIME   RECORD YEAR NORMAL DEPARTURE LAST
                VALUE   (LST)  VALUE       VALUE  FROM      YEAR
                                                  NORMAL
..................................................................
TEMPERATURE (F)
 YESTERDAY
  MAXIMUM         81    330 PM  98    1962  83     -2       88
  MINIMUM         71   1159 PM  46    1976  60     11       62
                                      1973
  AVERAGE         76                        72      4       75

PRECIPITATION (IN)
  YESTERDAY        0.20          1.99 1969   0.11   0.09     0.00
  MONTH TO DATE    1.90                      1.80   0.10     1.56
  SINCE MAR 1     10.70                      7.75   2.95     7.71
  SINCE JAN 1     13.74                     13.90  -0.16    12.58

DEGREE DAYS
 HEATING
  YESTERDAY        0                         0      0        0
  MONTH TO DATE    0                        22    -22       11
  SINCE MAR 1    532                       456     76      391
  SINCE JUL 1   2426                      2522    -96     1836

 COOLING
  YESTERDAY       11                         7      4       10
  MONTH TO DATE  175                       104     71      110
  SINCE MAR 1    236                       194     42      288
  SINCE JAN 1    288                       200     88      301
..................................................................


WIND (MPH)
  RESULTANT WIND SPEED   7   RESULTANT WIND DIRECTION   S (160)
  HIGHEST WIND SPEED    16   HIGHEST WIND DIRECTION     S (160)
  HIGHEST GUST SPEED    20   HIGHEST GUST DIRECTION     S (160)
  AVERAGE WIND SPEED     7.3


SKY COVER
  POSSIBLE SUNSHINE  MM
  AVERAGE SKY COVER 0.8


WEATHER CONDITIONS
 THE FOLLOWING WEATHER WAS RECORDED YESTERDAY.
  HEAVY RAIN
  RAIN
  LIGHT RAIN
  FOG


RELATIVE HUMIDITY (PERCENT)
 HIGHEST    93          1200 AM
 LOWEST     76           600 PM
 AVERAGE    85

..........................................................


THE FLORENCE SOUTH  CAROLINA CLIMATE NORMALS FOR TODAY
                         NORMAL    RECORD    YEAR
 MAXIMUM TEMPERATURE (F)   84        97      1996
 MINIMUM TEMPERATURE (F)   61        44      2002


SUNRISE AND SUNSET
MAY 20 2018...........SUNRISE   614 AM EDT   SUNSET   818 PM EDT
MAY 21 2018...........SUNRISE   613 AM EDT   SUNSET   818 PM EDT


-  INDICATES NEGATIVE NUMBERS.
R  INDICATES RECORD WAS SET OR TIED.
MM INDICATES DATA IS MISSING.
T  INDICATES TRACE AMOUNT.




$$
