000
CDUS42 KILM 190851
CLIFLO


CLIMATE REPORT
NATIONAL WEATHER SERVICE WILMINGTON NC
451 AM EDT SAT OCT 19 2019


...................................

...THE FLORENCE SOUTH  CAROLINA CLIMATE SUMMARY FOR OCTOBER 18 2019...

CLIMATE NORMAL PERIOD 1981 TO 2010
CLIMATE RECORD PERIOD 1948 TO 2019


WEATHER ITEM   OBSERVED TIME   RECORD YEAR NORMAL DEPARTURE LAST
                VALUE   (LST)  VALUE       VALUE  FROM      YEAR
                                                  NORMAL
..................................................................
TEMPERATURE (F)
 YESTERDAY
  MAXIMUM         70    409 PM  87    2007  75     -5       69
  MINIMUM         42    636 AM  35    1970  52    -10       52
  AVERAGE         56                        64     -8       61

PRECIPITATION (IN)
  YESTERDAY        0.00          1.05 1968   0.10  -0.10     0.00
  MONTH TO DATE    1.40                      1.95  -0.55     3.84
  SINCE SEP 1      5.07                      5.62  -0.55    14.28
  SINCE JAN 1     34.29                     36.10  -1.81    46.15

DEGREE DAYS
 HEATING
  YESTERDAY        9                         4      5        4
  MONTH TO DATE   16                        41    -25        4
  SINCE SEP 1     16                        50    -34        4
  SINCE JUL 1     16                        50    -34        4

 COOLING
  YESTERDAY        0                         2     -2        0
  MONTH TO DATE  133                        64     69      188
  SINCE SEP 1    555                       350    205      676
  SINCE JAN 1   2611                      2020    591     2709
..................................................................


WIND (MPH)
  RESULTANT WIND SPEED   3   RESULTANT WIND DIRECTION  NE (40)
  HIGHEST WIND SPEED    13   HIGHEST WIND DIRECTION    NE (30)
  HIGHEST GUST SPEED    16   HIGHEST GUST DIRECTION    NE (30)
  AVERAGE WIND SPEED     3.1


SKY COVER
  POSSIBLE SUNSHINE  MM
  AVERAGE SKY COVER 0.0


WEATHER CONDITIONS
 THE FOLLOWING WEATHER WAS RECORDED YESTERDAY.
  NO SIGNIFICANT WEATHER WAS OBSERVED.


RELATIVE HUMIDITY (PERCENT)
 HIGHEST    89           400 AM
 LOWEST     28           400 PM
 AVERAGE    59

..........................................................


THE FLORENCE SOUTH  CAROLINA CLIMATE NORMALS FOR TODAY
                         NORMAL    RECORD    YEAR
 MAXIMUM TEMPERATURE (F)   75        89      1998
 MINIMUM TEMPERATURE (F)   52        34      1948


SUNRISE AND SUNSET
OCTOBER 19 2019.......SUNRISE   727 AM EDT   SUNSET   640 PM EDT
OCTOBER 20 2019.......SUNRISE   728 AM EDT   SUNSET   639 PM EDT


-  INDICATES NEGATIVE NUMBERS.
R  INDICATES RECORD WAS SET OR TIED.
MM INDICATES DATA IS MISSING.
T  INDICATES TRACE AMOUNT.




$$
