000
CDUS42 KILM 200945
CLIFLO


CLIMATE REPORT
NATIONAL WEATHER SERVICE WILMINGTON NC
444 AM EST WED FEB 20 2019


...................................

...THE FLORENCE SOUTH  CAROLINA CLIMATE SUMMARY FOR FEBRUARY 19 2019...

CLIMATE NORMAL PERIOD 1981 TO 2010
CLIMATE RECORD PERIOD 1948 TO 2019


WEATHER ITEM   OBSERVED TIME   RECORD YEAR NORMAL DEPARTURE LAST
                VALUE   (LST)  VALUE       VALUE  FROM      YEAR
                                                  NORMAL
..................................................................
TEMPERATURE (F)
 YESTERDAY
  MAXIMUM         55   1234 AM  80    2014  61     -6       65
                                      1951
  MINIMUM         40   1159 PM  16    1979  38      2       48
  AVERAGE         48                        49     -1       57

PRECIPITATION (IN)
  YESTERDAY        0.12          1.84 1975   0.11   0.01     0.01
  MONTH TO DATE    1.06                      1.95  -0.89     0.70
  SINCE DEC 1     10.55                      8.19   2.36     7.53
  SINCE JAN 1      3.94                      5.18  -1.24     2.87

SNOWFALL (IN)
  YESTERDAY       MM             0.0  2002   0.0
  MONTH TO DATE   MM                         0.1
  SINCE DEC 1     MM                         1.3
  SINCE JUL 1     MM                         1.3
  SNOW DEPTH      MM

DEGREE DAYS
 HEATING
  YESTERDAY       17                        16      1        8
  MONTH TO DATE  217                       332   -115      201
  SINCE DEC 1   1198                      1512   -314     1462
  SINCE JUL 1   1653                      1934   -281     1867

 COOLING
  YESTERDAY        0                         0      0        0
  MONTH TO DATE    9                         0      9       18
  SINCE DEC 1     20                         6     14       20
  SINCE JAN 1     14                         2     12       20
..................................................................


WIND (MPH)
  RESULTANT WIND SPEED  11   RESULTANT WIND DIRECTION  NE (50)
  HIGHEST WIND SPEED    18   HIGHEST WIND DIRECTION    NE (40)
  HIGHEST GUST SPEED    24   HIGHEST GUST DIRECTION    NE (40)
  AVERAGE WIND SPEED    11.6


SKY COVER
  POSSIBLE SUNSHINE  MM
  AVERAGE SKY COVER 0.9


WEATHER CONDITIONS
 THE FOLLOWING WEATHER WAS RECORDED YESTERDAY.
  RAIN
  LIGHT RAIN
  FOG


RELATIVE HUMIDITY (PERCENT)
 HIGHEST    92           900 PM
 LOWEST     46          1200 AM
 AVERAGE    69

..........................................................


THE FLORENCE SOUTH  CAROLINA CLIMATE NORMALS FOR TODAY
                         NORMAL    RECORD    YEAR
 MAXIMUM TEMPERATURE (F)   61        83      2014
 MINIMUM TEMPERATURE (F)   38        13      2015


SUNRISE AND SUNSET
FEBRUARY 20 2019......SUNRISE   659 AM EST   SUNSET   607 PM EST
FEBRUARY 21 2019......SUNRISE   657 AM EST   SUNSET   608 PM EST


-  INDICATES NEGATIVE NUMBERS.
R  INDICATES RECORD WAS SET OR TIED.
MM INDICATES DATA IS MISSING.
T  INDICATES TRACE AMOUNT.




$$

21
