000
CDUS42 KILM 200941
CLIFLO


CLIMATE REPORT
NATIONAL WEATHER SERVICE WILMINGTON NC
441 AM EST TUE NOV 20 2018


...................................

...THE FLORENCE SOUTH  CAROLINA CLIMATE SUMMARY FOR NOVEMBER 19 2018...

CLIMATE NORMAL PERIOD 1981 TO 2010
CLIMATE RECORD PERIOD 1948 TO 2018


WEATHER ITEM   OBSERVED TIME   RECORD YEAR NORMAL DEPARTURE LAST
                VALUE   (LST)  VALUE       VALUE  FROM      YEAR
                                                  NORMAL
..................................................................
TEMPERATURE (F)
 YESTERDAY
  MAXIMUM         69    301 PM  82    1985  66      3       67
  MINIMUM         49   1034 PM  20    2014  43      6       42
  AVERAGE         59                        54      5       55

PRECIPITATION (IN)
  YESTERDAY        0.01          1.23 2015   0.09  -0.08      T
  MONTH TO DATE    3.70                      1.66   2.04     0.68
  SINCE SEP 1     19.01                      8.41  10.60     6.37
  SINCE JAN 1     50.88                     38.89  11.99    37.95

SNOWFALL (IN)
  YESTERDAY       MM             0.0  2001   0.0
  MONTH TO DATE   MM                         0.0
  SINCE SEP 1     MM                         0.0
  SINCE JUL 1     MM                         0.0
  SNOW DEPTH      MM

DEGREE DAYS
 HEATING
  YESTERDAY        6                        11     -5       10
  MONTH TO DATE  174                       165      9      162
  SINCE SEP 1    279                       282     -3      252
  SINCE JUL 1    279                       282     -3      252

 COOLING
  YESTERDAY        0                         0      0        0
  MONTH TO DATE   12                        16     -4       14
  SINCE SEP 1    694                       388    306      466
  SINCE JAN 1   2727                      2058    669     2248
..................................................................


WIND (MPH)
  RESULTANT WIND SPEED   1   RESULTANT WIND DIRECTION  NW (300)
  HIGHEST WIND SPEED    10   HIGHEST WIND DIRECTION     W (250)
  HIGHEST GUST SPEED    15   HIGHEST GUST DIRECTION     W (260)
  AVERAGE WIND SPEED     3.9


SKY COVER
  POSSIBLE SUNSHINE  MM
  AVERAGE SKY COVER 0.5


WEATHER CONDITIONS
 THE FOLLOWING WEATHER WAS RECORDED YESTERDAY.
  LIGHT RAIN
  FOG


RELATIVE HUMIDITY (PERCENT)
 HIGHEST   100          1100 PM
 LOWEST     59           200 PM
 AVERAGE    80

..........................................................


THE FLORENCE SOUTH  CAROLINA CLIMATE NORMALS FOR TODAY
                         NORMAL    RECORD    YEAR
 MAXIMUM TEMPERATURE (F)   66        81      1988
 MINIMUM TEMPERATURE (F)   42        20      1951


SUNRISE AND SUNSET
NOVEMBER 20 2018......SUNRISE   656 AM EST   SUNSET   512 PM EST
NOVEMBER 21 2018......SUNRISE   657 AM EST   SUNSET   512 PM EST


-  INDICATES NEGATIVE NUMBERS.
R  INDICATES RECORD WAS SET OR TIED.
MM INDICATES DATA IS MISSING.
T  INDICATES TRACE AMOUNT.




$$
