000
CDUS42 KILM 192048
CLIFLO

CLIMATE REPORT
NATIONAL WEATHER SERVICE WILMINGTON NC
448 PM EDT MON OCT 19 2020

...................................

...THE FLORENCE SOUTH  CAROLINA CLIMATE SUMMARY FOR OCTOBER 19 2020...
VALID TODAY AS OF 0400 PM LOCAL TIME.

CLIMATE NORMAL PERIOD 1981 TO 2010
CLIMATE RECORD PERIOD 1948 TO 2020


WEATHER ITEM   OBSERVED TIME   RECORD YEAR NORMAL DEPARTURE LAST
                VALUE   (LST)  VALUE       VALUE  FROM      YEAR
                                                  NORMAL
...................................................................
TEMPERATURE (F)
 TODAY
  MAXIMUM         80    232 PM  89    1998  75      5       70
  MINIMUM         53    651 AM  34    1948  52      1       48
  AVERAGE         67                        63      4       59

PRECIPITATION (IN)
  TODAY            0.00          2.97 1968   0.10  -0.10     0.61
  MONTH TO DATE    0.80                      2.05  -1.25     2.01
  SINCE SEP 1      7.75                      5.72   2.03     5.68
  SINCE JAN 1     54.30                     36.20  18.10    34.90

DEGREE DAYS
 HEATING
  TODAY            0                         4     -4        6
  MONTH TO DATE   19                        45    -26       22
  SINCE SEP 1     30                        54    -24       22
  SINCE JUL 1     30                        54    -24       22

 COOLING
  TODAY            2                         2      0        0
  MONTH TO DATE   82                        66     16      133
  SINCE SEP 1    373                       352     21      555
  SINCE JAN 1   2317                      2022    295     2611
...................................................................


WIND (MPH)
  RESULTANT WIND SPEED   4   RESULTANT WIND DIRECTION  NE (30)
  HIGHEST WIND SPEED    10   HIGHEST WIND DIRECTION    NE (30)
  HIGHEST GUST SPEED    13   HIGHEST GUST DIRECTION    NE (60)
  AVERAGE WIND SPEED     4.8


SKY COVER
  AVERAGE SKY COVER 0.1


WEATHER CONDITIONS
THE FOLLOWING WEATHER WAS RECORDED TODAY.
  NO SIGNIFICANT WEATHER WAS OBSERVED.


RELATIVE HUMIDITY (PERCENT)
 HIGHEST    90           300 AM
 LOWEST     48           300 PM
 AVERAGE    69

..........................................................


THE FLORENCE SOUTH  CAROLINA CLIMATE NORMALS FOR TOMORROW
                         NORMAL    RECORD    YEAR
 MAXIMUM TEMPERATURE (F)   74        88      1969
 MINIMUM TEMPERATURE (F)   52        34      1992


SUNRISE AND SUNSET
OCTOBER 19 2020.......SUNRISE   728 AM EDT   SUNSET   639 PM EDT
OCTOBER 20 2020.......SUNRISE   729 AM EDT   SUNSET   638 PM EDT


-  INDICATES NEGATIVE NUMBERS.
R  INDICATES RECORD WAS SET OR TIED.
MM INDICATES DATA IS MISSING.
T  INDICATES TRACE AMOUNT.




$$
