000
CDUS42 KTBW 280829
CLIFMY


CLIMATE REPORT
NATIONAL WEATHER SERVICE TAMPA BAY FL
427 AM EDT WED OCT 28 2020


...................................

...THE FORT MYERS CLIMATE SUMMARY FOR OCTOBER 27 2020...

CLIMATE NORMAL PERIOD 1981 TO 2010
CLIMATE RECORD PERIOD 1902 TO 2020


WEATHER ITEM   OBSERVED TIME   RECORD YEAR NORMAL DEPARTURE LAST
                VALUE   (LST)  VALUE       VALUE  FROM      YEAR
                                                  NORMAL
..................................................................
TEMPERATURE (F)
 YESTERDAY
  MAXIMUM         91    138 PM  92    2010  85      6       90
  MINIMUM         74    218 AM  48    1903  66      8       76
  AVERAGE         83                        76      7       83

PRECIPITATION (IN)
  YESTERDAY        0.01          2.31 1908   0.08  -0.07     0.00
  MONTH TO DATE    3.82                      2.61   1.21     4.68
  SINCE SEP 1     17.92                     10.92   7.00     7.54
  SINCE JAN 1     50.75                     51.99  -1.24    53.76

DEGREE DAYS
 HEATING
  YESTERDAY        0                         0      0        0
  MONTH TO DATE    0                         0      0        0
  SINCE SEP 1      0                         0      0        0
  SINCE JUL 1      0                         0      0        0

 COOLING
  YESTERDAY       18                        11      7       18
  MONTH TO DATE  425                       361     64      484
  SINCE SEP 1    946                       883     63     1047
  SINCE JAN 1   4227                      3607    620     3968
..................................................................


WIND (MPH)
  RESULTANT WIND SPEED   9   RESULTANT WIND DIRECTION   E (110)
  HIGHEST WIND SPEED    17   HIGHEST WIND DIRECTION     E (90)
  HIGHEST GUST SPEED    24   HIGHEST GUST DIRECTION    SE (120)
  AVERAGE WIND SPEED     9.8


SKY COVER
  POSSIBLE SUNSHINE  MM
  AVERAGE SKY COVER 0.3


WEATHER CONDITIONS
 THE FOLLOWING WEATHER WAS RECORDED YESTERDAY.
  NO SIGNIFICANT WEATHER WAS OBSERVED.


RELATIVE HUMIDITY (PERCENT)
 HIGHEST   100          1200 AM
 LOWEST     59           200 PM

..........................................................


THE FORT MYERS CLIMATE NORMALS FOR TODAY
                         NORMAL    RECORD    YEAR
 MAXIMUM TEMPERATURE (F)   85        91      2019
                                             2010
                                             1978
 MINIMUM TEMPERATURE (F)   66        45      1957


SUNRISE AND SUNSET
OCTOBER 28 2020.......SUNRISE   735 AM EDT   SUNSET   647 PM EDT
OCTOBER 29 2020.......SUNRISE   735 AM EDT   SUNSET   647 PM EDT


-  INDICATES NEGATIVE NUMBERS.
R  INDICATES RECORD WAS SET OR TIED.
MM INDICATES DATA IS MISSING.
T  INDICATES TRACE AMOUNT.




$$


&&
------------------------------------------------------------------
******************** SUPPLEMENTAL DATA ***************************

...GULF WATER TEMPERATURE AT FORT MYERS BEACH 82 DEGREES.
