000
CDUS42 KTBW 190932
CLIFMY


CLIMATE REPORT
NATIONAL WEATHER SERVICE TAMPA BAY FL
428 AM EST MON FEB 19 2018


...................................

...THE FORT MYERS CLIMATE SUMMARY FOR FEBRUARY 18 2018...

CLIMATE NORMAL PERIOD 1981 TO 2010
CLIMATE RECORD PERIOD 1902 TO 2018


WEATHER ITEM   OBSERVED TIME   RECORD YEAR NORMAL DEPARTURE LAST
                VALUE   (LST)  VALUE       VALUE  FROM      YEAR
                                                  NORMAL
..................................................................
TEMPERATURE (F)
 YESTERDAY
  MAXIMUM         87    417 PM  90    1944  78      9       83
  MINIMUM         62    728 AM  37    1977  56      6       57
                                      1958
  AVERAGE         75                        67      8       70

PRECIPITATION (IN)
  YESTERDAY        T             1.80 1940   0.08  -0.08     0.03
  MONTH TO DATE    0.74                      1.34  -0.60     0.10
  SINCE DEC 1      3.35                      4.99  -1.64     1.87
  SINCE JAN 1      1.90                      3.28  -1.38     1.63

DEGREE DAYS
 HEATING
  YESTERDAY        0                         2     -2        0
  MONTH TO DATE    0                        42    -42        1
  SINCE DEC 1    181                       225    -44       60
  SINCE JUL 1    186                       243    -57       65

 COOLING
  YESTERDAY       10                         4      6        5
  MONTH TO DATE  159                        62     97       98
  SINCE DEC 1    408                       266    142      527
  SINCE JAN 1    239                       145     94      251
..................................................................


WIND (MPH)
  RESULTANT WIND SPEED   2   RESULTANT WIND DIRECTION   E (100)
  HIGHEST WIND SPEED    10   HIGHEST WIND DIRECTION    NW (330)
  HIGHEST GUST SPEED    16   HIGHEST GUST DIRECTION     E (80)
  AVERAGE WIND SPEED     4.1


SKY COVER
  POSSIBLE SUNSHINE  MM
  AVERAGE SKY COVER 0.2


WEATHER CONDITIONS
 THE FOLLOWING WEATHER WAS RECORDED YESTERDAY.
  LIGHT RAIN


RELATIVE HUMIDITY (PERCENT)
 HIGHEST   100           400 AM
 LOWEST     35           100 PM

..........................................................


THE FORT MYERS CLIMATE NORMALS FOR TODAY
                         NORMAL    RECORD    YEAR
 MAXIMUM TEMPERATURE (F)   78        89      1944
 MINIMUM TEMPERATURE (F)   56        34      1958


SUNRISE AND SUNSET
FEBRUARY 19 2018......SUNRISE   700 AM EST   SUNSET   623 PM EST
FEBRUARY 20 2018......SUNRISE   659 AM EST   SUNSET   623 PM EST


-  INDICATES NEGATIVE NUMBERS.
R  INDICATES RECORD WAS SET OR TIED.
MM INDICATES DATA IS MISSING.
T  INDICATES TRACE AMOUNT.




$$


&&
------------------------------------------------------------------
******************** SUPPLEMENTAL DATA ***************************

...GULF WATER TEMPERATURE AT FORT MYERS BEACH 73 DEGREES.
