889
CDUS42 KTBW 222121
CLIFMY


CLIMATE REPORT
NATIONAL WEATHER SERVICE TAMPA BAY FL
518 PM EDT TUE OCT 22 2019


...................................

...THE FORT MYERS CLIMATE SUMMARY FOR OCTOBER 22 2019...
VALID TODAY AS OF 0500 PM LOCAL TIME.

CLIMATE NORMAL PERIOD 1981 TO 2010
CLIMATE RECORD PERIOD 1902 TO 2019


WEATHER ITEM   OBSERVED TIME   RECORD YEAR NORMAL DEPARTURE LAST
                VALUE   (LST)  VALUE       VALUE  FROM      YEAR
                                                  NORMAL
..................................................................
TEMPERATURE (F)
 TODAY
  MAXIMUM         91   1244 PM  93    1990  86      5       86
  MINIMUM         77    655 AM  51    1913  68      9       68
  AVERAGE         84                        77      7       77

PRECIPITATION (IN)
  TODAY            0.00          2.81 1937   0.08  -0.08     0.00
  MONTH TO DATE    4.21                      2.22   1.99     0.87
  SINCE SEP 1      7.07                     10.53  -3.46     5.82
  SINCE JAN 1     53.29                     51.60   1.69    48.71

DEGREE DAYS
 HEATING
  TODAY            0                         0      0        0
  MONTH TO DATE    0                         0      0        0
  SINCE SEP 1      0                         0      0        0
  SINCE JUL 1      0                         0      0        0

 COOLING
  TODAY           19                        12      7       12
  MONTH TO DATE  392                       306     86      367
  SINCE SEP 1    955                       828    127      898
  SINCE JAN 1   3876                      3552    324     3793
..................................................................


WIND (MPH)
  RESULTANT WIND SPEED   3   RESULTANT WIND DIRECTION  SW (240)
  HIGHEST WIND SPEED    14   HIGHEST WIND DIRECTION     W (280)
  HIGHEST GUST SPEED    23   HIGHEST GUST DIRECTION    NW (310)
  AVERAGE WIND SPEED     4.2


SKY COVER
  POSSIBLE SUNSHINE  MM
  AVERAGE SKY COVER 0.1


WEATHER CONDITIONS
 THE FOLLOWING WEATHER WAS RECORDED TODAY.
  FOG


RELATIVE HUMIDITY (PERCENT)
 HIGHEST    94           700 AM
 LOWEST     56           200 PM

..........................................................


THE FORT MYERS CLIMATE NORMALS FOR TOMORROW
                         NORMAL    RECORD    YEAR
 MAXIMUM TEMPERATURE (F)   85        91      1919
 MINIMUM TEMPERATURE (F)   67        53      1916


SUNRISE AND SUNSET
OCTOBER 22 2019.......SUNRISE   731 AM EDT   SUNSET   653 PM EDT
OCTOBER 23 2019.......SUNRISE   731 AM EDT   SUNSET   652 PM EDT


-  INDICATES NEGATIVE NUMBERS.
R  INDICATES RECORD WAS SET OR TIED.
MM INDICATES DATA IS MISSING.
T  INDICATES TRACE AMOUNT.




$$


&&
------------------------------------------------------------------
******************** SUPPLEMENTAL DATA ***************************

...GULF WATER TEMPERATURE AT FORT MYERS BEACH 84 DEGREES
