000
CDUS42 KTBW 222124
CLIFMY


CLIMATE REPORT
NATIONAL WEATHER SERVICE TAMPA BAY FL
521 PM EDT FRI JUN 22 2018


...................................

...THE FORT MYERS CLIMATE SUMMARY FOR JUNE 22 2018...
VALID TODAY AS OF 0500 PM LOCAL TIME.

CLIMATE NORMAL PERIOD 1981 TO 2010
CLIMATE RECORD PERIOD 1902 TO 2018


WEATHER ITEM   OBSERVED TIME   RECORD YEAR NORMAL DEPARTURE LAST
                VALUE   (LST)  VALUE       VALUE  FROM      YEAR
                                                  NORMAL
..................................................................
TEMPERATURE (F)
 TODAY
  MAXIMUM         93    124 PM  97    1944  92      1       94
  MINIMUM         78    419 AM  68    1928  74      4       76
  AVERAGE         86                        83      3       85

PRECIPITATION (IN)
  TODAY            0.00          2.90 2003   0.39  -0.39     0.00
  MONTH TO DATE    5.19                      7.13  -1.94     9.79
  SINCE JUN 1      5.19                      7.13  -1.94     9.79
  SINCE JAN 1     21.49                     18.93   2.56    15.97

DEGREE DAYS
 HEATING
  TODAY            0                         0      0        0
  MONTH TO DATE    0                         0      0        0
  SINCE JUN 1      0                         0      0        0
  SINCE JUL 1    208                       287    -79       76

 COOLING
  TODAY           21                        18      3       20
  MONTH TO DATE  416                       384     32      342
  SINCE JUN 1    416                       384     32      342
  SINCE JAN 1   1735                      1450    285     1624
..................................................................


WIND (MPH)
  RESULTANT WIND SPEED   6   RESULTANT WIND DIRECTION   W (280)
  HIGHEST WIND SPEED    17   HIGHEST WIND DIRECTION     W (260)
  HIGHEST GUST SPEED    22   HIGHEST GUST DIRECTION     W (250)
  AVERAGE WIND SPEED     7.0


SKY COVER
  POSSIBLE SUNSHINE  MM
  AVERAGE SKY COVER 0.2


WEATHER CONDITIONS
 THE FOLLOWING WEATHER WAS RECORDED TODAY.
  THUNDERSTORM


RELATIVE HUMIDITY (PERCENT)
 HIGHEST    91           600 AM
 LOWEST     52          1200 PM

..........................................................


THE FORT MYERS CLIMATE NORMALS FOR TOMORROW
                         NORMAL    RECORD    YEAR
 MAXIMUM TEMPERATURE (F)   92        97      1988
                                             1944
 MINIMUM TEMPERATURE (F)   74        69      1995
                                             1917
                                             1913


SUNRISE AND SUNSET
JUNE 22 2018..........SUNRISE   635 AM EDT   SUNSET   824 PM EDT
JUNE 23 2018..........SUNRISE   635 AM EDT   SUNSET   824 PM EDT


-  INDICATES NEGATIVE NUMBERS.
R  INDICATES RECORD WAS SET OR TIED.
MM INDICATES DATA IS MISSING.
T  INDICATES TRACE AMOUNT.




$$


&&
------------------------------------------------------------------
******************** SUPPLEMENTAL DATA ***************************

...GULF WATER TEMPERATURE AT FORT MYERS BEACH 89 DEGREES
