142
CDUS42 KTBW 152213
CLIFMY


CLIMATE REPORT
NATIONAL WEATHER SERVICE TAMPA BAY FL
512 PM EST SAT DEC 15 2018


...................................

...THE FORT MYERS CLIMATE SUMMARY FOR DECEMBER 15 2018...
VALID TODAY AS OF 0500 PM LOCAL TIME.

CLIMATE NORMAL PERIOD 1981 TO 2010
CLIMATE RECORD PERIOD 1902 TO 2018


WEATHER ITEM   OBSERVED TIME   RECORD YEAR NORMAL DEPARTURE LAST
                VALUE   (LST)  VALUE       VALUE  FROM      YEAR
                                                  NORMAL
..................................................................
TEMPERATURE (F)
 TODAY
  MAXIMUM         76    121 AM  87    1940  77     -1       77
  MINIMUM         65    507 AM  33    2010  57      8       56
                                      1944
  AVERAGE         71                        67      4       67

PRECIPITATION (IN)
  TODAY            0.51          0.69 1947   0.05   0.46     0.00
  MONTH TO DATE    0.82                      0.73   0.09     1.45
  SINCE DEC 1      0.82                      0.73   0.09     1.45
  SINCE JAN 1     51.03                     54.95  -3.92    61.54

DEGREE DAYS
 HEATING
  TODAY            0                         2     -2        0
  MONTH TO DATE   25                        25      0       39
  SINCE DEC 1     25                        25      0       39
  SINCE JUL 1     47                        43      4       44

 COOLING
  TODAY            6                         4      2        2
  MONTH TO DATE   84                        67     17       77
  SINCE DEC 1     84                        67     17       77
  SINCE JAN 1   4241                      3930    311     4253
..................................................................


WIND (MPH)
  RESULTANT WIND SPEED   2   RESULTANT WIND DIRECTION   W (270)
  HIGHEST WIND SPEED    22   HIGHEST WIND DIRECTION     W (270)
  HIGHEST GUST SPEED    29   HIGHEST GUST DIRECTION     W (270)
  AVERAGE WIND SPEED     6.6


SKY COVER
  POSSIBLE SUNSHINE  MM
  AVERAGE SKY COVER 0.8


WEATHER CONDITIONS
 THE FOLLOWING WEATHER WAS RECORDED TODAY.
  THUNDERSTORM
  HEAVY RAIN
  LIGHT RAIN
  FOG


RELATIVE HUMIDITY (PERCENT)
 HIGHEST   100           400 AM
 LOWEST     64          1000 AM

..........................................................


THE FORT MYERS CLIMATE NORMALS FOR TOMORROW
                         NORMAL    RECORD    YEAR
 MAXIMUM TEMPERATURE (F)   77        87      1948
 MINIMUM TEMPERATURE (F)   56        32      1968


SUNRISE AND SUNSET
DECEMBER 15 2018......SUNRISE   708 AM EST   SUNSET   537 PM EST
DECEMBER 16 2018......SUNRISE   709 AM EST   SUNSET   538 PM EST


-  INDICATES NEGATIVE NUMBERS.
R  INDICATES RECORD WAS SET OR TIED.
MM INDICATES DATA IS MISSING.
T  INDICATES TRACE AMOUNT.




$$


&&
------------------------------------------------------------------
******************** SUPPLEMENTAL DATA ***************************

...GULF WATER TEMPERATURE AT FORT MYERS BEACH 69 DEGREES
