000
CDUS42 KTBW 242215
CLIFMY


CLIMATE REPORT
NATIONAL WEATHER SERVICE TAMPA BAY FL
513 PM EST FRI JAN 24 2020


...................................

...THE FORT MYERS CLIMATE SUMMARY FOR JANUARY 24 2020...
VALID TODAY AS OF 0500 PM LOCAL TIME.

CLIMATE NORMAL PERIOD 1981 TO 2010
CLIMATE RECORD PERIOD 1902 TO 2020


WEATHER ITEM   OBSERVED TIME   RECORD YEAR NORMAL DEPARTURE LAST
                VALUE   (LST)  VALUE       VALUE  FROM      YEAR
                                                  NORMAL
..................................................................
TEMPERATURE (F)
 TODAY
  MAXIMUM         78    302 PM  85    2012  75      3       75
                                      2010
                                      1990
  MINIMUM         61    628 AM  32    1960  54      7       62
  AVERAGE         70                        64      6       69

PRECIPITATION (IN)
  TODAY            0.00          2.25 1955   0.06  -0.06     0.66
  MONTH TO DATE    0.17                      1.49  -1.32     1.42
  SINCE DEC 1      5.88                      3.20   2.68     3.33
  SINCE JAN 1      0.17                      1.49  -1.32     1.42

DEGREE DAYS
 HEATING
  TODAY            0                         3     -3        0
  MONTH TO DATE   40                        91    -51       53
  SINCE DEC 1     55                       166   -111      101
  SINCE JUL 1     63                       184   -121      123

 COOLING
  TODAY            5                         3      2        4
  MONTH TO DATE  141                        71     70       70
  SINCE DEC 1    342                       192    150      223
  SINCE JAN 1    141                        71     70       70
..................................................................


WIND (MPH)
  RESULTANT WIND SPEED   2   RESULTANT WIND DIRECTION  SE (140)
  HIGHEST WIND SPEED    13   HIGHEST WIND DIRECTION     W (260)
  HIGHEST GUST SPEED    24   HIGHEST GUST DIRECTION    SW (220)
  AVERAGE WIND SPEED     5.1


SKY COVER
  POSSIBLE SUNSHINE  MM
  AVERAGE SKY COVER 0.1


WEATHER CONDITIONS
 THE FOLLOWING WEATHER WAS RECORDED TODAY.
  NO SIGNIFICANT WEATHER WAS OBSERVED.


RELATIVE HUMIDITY (PERCENT)
 HIGHEST    93           300 AM
 LOWEST     60           100 PM

..........................................................


THE FORT MYERS CLIMATE NORMALS FOR TOMORROW
                         NORMAL    RECORD    YEAR
 MAXIMUM TEMPERATURE (F)   75        86      2012
 MINIMUM TEMPERATURE (F)   54        37      2003


SUNRISE AND SUNSET
JANUARY 24 2020.......SUNRISE   716 AM EST   SUNSET   603 PM EST
JANUARY 25 2020.......SUNRISE   715 AM EST   SUNSET   604 PM EST


-  INDICATES NEGATIVE NUMBERS.
R  INDICATES RECORD WAS SET OR TIED.
MM INDICATES DATA IS MISSING.
T  INDICATES TRACE AMOUNT.




$$


&&
------------------------------------------------------------------
******************** SUPPLEMENTAL DATA ***************************

...GULF WATER TEMPERATURE AT FORT MYERS BEACH 65 DEGREES
