000
CDUS43 KDTX 210538
CLIFNT

CLIMATE REPORT
NATIONAL WEATHER SERVICE DETROIT/PONTIAC MI
138 AM EDT WED OCT 21 2020

...................................

...THE FLINT MI CLIMATE SUMMARY FOR OCTOBER 20 2020...

CLIMATE NORMAL PERIOD 1981 TO 2010
CLIMATE RECORD PERIOD 1921 TO 2020


WEATHER ITEM   OBSERVED TIME   RECORD YEAR NORMAL DEPARTURE LAST
                VALUE   (LST)  VALUE       VALUE  FROM      YEAR
                                                  NORMAL
...................................................................
TEMPERATURE (F)
 YESTERDAY
  MAXIMUM         52    212 PM  81    1953  58     -6       71
  MINIMUM         38    726 AM  21    1952  38      0       45
                                      1974
  AVERAGE         45                        48     -3       58

PRECIPITATION (IN)
  YESTERDAY        0.06          0.71 1962   0.07  -0.01      T
  MONTH TO DATE    1.33                      1.65  -0.32     3.15
  SINCE SEP 1      4.93                      5.40  -0.47     6.01
  SINCE JAN 1     28.93                     25.96   2.97    29.85

SNOWFALL (IN)
  YESTERDAY        0.0           1.8  1992   0.0    0.0     MM
  MONTH TO DATE    0.0                       0.2   -0.2      0.0
  SINCE SEP 1      0.0                       0.2   -0.2      0.0
  SINCE JUL 1      0.0                       0.2   -0.2      0.0
  SNOW DEPTH       0

DEGREE DAYS
 HEATING
  YESTERDAY       20                        17      3        7
  MONTH TO DATE  265                       279    -14      227
  SINCE SEP 1    445                       445      0      270
  SINCE JUL 1    460                       489    -29      280

 COOLING
  YESTERDAY        0                         0      0        0
  MONTH TO DATE    0                         2     -2        8
  SINCE SEP 1     19                        51    -32      107
  SINCE JAN 1    770                       528    242      717
...................................................................


WIND (MPH)
  HIGHEST WIND SPEED    16   HIGHEST WIND DIRECTION     E (80)
  HIGHEST GUST SPEED    22   HIGHEST GUST DIRECTION    SE (140)
  AVERAGE WIND SPEED     7.2


SKY COVER
  POSSIBLE SUNSHINE  MM
  AVERAGE SKY COVER 0.6


WEATHER CONDITIONS
THE FOLLOWING WEATHER WAS RECORDED YESTERDAY.
  LIGHT RAIN


RELATIVE HUMIDITY (PERCENT)
 HIGHEST    86           500 AM
 LOWEST     56           200 PM
 AVERAGE    71

..........................................................


THE FLINT MI CLIMATE NORMALS FOR TODAY
                         NORMAL    RECORD    YEAR
 MAXIMUM TEMPERATURE (F)   58        83      1953
 MINIMUM TEMPERATURE (F)   38        19      1974


SUNRISE AND SUNSET
OCTOBER 21 2020.......SUNRISE   756 AM EDT   SUNSET   642 PM EDT
OCTOBER 22 2020.......SUNRISE   758 AM EDT   SUNSET   640 PM EDT


-  INDICATES NEGATIVE NUMBERS.
R  INDICATES RECORD WAS SET OR TIED.
MM INDICATES DATA IS MISSING.
T  INDICATES TRACE AMOUNT.




$$
