282
CDUS43 KDTX 230536
CLIFNT


CLIMATE REPORT
NATIONAL WEATHER SERVICE DETROIT/PONTIAC MI
1236 AM EST WED JAN 23 2019


...................................

...THE FLINT MI CLIMATE SUMMARY FOR JANUARY 22 2019...

CLIMATE NORMAL PERIOD 1981 TO 2010
CLIMATE RECORD PERIOD 1921 TO 2019


WEATHER ITEM   OBSERVED TIME   RECORD YEAR NORMAL DEPARTURE LAST
                VALUE   (LST)  VALUE       VALUE  FROM      YEAR
                                                  NORMAL
..................................................................
TEMPERATURE (F)
 YESTERDAY
  MAXIMUM         31   1159 PM  55    1933  29      2       52
  MINIMUM         -3   1228 AM -13    2014  15    -18       36
                                      2000
  AVERAGE         14                        22     -8       44

PRECIPITATION (IN)
  YESTERDAY        0.06          1.17 1999   0.04   0.02     0.65
  MONTH TO DATE    0.57                      1.20  -0.63     1.42
  SINCE DEC 1      2.68                      3.12  -0.44     2.80
  SINCE JAN 1      0.57                      1.20  -0.63     1.42

SNOWFALL (IN)
  YESTERDAY        0.5           9.0  2005   0.5    0.0      0.0
  MONTH TO DATE    5.2                       9.4   -4.2     10.1
  SINCE DEC 1      9.0                      21.2  -12.2     33.4
  SINCE JUL 1     20.1                      24.1   -4.0     33.8
  SNOW DEPTH       3

DEGREE DAYS
 HEATING
  YESTERDAY       51                        43      8       21
  MONTH TO DATE  879                       935    -56      997
  SINCE DEC 1   1916                      2099   -183     2305
  SINCE JUL 1   3491                      3580    -89     3603

 COOLING
  YESTERDAY        0                         0      0        0
  MONTH TO DATE    0                         0      0        0
  SINCE DEC 1      0                         0      0        0
  SINCE JAN 1      0                         0      0        0
..................................................................


WIND (MPH)
  HIGHEST WIND SPEED    24   HIGHEST WIND DIRECTION     S (160)
  HIGHEST GUST SPEED    30   HIGHEST GUST DIRECTION     S (160)
  AVERAGE WIND SPEED    11.9


SKY COVER
  POSSIBLE SUNSHINE  MM
  AVERAGE SKY COVER 0.6


WEATHER CONDITIONS
 THE FOLLOWING WEATHER WAS RECORDED YESTERDAY.
  LIGHT SNOW
  FOG


RELATIVE HUMIDITY (PERCENT)
 HIGHEST    96           700 PM
 LOWEST     46           100 PM
 AVERAGE    71

..........................................................


THE FLINT MI CLIMATE NORMALS FOR TODAY
                         NORMAL    RECORD    YEAR
 MAXIMUM TEMPERATURE (F)   29        56      1967
 MINIMUM TEMPERATURE (F)   15       -13      1963


SUNRISE AND SUNSET
JANUARY 23 2019.......SUNRISE   758 AM EST   SUNSET   536 PM EST
JANUARY 24 2019.......SUNRISE   758 AM EST   SUNSET   537 PM EST


-  INDICATES NEGATIVE NUMBERS.
R  INDICATES RECORD WAS SET OR TIED.
MM INDICATES DATA IS MISSING.
T  INDICATES TRACE AMOUNT.




$$
