000
CDUS43 KDTX 172026
CLIFNT


CLIMATE REPORT
NATIONAL WEATHER SERVICE DETROIT/PONTIAC MI
425 PM EDT THU OCT 17 2019


...................................

...THE FLINT MI CLIMATE SUMMARY FOR OCTOBER 17 2019...
VALID TODAY AS OF 0400 PM LOCAL TIME.

CLIMATE NORMAL PERIOD 1981 TO 2010
CLIMATE RECORD PERIOD 1921 TO 2019


WEATHER ITEM   OBSERVED TIME   RECORD YEAR NORMAL DEPARTURE LAST
                VALUE   (LST)  VALUE       VALUE  FROM      YEAR
                                                  NORMAL
..................................................................
TEMPERATURE (F)
 TODAY
  MAXIMUM         55    211 PM  87    1938  59     -4       46
  MINIMUM         42    807 AM  24    2002  39      3       34
  AVERAGE         49                        49      0       40

PRECIPITATION (IN)
  TODAY            0.00          0.72 1993   0.07  -0.07     0.00
  MONTH TO DATE    3.15                      1.43   1.72     2.68
  SINCE SEP 1      6.01                      5.18   0.83     6.04
  SINCE JAN 1     29.85                     25.74   4.11    31.53

SNOWFALL (IN)
  TODAY            0.0           T    1976   0.1   -0.1      0.0
  MONTH TO DATE    0.0                       0.2   -0.2      0.0
  SINCE SEP 1      0.0                       0.2   -0.2      0.0
  SINCE JUL 1      0.0                       0.2   -0.2      0.0
  SNOW DEPTH       0

DEGREE DAYS
 HEATING
  TODAY           16                        16      0       25
  MONTH TO DATE  185                       229    -44      193
  SINCE SEP 1    228                       395   -167      311
  SINCE JUL 1    238                       439   -201      315

 COOLING
  TODAY            0                         0      0        0
  MONTH TO DATE    8                         2      6       21
  SINCE SEP 1    107                        51     56      139
  SINCE JAN 1    717                       528    189      796
..................................................................


WIND (MPH)
  HIGHEST WIND SPEED    21   HIGHEST WIND DIRECTION    NW (320)
  HIGHEST GUST SPEED    26   HIGHEST GUST DIRECTION    NW (310)
  AVERAGE WIND SPEED    14.1


SKY COVER
  POSSIBLE SUNSHINE  MM
  AVERAGE SKY COVER 0.8


WEATHER CONDITIONS
 THE FOLLOWING WEATHER WAS RECORDED TODAY.
  NO SIGNIFICANT WEATHER WAS OBSERVED.


RELATIVE HUMIDITY (PERCENT)
 HIGHEST    76           400 AM
 LOWEST     50           200 PM
 AVERAGE    63

..........................................................


THE FLINT MI CLIMATE NORMALS FOR TOMORROW
                         NORMAL    RECORD    YEAR
 MAXIMUM TEMPERATURE (F)   59        83      1938
 MINIMUM TEMPERATURE (F)   39        22      1952


SUNRISE AND SUNSET
OCTOBER 17 2019.......SUNRISE   751 AM EDT   SUNSET   649 PM EDT
OCTOBER 18 2019.......SUNRISE   752 AM EDT   SUNSET   648 PM EDT


-  INDICATES NEGATIVE NUMBERS.
R  INDICATES RECORD WAS SET OR TIED.
MM INDICATES DATA IS MISSING.
T  INDICATES TRACE AMOUNT.




$$
