000
CDUS43 KDTX 220541
CLIFNT


CLIMATE REPORT
NATIONAL WEATHER SERVICE DETROIT/PONTIAC MI
141 AM EDT SUN APR 22 2018


...................................

...THE FLINT MI CLIMATE SUMMARY FOR APRIL 21 2018...

CLIMATE NORMAL PERIOD 1981 TO 2010
CLIMATE RECORD PERIOD 1921 TO 2018


WEATHER ITEM   OBSERVED TIME   RECORD YEAR NORMAL DEPARTURE LAST
                VALUE   (LST)  VALUE       VALUE  FROM      YEAR
                                                  NORMAL
..................................................................
TEMPERATURE (F)
 YESTERDAY
  MAXIMUM         57    555 PM  84    1985  60     -3       54
  MINIMUM         30    534 AM  23    2013  37     -7       40
  AVERAGE         44                        49     -5       47

PRECIPITATION (IN)
  YESTERDAY        0.00          1.35 1937   0.10  -0.10      T
  MONTH TO DATE    3.06                      2.04   1.02     3.95
  SINCE MAR 1      4.17                      3.95   0.22     7.16
  SINCE JAN 1     10.05                      7.06   2.99    12.71

SNOWFALL (IN)
  YESTERDAY        0.0           0.3    MM   0.0    0.0      0.0
  MONTH TO DATE    7.9                       2.0    5.9      1.5
  SINCE MAR 1     19.6                       8.5   11.1      6.9
  SINCE JUL 1     85.3                      47.1   38.2     39.4
  SNOW DEPTH       0

DEGREE DAYS
 HEATING
  YESTERDAY       21                        17      4       18
  MONTH TO DATE  615                       428    187      305
  SINCE MAR 1   1646                      1385    261     1263
  SINCE JUL 1   6596                      6473    123     5412

 COOLING
  YESTERDAY        0                         0      0        0
  MONTH TO DATE    0                         0      0        1
  SINCE MAR 1      0                         0      0        1
  SINCE JAN 1      0                         0      0        1
..................................................................


WIND (MPH)
  HIGHEST WIND SPEED    12   HIGHEST WIND DIRECTION     S (160)
  HIGHEST GUST SPEED    14   HIGHEST GUST DIRECTION     S (160)
  AVERAGE WIND SPEED     3.5


SKY COVER
  POSSIBLE SUNSHINE  MM
  AVERAGE SKY COVER 0.0


WEATHER CONDITIONS
 THE FOLLOWING WEATHER WAS RECORDED YESTERDAY.
  NO SIGNIFICANT WEATHER WAS OBSERVED.


RELATIVE HUMIDITY (PERCENT)
 HIGHEST    85           400 AM
 LOWEST     27           100 PM
 AVERAGE    56

..........................................................


THE FLINT MI CLIMATE NORMALS FOR TODAY
                         NORMAL    RECORD    YEAR
 MAXIMUM TEMPERATURE (F)   60        84      1985
                                             1980
 MINIMUM TEMPERATURE (F)   38        20      1927


SUNRISE AND SUNSET
APRIL 22 2018.........SUNRISE   642 AM EDT   SUNSET   826 PM EDT
APRIL 23 2018.........SUNRISE   640 AM EDT   SUNSET   827 PM EDT


-  INDICATES NEGATIVE NUMBERS.
R  INDICATES RECORD WAS SET OR TIED.
MM INDICATES DATA IS MISSING.
T  INDICATES TRACE AMOUNT.




$$
