000
CDUS43 KFSD 190639
CLIFSD


CLIMATE REPORT
NATIONAL WEATHER SERVICE SIOUX FALLS SD
138 AM CDT TUE JUN 19 2018


...................................

...THE SIOUX FALLS SD CLIMATE SUMMARY FOR JUNE 18 2018...

CLIMATE NORMAL PERIOD 1981 TO 2010
CLIMATE RECORD PERIOD 1893 TO 2018


WEATHER ITEM   OBSERVED TIME   RECORD YEAR NORMAL DEPARTURE LAST
                VALUE   (LST)  VALUE       VALUE  FROM      YEAR
                                                  NORMAL
..................................................................
TEMPERATURE (F)
 YESTERDAY
  MAXIMUM         74    455 PM 101    1953  80     -6       77
  MINIMUM         66   1240 AM  42    1926  57      9       55
                                      1902
  AVERAGE         70                        69      1       66

PRECIPITATION (IN)
  YESTERDAY        0.05          1.94 1955   0.13  -0.08     0.00
  MONTH TO DATE    1.45                      2.39  -0.94     1.56
  SINCE JUN 1      1.45                      2.39  -0.94     1.56
  SINCE JAN 1     10.87                     11.72  -0.85     9.31

SNOWFALL (IN)
  YESTERDAY        0.0           0.0    MM   0.0    0.0      0.0
  MONTH TO DATE    0.0                       0.0    0.0      0.0
  SINCE JUN 1      0.0                       0.0    0.0      0.0
  SINCE JUL 1     70.4                      44.5   25.9     42.9
  SNOW DEPTH       0

DEGREE DAYS
 HEATING
  YESTERDAY        0                         1     -1        0
  MONTH TO DATE    2                        43    -41        3
  SINCE JUN 1      2                        43    -41        3
  SINCE JUL 1   7565                      7698   -133     6440

 COOLING
  YESTERDAY        5                         5      0        1
  MONTH TO DATE  154                        60     94      167
  SINCE JUN 1    154                        60     94      167
  SINCE JAN 1    258                        96    162      193
..................................................................


WIND (MPH)
  HIGHEST WIND SPEED    20   HIGHEST WIND DIRECTION     E (80)
  HIGHEST GUST SPEED    26   HIGHEST GUST DIRECTION     E (80)
  AVERAGE WIND SPEED    10.9


SKY COVER
  POSSIBLE SUNSHINE  MM
  AVERAGE SKY COVER 1.0


WEATHER CONDITIONS
 THE FOLLOWING WEATHER WAS RECORDED YESTERDAY.
  THUNDERSTORM
  RAIN
  LIGHT RAIN
  FOG


RELATIVE HUMIDITY (PERCENT)
 HIGHEST   100           100 AM
 LOWEST     79           400 PM
 AVERAGE    90

..........................................................


THE SIOUX FALLS SD CLIMATE NORMALS FOR TODAY
                         NORMAL    RECORD    YEAR
 MAXIMUM TEMPERATURE (F)   81       105      1988
 MINIMUM TEMPERATURE (F)   58        38      1976


SUNRISE AND SUNSET
JUNE 19 2018..........SUNRISE   545 AM CDT   SUNSET   911 PM CDT
JUNE 20 2018..........SUNRISE   546 AM CDT   SUNSET   912 PM CDT


-  INDICATES NEGATIVE NUMBERS.
R  INDICATES RECORD WAS SET OR TIED.
MM INDICATES DATA IS MISSING.
T  INDICATES TRACE AMOUNT.




$$
