000
CDUS43 KFSD 260626
CLIFSD

CLIMATE REPORT
NATIONAL WEATHER SERVICE SIOUX FALLS SD
126 AM CDT MON OCT 26 2020

...................................

...THE SIOUX FALLS CLIMATE SUMMARY FOR OCTOBER 25 2020...

CLIMATE NORMAL PERIOD: 1981 TO 2010
CLIMATE RECORD PERIOD: 1893 TO 2020


WEATHER ITEM   OBSERVED TIME   RECORD YEAR NORMAL DEPARTURE LAST
                VALUE   (LST)  VALUE       VALUE  FROM      YEAR
                                                  NORMAL
...................................................................
TEMPERATURE (F)
 YESTERDAY
  MAXIMUM         27   3:11 PM  80    1927  55    -28       59
  MINIMUM         17R 11:59 PM  17    1919  33    -16       29
  AVERAGE         22                        44    -22       44

PRECIPITATION (IN)
  YESTERDAY        0.27          0.90 1921   0.05   0.22     0.00
  MONTH TO DATE    0.93                      1.86  -0.93     2.61
  SINCE SEP 1      1.35                      4.63  -3.28     7.11
  SINCE JAN 1     14.57                     24.02  -9.45    36.95

SNOWFALL (IN)
  YESTERDAY        3.4 R         2.0  1916   0.0    3.4      0.0
  MONTH TO DATE    4.8                       0.7    4.1      0.9
  SINCE SEP 1      4.8                       0.7    4.1      0.9
  SINCE JUL 1      4.8                       0.7    4.1      0.9
  SNOW DEPTH       2

DEGREE DAYS
 HEATING
  YESTERDAY       43                        21     22       21
  MONTH TO DATE  456                       401     55      432
  SINCE SEP 1    576                       574      2      478
  SINCE JUL 1    576                       605    -29      483

 COOLING
  YESTERDAY        0                         0      0        0
  MONTH TO DATE    9                         0      9        0
  SINCE SEP 1     97                        60     37      124
  SINCE JAN 1   1105                       685    420      830
...................................................................


WIND (MPH)
  HIGHEST WIND SPEED    20   HIGHEST WIND DIRECTION     N (350)
  HIGHEST GUST SPEED    26   HIGHEST GUST DIRECTION     N (10)
  AVERAGE WIND SPEED    10.7


SKY COVER
  POSSIBLE SUNSHINE  MM
  AVERAGE SKY COVER 0.9


WEATHER CONDITIONS
THE FOLLOWING WEATHER WAS RECORDED YESTERDAY.
  SNOW
  LIGHT SNOW
  FOG
  HAZE


RELATIVE HUMIDITY (PERCENT)
 HIGHEST    88          12:00 AM
 LOWEST     68           8:00 PM
 AVERAGE    78

..........................................................


THE SIOUX FALLS CLIMATE NORMALS FOR TODAY
                         NORMAL    RECORD    YEAR
 MAXIMUM TEMPERATURE (F)   55        83      1927
                                             1955
 MINIMUM TEMPERATURE (F)   32        10      1936


SUNRISE AND SUNSET
OCTOBER 26 2020.......SUNRISE   7:56 AM CDT   SUNSET   6:26 PM CDT
OCTOBER 27 2020.......SUNRISE   7:57 AM CDT   SUNSET   6:24 PM CDT


-  INDICATES NEGATIVE NUMBERS.
R  INDICATES RECORD WAS SET OR TIED.
MM INDICATES DATA IS MISSING.
T  INDICATES TRACE AMOUNT.




$$
