000
CDUS43 KFSD 180642
CLIFSD

CLIMATE REPORT
NATIONAL WEATHER SERVICE SIOUX FALLS SD
1242 AM CST TUE FEB 18 2020

...................................

...THE SIOUX FALLS CLIMATE SUMMARY FOR FEBRUARY 17 2020...

CLIMATE NORMAL PERIOD: 1981 TO 2010
CLIMATE RECORD PERIOD: 1893 TO 2020


WEATHER ITEM   OBSERVED TIME   RECORD YEAR NORMAL DEPARTURE LAST
                VALUE   (LST)  VALUE       VALUE  FROM      YEAR
                                                  NORMAL
...................................................................
TEMPERATURE (F)
 YESTERDAY
  MAXIMUM         31   2:57 PM  70    1981  32     -1       21
  MINIMUM         20  11:23 PM -21    1958  12      8       15
  AVERAGE         26                        22      4       18

PRECIPITATION (IN)
  YESTERDAY        T             1.36 1962   0.02  -0.02     0.27
  MONTH TO DATE    0.18                      0.31  -0.13     0.69
  SINCE DEC 1      2.22                      1.56   0.66     2.48
  SINCE JAN 1      0.98                      0.87   0.11     1.25

SNOWFALL (IN)
  YESTERDAY        T            18.0  1962   0.2   -0.2      3.6
  MONTH TO DATE    1.9                       4.0   -2.1      9.5
  SINCE DEC 1     18.4                      19.9   -1.5     24.8
  SINCE JUL 1     27.5                      28.6   -1.1     28.6
  SNOW DEPTH       1

DEGREE DAYS
 HEATING
  YESTERDAY       39                        43     -4       47
  MONTH TO DATE  741                       770    -29      889
  SINCE DEC 1   3379                      3690   -311     3573
  SINCE JUL 1   5028                      5402   -374     5353

 COOLING
  YESTERDAY        0                         0      0        0
  MONTH TO DATE    0                         0      0        0
  SINCE DEC 1      0                         0      0        0
  SINCE JAN 1      0                         0      0        0
...................................................................


WIND (MPH)
  HIGHEST WIND SPEED    25   HIGHEST WIND DIRECTION     N (340)
  HIGHEST GUST SPEED    35   HIGHEST GUST DIRECTION    NW (330)
  AVERAGE WIND SPEED    11.5


SKY COVER
  POSSIBLE SUNSHINE  MM
  AVERAGE SKY COVER 0.8


WEATHER CONDITIONS
THE FOLLOWING WEATHER WAS RECORDED YESTERDAY.
  LIGHT SNOW
  FOG


RELATIVE HUMIDITY (PERCENT)
 HIGHEST    96          12:00 AM
 LOWEST     77           7:00 PM
 AVERAGE    87

..........................................................


THE SIOUX FALLS CLIMATE NORMALS FOR TODAY
                         NORMAL    RECORD    YEAR
 MAXIMUM TEMPERATURE (F)   32        62      1981
 MINIMUM TEMPERATURE (F)   13       -21      1903


SUNRISE AND SUNSET
FEBRUARY 18 2020......SUNRISE   7:22 AM CST   SUNSET   6:01 PM CST
FEBRUARY 19 2020......SUNRISE   7:20 AM CST   SUNSET   6:02 PM CST


-  INDICATES NEGATIVE NUMBERS.
R  INDICATES RECORD WAS SET OR TIED.
MM INDICATES DATA IS MISSING.
T  INDICATES TRACE AMOUNT.




$$
