000
CDUS43 KFSD 170627
CLIFSD


CLIMATE REPORT
NATIONAL WEATHER SERVICE SIOUX FALLS SD
1226 AM CST MON DEC 17 2018


...................................

...THE SIOUX FALLS SD CLIMATE SUMMARY FOR DECEMBER 16 2018...

CLIMATE NORMAL PERIOD 1981 TO 2010
CLIMATE RECORD PERIOD 1893 TO 2018


WEATHER ITEM   OBSERVED TIME   RECORD YEAR NORMAL DEPARTURE LAST
                VALUE   (LST)  VALUE       VALUE  FROM      YEAR
                                                  NORMAL
..................................................................
TEMPERATURE (F)
 YESTERDAY
  MAXIMUM         49    253 PM  60    1939  28     21       46
  MINIMUM         22   1135 PM -22    1914   9     13       27
  AVERAGE         36                        19     17       37

PRECIPITATION (IN)
  YESTERDAY        0.00          0.38 1961   0.02  -0.02     0.00
  MONTH TO DATE    0.27                      0.40  -0.13     0.07
  SINCE DEC 1      0.27                      0.40  -0.13     0.07
  SINCE JAN 1     38.21                     26.09  12.12    24.59

SNOWFALL (IN)
  YESTERDAY        0.0           6.2  2016   0.2   -0.2      0.0
  MONTH TO DATE    1.4                       4.4   -3.0      1.2
  SINCE DEC 1      1.4                       4.4   -3.0      1.2
  SINCE JUL 1      5.2                      13.1   -7.9      1.4
  SNOW DEPTH       0

DEGREE DAYS
 HEATING
  YESTERDAY       29                        46    -17       28
  MONTH TO DATE  621                       704    -83      544
  SINCE DEC 1    621                       704    -83      544
  SINCE JUL 1   2401                      2416    -15     1953

 COOLING
  YESTERDAY        0                         0      0        0
  MONTH TO DATE    0                         0      0        0
  SINCE DEC 1      0                         0      0        0
  SINCE JAN 1    923                       690    233      776
..................................................................


WIND (MPH)
  HIGHEST WIND SPEED    14   HIGHEST WIND DIRECTION    NW (310)
  HIGHEST GUST SPEED    21   HIGHEST GUST DIRECTION    NW (320)
  AVERAGE WIND SPEED     7.0


SKY COVER
  POSSIBLE SUNSHINE  MM
  AVERAGE SKY COVER 0.2


WEATHER CONDITIONS
 THE FOLLOWING WEATHER WAS RECORDED YESTERDAY.
  NO SIGNIFICANT WEATHER WAS OBSERVED.


RELATIVE HUMIDITY (PERCENT)
 HIGHEST    92          1200 AM
 LOWEST     42           200 PM
 AVERAGE    67

..........................................................


THE SIOUX FALLS SD CLIMATE NORMALS FOR TODAY
                         NORMAL    RECORD    YEAR
 MAXIMUM TEMPERATURE (F)   28        56      1962
 MINIMUM TEMPERATURE (F)    9       -24      1922


SUNRISE AND SUNSET
DECEMBER 17 2018......SUNRISE   755 AM CST   SUNSET   452 PM CST
DECEMBER 18 2018......SUNRISE   755 AM CST   SUNSET   452 PM CST


-  INDICATES NEGATIVE NUMBERS.
R  INDICATES RECORD WAS SET OR TIED.
MM INDICATES DATA IS MISSING.
T  INDICATES TRACE AMOUNT.




$$
