579
CDUS44 KTSA 220806
CLIFSM

CLIMATE REPORT
NATIONAL WEATHER SERVICE TULSA OK
305 AM CDT TUE OCT 22 2019

...................................

...THE FORT SMITH ARKANSAS CLIMATE SUMMARY FOR OCTOBER 21 2019...

CLIMATE NORMAL PERIOD 1981 TO 2010
CLIMATE RECORD PERIOD 1882 TO 2019


WEATHER ITEM   OBSERVED TIME   RECORD YEAR NORMAL DEPARTURE LAST
                VALUE   (LST)  VALUE       VALUE  FROM      YEAR
                                                  NORMAL
..................................................................
TEMPERATURE (F)
 YESTERDAY
  MAXIMUM         69    334 PM  92    1978  73     -4       63
  MINIMUM         49   1129 PM  29    1976  49      0       41
  AVERAGE         59                        61     -2       52

PRECIPITATION (IN)
  YESTERDAY        0.72          1.91 1892   0.14   0.58     0.00
  MONTH TO DATE    4.37                      2.88   1.49     3.51
  SINCE SEP 1      7.11                      6.93   0.18     9.26
  SINCE JAN 1     57.18                     36.29  20.89    43.80

SNOWFALL (IN)
  YESTERDAY       MM                                         0.0
  MONTH TO DATE    0.0                                       0.0
  SINCE SEP 1      0.0                                       0.0
  SINCE JUL 1      0.0                                       0.0

DEGREE DAYS
 HEATING
  YESTERDAY        6                         5      1       13
  MONTH TO DATE   69                        70     -1      103
  SINCE SEP 1     69                        87    -18      103
  SINCE JUL 1     69                        87    -18      103

 COOLING
  YESTERDAY        0                         1     -1        0
  MONTH TO DATE   86                        57     29      126
  SINCE SEP 1    595                       340    255      497
  SINCE JAN 1   2373                      2035    338     2537
..................................................................


WIND (MPH)
  HIGHEST WIND SPEED    24   HIGHEST WIND DIRECTION     W (280)
  HIGHEST GUST SPEED    32   HIGHEST GUST DIRECTION     W (280)
  AVERAGE WIND SPEED    11.9


SKY COVER
  POSSIBLE SUNSHINE  MM
  AVERAGE SKY COVER 0.1


WEATHER CONDITIONS
 THE FOLLOWING WEATHER WAS RECORDED YESTERDAY.
  THUNDERSTORM
  HEAVY RAIN
  RAIN
  LIGHT RAIN
  FOG
  HAZE


RELATIVE HUMIDITY (PERCENT)
 HIGHEST   100           200 AM
 LOWEST     35           400 PM
 AVERAGE    68

..........................................................


THE FORT SMITH ARKANSAS CLIMATE NORMALS FOR TODAY
                         NORMAL    RECORD    YEAR
 MAXIMUM TEMPERATURE (F)   73        90      1939
 MINIMUM TEMPERATURE (F)   49        32      1952
                                             1898


SUNRISE AND SUNSET
OCTOBER 22 2019.......SUNRISE   730 AM CDT   SUNSET   634 PM CDT
OCTOBER 23 2019.......SUNRISE   730 AM CDT   SUNSET   633 PM CDT


-  INDICATES NEGATIVE NUMBERS.
R  INDICATES RECORD WAS SET OR TIED.
MM INDICATES DATA IS MISSING.
T  INDICATES TRACE AMOUNT.




$$

&&
...........................................................

THE ARKANSAS RIVER AT VAN BUREN

                   OBSERVED      24 HOUR     24 HOUR
                    VALUE        CHANGE      FORECAST

 STAGE (FEET)
  THIS MORNING       19.7         -0.1

 MEAN FLOW (CFS)
  TODAY                                        6220
...........................................................
ALL DATA MEASURED AT THE FORT SMITH REGIONAL AIRPORT
