000
CDUS44 KTSA 310658
CLIFSM

CLIMATE REPORT
NATIONAL WEATHER SERVICE TULSA OK
158 AM CDT SAT OCT 31 2020

...................................

...THE FORT SMITH ARKANSAS CLIMATE SUMMARY FOR OCTOBER 30 2020...

CLIMATE NORMAL PERIOD 1981 TO 2010
CLIMATE RECORD PERIOD 1882 TO 2020


WEATHER ITEM   OBSERVED TIME   RECORD YEAR NORMAL DEPARTURE LAST
                VALUE   (LST)  VALUE       VALUE  FROM      YEAR
                                                  NORMAL
...................................................................
TEMPERATURE (F)
 YESTERDAY
  MAXIMUM         64    400 PM  89    1937  70     -6       56
                                      1968
  MINIMUM         36    651 AM  22    1917  46    -10       37
  AVERAGE         50                        58     -8       47

PRECIPITATION (IN)
  YESTERDAY        0.00          2.98 1941   0.14  -0.14     0.56
  MONTH TO DATE    6.81                      4.18   2.63     9.41
  SINCE SEP 1     14.18                      8.23   5.95    12.15
  SINCE JAN 1     55.58                     37.59  17.99    62.22

SNOWFALL (IN)
  YESTERDAY        0.0                                       0.0
  MONTH TO DATE    0.0                                       0.0
  SINCE SEP 1      0.0                                       0.0
  SINCE JUL 1      0.0                                       0.0

DEGREE DAYS
 HEATING
  YESTERDAY       15                         8      7       18
  MONTH TO DATE  161                       129     32      152
  SINCE SEP 1    165                       146     19      152
  SINCE JUL 1    165                       146     19      152

 COOLING
  YESTERDAY        0                         1     -1        0
  MONTH TO DATE   70                        66      4       86
  SINCE SEP 1    336                       349    -13      595
  SINCE JAN 1   2066                      2044     22     2373
...................................................................


WIND (MPH)
  HIGHEST WIND SPEED     9   HIGHEST WIND DIRECTION     W (270)
  HIGHEST GUST SPEED    12   HIGHEST GUST DIRECTION    NE (40)
  AVERAGE WIND SPEED     3.8


SKY COVER
  POSSIBLE SUNSHINE  MM
  AVERAGE SKY COVER 0.1


WEATHER CONDITIONS
THE FOLLOWING WEATHER WAS RECORDED YESTERDAY.
  FOG
  FOG W/VISIBILITY <= 1/4 MILE


RELATIVE HUMIDITY (PERCENT)
 HIGHEST   100           800 AM
 LOWEST     50           400 PM
 AVERAGE    75

..........................................................


THE FORT SMITH ARKANSAS CLIMATE NORMALS FOR TODAY
                         NORMAL    RECORD    YEAR
 MAXIMUM TEMPERATURE (F)   70        89      2016
 MINIMUM TEMPERATURE (F)   46        24      1993


SUNRISE AND SUNSET
OCTOBER 31 2020.......SUNRISE   739 AM CDT   SUNSET   623 PM CDT
NOVEMBER  1 2020......SUNRISE   639 AM CST   SUNSET   522 PM CST


-  INDICATES NEGATIVE NUMBERS.
R  INDICATES RECORD WAS SET OR TIED.
MM INDICATES DATA IS MISSING.
T  INDICATES TRACE AMOUNT.




$$
