000
CDUS44 KTSA 040807 RRA
CLIFSM

CLIMATE REPORT
NATIONAL WEATHER SERVICE TULSA OK
306 AM CDT THU JUN 4 2020


...................................

...THE FORT SMITH ARKANSAS CLIMATE SUMMARY FOR JUNE 3 2020...

CLIMATE NORMAL PERIOD 1981 TO 2010
CLIMATE RECORD PERIOD 1882 TO 2020


WEATHER ITEM   OBSERVED TIME   RECORD YEAR NORMAL DEPARTURE LAST
                VALUE   (LST)  VALUE       VALUE  FROM      YEAR
                                                  NORMAL
..................................................................
TEMPERATURE (F)
 YESTERDAY
  MAXIMUM         91    244 PM  98    1911  85      6       81
  MINIMUM         71    529 AM  47    1964  64      7       68
  AVERAGE         81                        75      6       75

PRECIPITATION (IN)
  YESTERDAY        0.01          1.41 1989   0.15  -0.14     0.63
  MONTH TO DATE    0.01                      0.47  -0.46     0.63
  SINCE JUN 1      0.01                      0.47  -0.46     0.63
  SINCE JAN 1     27.13                     19.66   7.47    27.20

DEGREE DAYS
 COOLING
  YESTERDAY       16                        10      6       10
  MONTH TO DATE   37                        29      8       38
  SINCE JUN 1     37                        29      8       38
  SINCE JAN 1    257                       273    -16      330
..................................................................


WIND (MPH)
  HIGHEST WIND SPEED    18   HIGHEST WIND DIRECTION     S (170)
  HIGHEST GUST SPEED    27   HIGHEST GUST DIRECTION     S (160)
  AVERAGE WIND SPEED     5.1


SKY COVER
  POSSIBLE SUNSHINE  MM
  AVERAGE SKY COVER 0.3


WEATHER CONDITIONS
 THE FOLLOWING WEATHER WAS RECORDED YESTERDAY.
  THUNDERSTORM
  LIGHT RAIN


RELATIVE HUMIDITY (PERCENT)
 HIGHEST    93           200 AM
 LOWEST     52          1200 PM
 AVERAGE    73

..........................................................


THE FORT SMITH ARKANSAS CLIMATE NORMALS FOR TODAY
                         NORMAL    RECORD    YEAR
 MAXIMUM TEMPERATURE (F)   85        97      2011
                                             1911
 MINIMUM TEMPERATURE (F)   65        50      1954
                                             1882


SUNRISE AND SUNSET
JUNE  4 2020..........SUNRISE   603 AM CDT   SUNSET   829 PM CDT
JUNE  5 2020..........SUNRISE   603 AM CDT   SUNSET   830 PM CDT


-  INDICATES NEGATIVE NUMBERS.
R  INDICATES RECORD WAS SET OR TIED.
MM INDICATES DATA IS MISSING.
T  INDICATES TRACE AMOUNT.




$$
