000
CDUS44 KTSA 240931
CLIFSM

CLIMATE REPORT
NATIONAL WEATHER SERVICE TULSA OK
1246 AM CST SAT FEB 24 2018


...................................

...THE FORT SMITH ARKANSAS CLIMATE SUMMARY FOR FEBRUARY 23 2018...

CLIMATE NORMAL PERIOD 1981 TO 2010
CLIMATE RECORD PERIOD 1882 TO 2018


WEATHER ITEM   OBSERVED TIME   RECORD YEAR NORMAL DEPARTURE LAST
                VALUE   (LST)  VALUE       VALUE  FROM      YEAR
                                                  NORMAL
..................................................................
TEMPERATURE (F)
 YESTERDAY
  MAXIMUM         55   1159 PM  88    2017  58     -3       88
  MINIMUM         46    754 AM  13    1899  35     11       54
  AVERAGE         51                        47      4       71

PRECIPITATION (IN)
  YESTERDAY        0.89          2.80 1985   0.10   0.79     0.00
  MONTH TO DATE    5.05                      2.24   2.81     2.48
  SINCE DEC 1      9.56                      8.34   1.22     5.59
  SINCE JAN 1      7.28                      5.05   2.23     4.82

SNOWFALL (IN)
  YESTERDAY        0.0                                       0.0
  MONTH TO DATE    T                                         0.0
  SINCE DEC 1      T                                         2.0
  SINCE JUL 1      T                                         2.0

DEGREE DAYS
 HEATING
  YESTERDAY       14                        18     -4        0
  MONTH TO DATE  468                       495    -27      244
  SINCE DEC 1   1972                      2021    -49     1558
  SINCE JUL 1   2408                      2586   -178     1844
..................................................................


WIND (MPH)
  HIGHEST WIND SPEED    16   HIGHEST WIND DIRECTION     E (110)
  HIGHEST GUST SPEED    22   HIGHEST GUST DIRECTION     E (80)
  AVERAGE WIND SPEED     6.0


SKY COVER
  POSSIBLE SUNSHINE  MM
  AVERAGE SKY COVER 1.0


WEATHER CONDITIONS
 THE FOLLOWING WEATHER WAS RECORDED YESTERDAY.
  THUNDERSTORM
  HEAVY RAIN
  RAIN
  LIGHT RAIN
  FOG


RELATIVE HUMIDITY (PERCENT)
 HIGHEST   100          1200 AM
 LOWEST     93          1200 PM
 AVERAGE    97

..........................................................


THE FORT SMITH ARKANSAS CLIMATE NORMALS FOR TODAY
                         NORMAL    RECORD    YEAR
 MAXIMUM TEMPERATURE (F)   58        84      1918
 MINIMUM TEMPERATURE (F)   36        18      1967
                                             1965


SUNRISE AND SUNSET
FEBRUARY 24 2018......SUNRISE   653 AM CST   SUNSET   608 PM CST
FEBRUARY 25 2018......SUNRISE   652 AM CST   SUNSET   609 PM CST


-  INDICATES NEGATIVE NUMBERS.
R  INDICATES RECORD WAS SET OR TIED.
MM INDICATES DATA IS MISSING.
T  INDICATES TRACE AMOUNT.




$$

&&
...........................................................
...........................................................
ALL DATA MEASURED AT THE FORT SMITH REGIONAL AIRPORT
