000
CDUS44 KTSA 230904
CLIFSM

CLIMATE REPORT
NATIONAL WEATHER SERVICE TULSA OK
304 AM CST WED JAN 23 2019


...................................

...THE FORT SMITH ARKANSAS CLIMATE SUMMARY FOR JANUARY 22 2019...

CLIMATE NORMAL PERIOD 1981 TO 2010
CLIMATE RECORD PERIOD 1882 TO 2019


WEATHER ITEM   OBSERVED TIME   RECORD YEAR NORMAL DEPARTURE LAST
                VALUE   (LST)  VALUE       VALUE  FROM      YEAR
                                                  NORMAL
..................................................................
TEMPERATURE (F)
 YESTERDAY
  MAXIMUM         52    437 PM  78    1969  50      2       57
                                      1943
  MINIMUM         35   1159 PM  -9    1930  29      6       41
  AVERAGE         44                        40      4       49

PRECIPITATION (IN)
  YESTERDAY        0.47          1.30 1920   0.09   0.38     0.00
  MONTH TO DATE    3.91                      1.96   1.95     1.55
  SINCE DEC 1      9.42                      5.25   4.17     3.83
  SINCE JAN 1      3.91                      1.96   1.95     1.55

SNOWFALL (IN)
  YESTERDAY        0.0                                       0.0
  MONTH TO DATE    1.0                                        T
  SINCE DEC 1      1.0                                        T
  SINCE JUL 1      1.0                                        T

DEGREE DAYS
 HEATING
  YESTERDAY       21                        25     -4       16
  MONTH TO DATE  498                       570    -72      645
  SINCE DEC 1   1127                      1304   -177     1322
  SINCE JUL 1   1840                      1869    -29     1758
..................................................................


WIND (MPH)
  HIGHEST WIND SPEED    30   HIGHEST WIND DIRECTION     W (260)
  HIGHEST GUST SPEED    34   HIGHEST GUST DIRECTION     W (260)
  AVERAGE WIND SPEED    11.1


SKY COVER
  POSSIBLE SUNSHINE  MM
  AVERAGE SKY COVER 1.0


WEATHER CONDITIONS
 THE FOLLOWING WEATHER WAS RECORDED YESTERDAY.
  HEAVY RAIN
  RAIN
  LIGHT RAIN
  FOG
  HAZE


RELATIVE HUMIDITY (PERCENT)
 HIGHEST    93           200 PM
 LOWEST     65           200 AM
 AVERAGE    79

..........................................................


THE FORT SMITH ARKANSAS CLIMATE NORMALS FOR TODAY
                         NORMAL    RECORD    YEAR
 MAXIMUM TEMPERATURE (F)   50        78      1967
 MINIMUM TEMPERATURE (F)   29        -3      1930


SUNRISE AND SUNSET
JANUARY 23 2019.......SUNRISE   723 AM CST   SUNSET   536 PM CST
JANUARY 24 2019.......SUNRISE   722 AM CST   SUNSET   537 PM CST


-  INDICATES NEGATIVE NUMBERS.
R  INDICATES RECORD WAS SET OR TIED.
MM INDICATES DATA IS MISSING.
T  INDICATES TRACE AMOUNT.




$$

&&
...........................................................

THE ARKANSAS RIVER AT VAN BUREN

                   OBSERVED      24 HOUR     24 HOUR
                    VALUE        CHANGE      FORECAST

 STAGE (FEET)
  THIS MORNING       19.7         +0.3

 MEAN FLOW (CFS)
  TODAY                                        5909
...........................................................
ALL DATA MEASURED AT THE FORT SMITH REGIONAL AIRPORT
