000
CDUS44 KTSA 150808
CLIFSM

CLIMATE REPORT
NATIONAL WEATHER SERVICE TULSA OK
146 AM CDT SUN JUL 15 2018


...................................

...THE FORT SMITH ARKANSAS CLIMATE SUMMARY FOR JULY 14 2018...

CLIMATE NORMAL PERIOD 1981 TO 2010
CLIMATE RECORD PERIOD 1882 TO 2018


WEATHER ITEM   OBSERVED TIME   RECORD YEAR NORMAL DEPARTURE LAST
                VALUE   (LST)  VALUE       VALUE  FROM      YEAR
                                                  NORMAL
..................................................................
TEMPERATURE (F)
 YESTERDAY
  MAXIMUM         98    513 PM 111    1954  93      5       89
  MINIMUM         77    521 AM  54    1964  72      5       77
  AVERAGE         88                        82      6       83

PRECIPITATION (IN)
  YESTERDAY        0.00          2.67 1963   0.10  -0.10      T
  MONTH TO DATE    0.32                      1.58  -1.26     4.06
  SINCE JUN 1      5.06                      5.86  -0.80    12.56
  SINCE JAN 1     23.02                     25.05  -2.03    34.64

DEGREE DAYS
 COOLING
  YESTERDAY       23                        17      6       18
  MONTH TO DATE  289                       234     55      237
  SINCE JUN 1    816                       619    197      637
  SINCE JAN 1   1207                       863    344      955
..................................................................


WIND (MPH)
  HIGHEST WIND SPEED    15   HIGHEST WIND DIRECTION     W (260)
  HIGHEST GUST SPEED    19   HIGHEST GUST DIRECTION     W (250)
  AVERAGE WIND SPEED     4.5


SKY COVER
  POSSIBLE SUNSHINE  MM
  AVERAGE SKY COVER 0.0


WEATHER CONDITIONS
 THE FOLLOWING WEATHER WAS RECORDED YESTERDAY.
  NO SIGNIFICANT WEATHER WAS OBSERVED.


RELATIVE HUMIDITY (PERCENT)
 HIGHEST    91           400 AM
 LOWEST     38           500 PM
 AVERAGE    65

..........................................................


THE FORT SMITH ARKANSAS CLIMATE NORMALS FOR TODAY
                         NORMAL    RECORD    YEAR
 MAXIMUM TEMPERATURE (F)   93       108      1954
 MINIMUM TEMPERATURE (F)   72        53      1990


SUNRISE AND SUNSET
JULY 15 2018..........SUNRISE   614 AM CDT   SUNSET   833 PM CDT
JULY 16 2018..........SUNRISE   615 AM CDT   SUNSET   832 PM CDT


-  INDICATES NEGATIVE NUMBERS.
R  INDICATES RECORD WAS SET OR TIED.
MM INDICATES DATA IS MISSING.
T  INDICATES TRACE AMOUNT.




$$

&&
...........................................................

THE ARKANSAS RIVER AT VAN BUREN

                   OBSERVED      24 HOUR     24 HOUR
                    VALUE        CHANGE      FORECAST

 STAGE (FEET)
  THIS MORNING       19.4         +0.1

 MEAN FLOW (CFS)
  TODAY                                        1205
...........................................................
ALL DATA MEASURED AT THE FORT SMITH REGIONAL AIRPORT
