564
CDUS44 KTSA 152117
CLIFSM

CLIMATE REPORT
NATIONAL WEATHER SERVICE TULSA OK
417 PM CDT MON OCT 15 2018


...................................

...THE FORT SMITH ARKANSAS CLIMATE SUMMARY FOR OCTOBER 15 2018...
VALID TODAY AS OF 0400 PM LOCAL TIME.

CLIMATE NORMAL PERIOD 1981 TO 2010
CLIMATE RECORD PERIOD 1882 TO 2018


WEATHER ITEM   OBSERVED TIME   RECORD YEAR NORMAL DEPARTURE LAST
                VALUE   (LST)  VALUE       VALUE  FROM      YEAR
                                                  NORMAL
..................................................................
TEMPERATURE (F)
 TODAY
  MAXIMUM         54   1201 AM  96    2015  75    -21       79
  MINIMUM         44    823 AM  34    1893  51     -7       51
  AVERAGE         49                        63    -14       65

PRECIPITATION (IN)
  TODAY            0.35          2.25 2006   0.14   0.21     0.58
  MONTH TO DATE    2.66                      2.00   0.66     1.59
  SINCE SEP 1      8.41                      6.05   2.36     1.59
  SINCE JAN 1     42.95                     35.41   7.54    43.70

SNOWFALL (IN)
  TODAY            0.0                                       0.0
  MONTH TO DATE    0.0                                       0.0
  SINCE SEP 1      0.0                                       0.0
  SINCE JUL 1      0.0                                       0.0

DEGREE DAYS
 HEATING
  TODAY           16                         4     12        0
  MONTH TO DATE   47                        42      5        9
  SINCE SEP 1     47                        59    -12        9
  SINCE JUL 1     47                        59    -12        9

 COOLING
  TODAY            0                         2     -2        0
  MONTH TO DATE  126                        46     80      113
  SINCE SEP 1    497                       329    168      453
  SINCE JAN 1   2537                      2024    513     2217
..................................................................


WIND (MPH)
  HIGHEST WIND SPEED    17   HIGHEST WIND DIRECTION     N (350)
  HIGHEST GUST SPEED    22   HIGHEST GUST DIRECTION    NW (320)
  AVERAGE WIND SPEED    12.0


SKY COVER
  POSSIBLE SUNSHINE  MM
  AVERAGE SKY COVER 0.7


WEATHER CONDITIONS
 THE FOLLOWING WEATHER WAS RECORDED TODAY.
  HEAVY RAIN
  RAIN
  LIGHT RAIN
  FOG


RELATIVE HUMIDITY (PERCENT)
 HIGHEST    92           400 AM
 LOWEST     76          1000 AM
 AVERAGE    84

..........................................................


THE FORT SMITH ARKANSAS CLIMATE NORMALS FOR TOMORROW
                         NORMAL    RECORD    YEAR
 MAXIMUM TEMPERATURE (F)   75        92      2011
                                             1989
 MINIMUM TEMPERATURE (F)   51        29      1966


SUNRISE AND SUNSET
OCTOBER 15 2018.......SUNRISE   724 AM CDT   SUNSET   642 PM CDT
OCTOBER 16 2018.......SUNRISE   725 AM CDT   SUNSET   641 PM CDT


-  INDICATES NEGATIVE NUMBERS.
R  INDICATES RECORD WAS SET OR TIED.
MM INDICATES DATA IS MISSING.
T  INDICATES TRACE AMOUNT.




$$

&&
...........................................................

THE ARKANSAS RIVER AT VAN BUREN

                   OBSERVED      24 HOUR     24 HOUR
                    VALUE        CHANGE      FORECAST

 STAGE (FEET)
  THIS AFTERNOON     19.1         -0.3

 MEAN FLOW (CFS)
  TODAY                                        6864
...........................................................
ALL DATA MEASURED AT THE FORT SMITH REGIONAL AIRPORT
