000
CDUS42 KFFC 190819
CLIFTY


CLIMATE REPORT
NATIONAL WEATHER SERVICE PEACHTREE CITY GA
419 AM EDT THU JUL 19 2018


...................................

...THE FULTON COUNTY AIRPORT CLIMATE SUMMARY FOR JULY 18 2018...

CLIMATE NORMAL PERIOD 1981 TO 2010
CLIMATE RECORD PERIOD 9999 TO 9999


WEATHER ITEM   OBSERVED TIME   RECORD YEAR NORMAL DEPARTURE LAST
                VALUE   (LST)  VALUE       VALUE  FROM      YEAR
                                                  NORMAL
..................................................................
TEMPERATURE (F)
 YESTERDAY
  MAXIMUM         92    455 PM  MM      MM  90      2       91
  MINIMUM         74    649 AM  MM      MM  70      4       68
  AVERAGE         83                        80      3       80

PRECIPITATION (IN)
  YESTERDAY        0.00         MM      MM   0.18  -0.18      T
  MONTH TO DATE    4.76                      3.37   1.39     2.99
  SINCE JUN 1     11.29                      7.50   3.79     9.47
  SINCE JAN 1     33.88                     28.99   4.89    31.70

DEGREE DAYS
 COOLING
  YESTERDAY       18                        15      3       15
  MONTH TO DATE  290                       264     26      277
  SINCE JUN 1    708                       614     94      626
  SINCE JAN 1   1018                       814    204      955
..................................................................


WIND (MPH)
  RESULTANT WIND SPEED   2   RESULTANT WIND DIRECTION  NW (320)
  HIGHEST WIND SPEED    13   HIGHEST WIND DIRECTION    NW (310)
  HIGHEST GUST SPEED    15   HIGHEST GUST DIRECTION    NW (330)
  AVERAGE WIND SPEED     3.1


SKY COVER
  AVERAGE SKY COVER 0.1


WEATHER CONDITIONS
 THE FOLLOWING WEATHER WAS RECORDED YESTERDAY.
  THUNDERSTORM


RELATIVE HUMIDITY (PERCENT)
 HIGHEST    94           200 AM
 LOWEST     47           500 PM
 AVERAGE    71

..........................................................


THE FULTON COUNTY AIRPORT CLIMATE NORMALS FOR TODAY
                         NORMAL    RECORD    YEAR
 MAXIMUM TEMPERATURE (F)   90        MM        MM
 MINIMUM TEMPERATURE (F)   70        MM        MM


SUNRISE AND SUNSET
JULY 19 2018..........SUNRISE   641 AM EDT   SUNSET   847 PM EDT
JULY 20 2018..........SUNRISE   642 AM EDT   SUNSET   847 PM EDT


-  INDICATES NEGATIVE NUMBERS.
R  INDICATES RECORD WAS SET OR TIED.
MM INDICATES DATA IS MISSING.
T  INDICATES TRACE AMOUNT.




$$
