000
CDUS42 KFFC 170033
CLIFTY


CLIMATE REPORT
NATIONAL WEATHER SERVICE PEACHTREE CITY GA
828 PM EDT WED OCT 16 2019


...................................

...THE FULTON COUNTY AIRPORT CLIMATE SUMMARY FOR OCTOBER 16 2019...
VALID AS OF 0800 PM LOCAL TIME.

CLIMATE NORMAL PERIOD 1981 TO 2010
CLIMATE RECORD PERIOD 9999 TO 9999


WEATHER ITEM   OBSERVED TIME   RECORD YEAR NORMAL DEPARTURE LAST
                VALUE   (LST)  VALUE       VALUE  FROM      YEAR
                                                  NORMAL
..................................................................
TEMPERATURE (F)
 TODAY
  MAXIMUM         72    109 PM  MM      MM  73     -1       82
  MINIMUM         59    710 PM  MM      MM  51      8       65
  AVERAGE         66                        62      4       74

PRECIPITATION (IN)
  TODAY            0.48         MM      MM   0.12   0.36     0.00
  MONTH TO DATE    1.05                      1.97  -0.92     6.09
  SINCE SEP 1      2.71                      5.95  -3.24     7.27

SNOWFALL (IN)
  TODAY            0.0          MM      MM  MM     MM        0.0
  MONTH TO DATE    0.0                      MM     MM        0.0
  SINCE SEP 1      0.0                      MM     MM        0.0
  SINCE JUL 1      0.0                      MM     MM        0.0
  SNOW DEPTH       0

DEGREE DAYS
 HEATING
  TODAY            0                         4     -4        0
  MONTH TO DATE    3                        42    -39        5
  SINCE SEP 1      3                        52    -49        5
  SINCE JUL 1      3                        52    -49        5

 COOLING
  TODAY            1                         1      0        9
  MONTH TO DATE  119                        41     78      145
  SINCE SEP 1    561                       285    276      587
  SINCE JAN 1   2277                      1722    555     2209
..................................................................


WIND (MPH)
  RESULTANT WIND SPEED   7   RESULTANT WIND DIRECTION  NW (300)
  HIGHEST WIND SPEED    20   HIGHEST WIND DIRECTION    NW (300)
  HIGHEST GUST SPEED    30   HIGHEST GUST DIRECTION    NW (300)
  AVERAGE WIND SPEED     7.8


SKY COVER
  AVERAGE SKY COVER 0.7


WEATHER CONDITIONS
 THE FOLLOWING WEATHER WAS RECORDED TODAY.
  HEAVY RAIN
  RAIN
  LIGHT RAIN
  FOG


RELATIVE HUMIDITY (PERCENT)
 HIGHEST   100           400 AM
 LOWEST     51           700 PM
 AVERAGE    76

..........................................................


THE FULTON COUNTY AIRPORT CLIMATE NORMALS FOR TOMORROW
                         NORMAL    RECORD    YEAR
 MAXIMUM TEMPERATURE (F)   73        MM        MM
 MINIMUM TEMPERATURE (F)   51        MM        MM


SUNRISE AND SUNSET
OCTOBER 16 2019.......SUNRISE   744 AM EDT   SUNSET   703 PM EDT
OCTOBER 17 2019.......SUNRISE   744 AM EDT   SUNSET   702 PM EDT


-  INDICATES NEGATIVE NUMBERS.
R  INDICATES RECORD WAS SET OR TIED.
MM INDICATES DATA IS MISSING.
T  INDICATES TRACE AMOUNT.




$$
