000
CDUS42 KFFC 190818
CLIFTY

CLIMATE REPORT
NATIONAL WEATHER SERVICE PEACHTREE CITY GA
418 AM EDT MON OCT 19 2020

...................................

...THE FULTON COUNTY AIRPORT CLIMATE SUMMARY FOR OCTOBER 18 2020...

CLIMATE NORMAL PERIOD: 1981 TO 2010
CLIMATE RECORD PERIOD: 9999 TO 9999


WEATHER ITEM   OBSERVED TIME   RECORD YEAR NORMAL DEPARTURE LAST
                VALUE   (LST)  VALUE       VALUE  FROM      YEAR
                                                  NORMAL
...................................................................
TEMPERATURE (F)
 YESTERDAY
  MAXIMUM         72   4:12 PM  MM      MM  73     -1       68
  MINIMUM         47   6:55 AM  MM      MM  51     -4       41
  AVERAGE         60                        62     -2       55

PRECIPITATION (IN)
  YESTERDAY        0.00         MM      MM   0.12  -0.12     0.00
  MONTH TO DATE    3.70                      2.21   1.49     1.05
  SINCE SEP 1      9.81                      6.19   3.62     2.71
  SINCE JAN 1     55.42                     41.61  13.81    33.00

SNOWFALL (IN)
  YESTERDAY       MM            MM      MM  MM     MM        0.0
  MONTH TO DATE   MM                         0.0   MM        0.0
  SINCE SEP 1      0.0                      MM     MM        0.0
  SINCE JUL 1      0.0                      MM     MM        0.0
  SNOW DEPTH      MM

DEGREE DAYS
 HEATING
  YESTERDAY        5                         4      1       10
  MONTH TO DATE   44                        50     -6       25
  SINCE SEP 1     59                        60     -1       25
  SINCE JUL 1     59                        60     -1       25

 COOLING
  YESTERDAY        0                         1     -1        0
  MONTH TO DATE   43                        43      0      118
  SINCE SEP 1    294                       287      7      560
  SINCE JAN 1   1798                      1724     74     2276
...................................................................


WIND (MPH)
  RESULTANT WIND SPEED   4   RESULTANT WIND DIRECTION   E (80)
  HIGHEST WIND SPEED    13   HIGHEST WIND DIRECTION    SE (130)
  HIGHEST GUST SPEED    17   HIGHEST GUST DIRECTION    SE (140)
  AVERAGE WIND SPEED     4.7


SKY COVER
  AVERAGE SKY COVER 0.1


WEATHER CONDITIONS
THE FOLLOWING WEATHER WAS RECORDED YESTERDAY.
  NO SIGNIFICANT WEATHER WAS OBSERVED.


RELATIVE HUMIDITY (PERCENT)
 HIGHEST    90          11:00 PM
 LOWEST     54          11:00 AM
 AVERAGE    72

..........................................................


THE FULTON COUNTY AIRPORT CLIMATE NORMALS FOR TODAY
                         NORMAL    RECORD    YEAR
 MAXIMUM TEMPERATURE (F)   72        MM        MM
 MINIMUM TEMPERATURE (F)   50        MM        MM


SUNRISE AND SUNSET
OCTOBER 19 2020.......SUNRISE   7:47 AM EDT   SUNSET   6:59 PM EDT
OCTOBER 20 2020.......SUNRISE   7:47 AM EDT   SUNSET   6:58 PM EDT


-  INDICATES NEGATIVE NUMBERS.
R  INDICATES RECORD WAS SET OR TIED.
MM INDICATES DATA IS MISSING.
T  INDICATES TRACE AMOUNT.




$$
