000
CDUS42 KFFC 062035
CLIFTY

CLIMATE REPORT
NATIONAL WEATHER SERVICE PEACHTREE CITY GA
435 PM EDT SAT JUN 06 2020

...................................

...THE FULTON COUNTY AIRPORT CLIMATE SUMMARY FOR JUNE 6 2020...
VALID TODAY AS OF 0400 PM LOCAL TIME.

CLIMATE NORMAL PERIOD: 1981 TO 2010
CLIMATE RECORD PERIOD: 9999 TO 9999


WEATHER ITEM   OBSERVED TIME   RECORD YEAR NORMAL DEPARTURE LAST
                VALUE   (LST)  VALUE       VALUE  FROM      YEAR
                                                  NORMAL
...................................................................
TEMPERATURE (F)
 TODAY
  MAXIMUM         86   3:24 PM  MM      MM  85      1       77
  MINIMUM         65   5:24 AM  MM      MM  65      0       71
  AVERAGE         76                        75      1       74

PRECIPITATION (IN)
  TODAY            0.00         MM      MM   0.11  -0.11     0.02
  MONTH TO DATE    0.35                      0.70  -0.35     0.13
  SINCE JUN 1      0.35                      0.70  -0.35     0.13
  SINCE JAN 1     31.32                     22.19   9.13    21.62

DEGREE DAYS
 COOLING
  TODAY           11                        10      1        9
  MONTH TO DATE   63                        56      7       60
  SINCE JUN 1     63                        56      7       60
  SINCE JAN 1    272                       256     16      426
...................................................................


WIND (MPH)
  RESULTANT WIND SPEED   1   RESULTANT WIND DIRECTION   S (170)
  HIGHEST WIND SPEED     8   HIGHEST WIND DIRECTION     S (180)
  HIGHEST GUST SPEED    11   HIGHEST GUST DIRECTION     S (180)
  AVERAGE WIND SPEED     1.7


SKY COVER
  AVERAGE SKY COVER 0.0


WEATHER CONDITIONS
THE FOLLOWING WEATHER WAS RECORDED TODAY.
  FOG


RELATIVE HUMIDITY (PERCENT)
 HIGHEST    93           3:00 AM
 LOWEST     53           2:00 PM
 AVERAGE    73

..........................................................


THE FULTON COUNTY AIRPORT CLIMATE NORMALS FOR TOMORROW
                         NORMAL    RECORD    YEAR
 MAXIMUM TEMPERATURE (F)   86        MM        MM
 MINIMUM TEMPERATURE (F)   65        MM        MM


SUNRISE AND SUNSET
JUNE  6 2020..........SUNRISE   6:27 AM EDT   SUNSET   8:47 PM EDT
JUNE  7 2020..........SUNRISE   6:27 AM EDT   SUNSET   8:47 PM EDT


-  INDICATES NEGATIVE NUMBERS.
R  INDICATES RECORD WAS SET OR TIED.
MM INDICATES DATA IS MISSING.
T  INDICATES TRACE AMOUNT.




$$
