000
CDUS46 KSGX 292324
CLIFUL


CLIMATE REPORT
NATIONAL WEATHER SERVICE SAN DIEGO, CA
424 PM PDT FRI MAY 29 2020


...................................

...THE FULLERTON AIRPORT CA CLIMATE SUMMARY FOR MAY 29 2020...
VALID TODAY AS OF 0400 PM LOCAL TIME.

CLIMATE NORMAL PERIOD 1981 TO 2010
CLIMATE RECORD PERIOD 1998 TO 2020


WEATHER ITEM   OBSERVED TIME   RECORD YEAR NORMAL DEPARTURE LAST
                VALUE   (LST)  VALUE       VALUE  FROM      YEAR
                                                  NORMAL
..................................................................
TEMPERATURE (F)
 TODAY
  MAXIMUM         73    226 PM  89    2010  76     -3       75
  MINIMUM         63    530 AM  53    2010  59      4       56
  AVERAGE         68                        67      1       66

PRECIPITATION (IN)
  TODAY            0.00          0.00   MM   0.01  -0.01     0.00
  MONTH TO DATE    0.05                      0.25  -0.20     1.24
  SINCE OCT 1     12.43                     13.46  -1.03    17.19
  SINCE JAN 1      5.92                      9.56  -3.64    13.86

DEGREE DAYS
 HEATING
  TODAY            0                         0      0        0
  MONTH TO DATE    0                        31    -31       43
  SINCE MAR 1    198                       303   -105      203
  SINCE JUL 1    862                      1225   -363      979

 COOLING
  TODAY            3                         3      0        1
  MONTH TO DATE  180                        65    115       21
  SINCE MAR 1    272                       108    164       84
  SINCE JAN 1    291                       117    174       86
..................................................................


WIND (MPH)
  RESULTANT WIND SPEED   3   RESULTANT WIND DIRECTION   S (190)
  HIGHEST WIND SPEED    10   HIGHEST WIND DIRECTION     S (200)
  HIGHEST GUST SPEED    15   HIGHEST GUST DIRECTION     S (200)
  AVERAGE WIND SPEED     4.0


SKY COVER
  POSSIBLE SUNSHINE  MM
  AVERAGE SKY COVER 1.0


WEATHER CONDITIONS
 THE FOLLOWING WEATHER WAS RECORDED TODAY.
  FOG
  HAZE


RELATIVE HUMIDITY (PERCENT)
 HIGHEST    90           300 AM
 LOWEST     61           300 PM
 AVERAGE    76

..........................................................


THE FULLERTON AIRPORT CA CLIMATE NORMALS FOR TOMORROW
                         NORMAL    RECORD    YEAR
 MAXIMUM TEMPERATURE (F)   76        87      2004
 MINIMUM TEMPERATURE (F)   59        52      2011


SUNRISE AND SUNSET
MAY 29 2020...........SUNRISE   543 AM PDT   SUNSET   756 PM PDT
MAY 30 2020...........SUNRISE   542 AM PDT   SUNSET   757 PM PDT


-  INDICATES NEGATIVE NUMBERS.
R  INDICATES RECORD WAS SET OR TIED.
MM INDICATES DATA IS MISSING.
T  INDICATES TRACE AMOUNT.




$$
