791
CDUS46 KSGX 181220
CLIFUL


CLIMATE REPORT
NATIONAL WEATHER SERVICE SAN DIEGO, CA
420 AM PST TUE DEC 18 2018


...................................

...THE FULLERTON AIRPORT CA CLIMATE SUMMARY FOR DECEMBER 17 2018...

CLIMATE NORMAL PERIOD 1981 TO 2010
CLIMATE RECORD PERIOD 1998 TO 2018


WEATHER ITEM   OBSERVED TIME   RECORD YEAR NORMAL DEPARTURE LAST
                VALUE   (LST)  VALUE       VALUE  FROM      YEAR
                                                  NORMAL
..................................................................
TEMPERATURE (F)
 YESTERDAY
  MAXIMUM         67   1240 PM  83    1998  67      0       73
  MINIMUM         54   1224 AM  38    2001  45      9       45
  AVERAGE         61                        56      5       59

PRECIPITATION (IN)
  YESTERDAY        0.00          0.74 2008   0.06  -0.06     0.00
  MONTH TO DATE    0.97                      0.77   0.20      T
  SINCE OCT 1      3.29                      2.62   0.67     0.05
  SINCE JAN 1      6.32                     12.60  -6.28    11.23

DEGREE DAYS
 HEATING
  YESTERDAY        4                         9     -5        6
  MONTH TO DATE   99                       147    -48       34
  SINCE DEC 1     99                       147    -48       34
  SINCE JUL 1    129                       311   -182       56

 COOLING
  YESTERDAY        0                         0      0        0
  MONTH TO DATE    0                         0      0       11
  SINCE DEC 1      0                         0      0       11
  SINCE JAN 1   1817                      1251    566     1873
..................................................................


WIND (MPH)
  RESULTANT WIND SPEED   1   RESULTANT WIND DIRECTION  SE (140)
  HIGHEST WIND SPEED    10   HIGHEST WIND DIRECTION     E (90)
  HIGHEST GUST SPEED    13   HIGHEST GUST DIRECTION    SW (210)
  AVERAGE WIND SPEED     2.7


SKY COVER
  POSSIBLE SUNSHINE  MM
  AVERAGE SKY COVER 0.7


WEATHER CONDITIONS
 THE FOLLOWING WEATHER WAS RECORDED YESTERDAY.
  FOG
  HAZE


RELATIVE HUMIDITY (PERCENT)
 HIGHEST    93           700 AM
 LOWEST     58          1200 PM
 AVERAGE    76

..........................................................


THE FULLERTON AIRPORT CA CLIMATE NORMALS FOR TODAY
                         NORMAL    RECORD    YEAR
 MAXIMUM TEMPERATURE (F)   67        83      2004
 MINIMUM TEMPERATURE (F)   45        36      2016
                                             2006


SUNRISE AND SUNSET
DECEMBER 18 2018......SUNRISE   651 AM PST   SUNSET   446 PM PST
DECEMBER 19 2018......SUNRISE   652 AM PST   SUNSET   446 PM PST


-  INDICATES NEGATIVE NUMBERS.
R  INDICATES RECORD WAS SET OR TIED.
MM INDICATES DATA IS MISSING.
T  INDICATES TRACE AMOUNT.




$$
