315
CDUS46 KSGX 230938
CLIFUL


CLIMATE REPORT
NATIONAL WEATHER SERVICE SAN DIEGO, CA
238 AM PDT WED OCT 23 2019


...................................

...THE FULLERTON AIRPORT CA CLIMATE SUMMARY FOR OCTOBER 22 2019...

CLIMATE NORMAL PERIOD 1981 TO 2010
CLIMATE RECORD PERIOD 1998 TO 2019


WEATHER ITEM   OBSERVED TIME   RECORD YEAR NORMAL DEPARTURE LAST
                VALUE   (LST)  VALUE       VALUE  FROM      YEAR
                                                  NORMAL
..................................................................
TEMPERATURE (F)
 YESTERDAY
  MAXIMUM         99R   120 PM  99    2008  78     21       77
  MINIMUM         59    624 AM  53    2004  56      3       62
  AVERAGE         79                        67     12       70

PRECIPITATION (IN)
  YESTERDAY        0.00          T    2010   0.03  -0.03     0.00
  MONTH TO DATE    0.00                      0.46  -0.46     0.85
  SINCE OCT 1      0.00                      0.46  -0.46     0.85
  SINCE JAN 1     13.89                     10.44   3.45     3.88

DEGREE DAYS
 HEATING
  YESTERDAY        0                         1     -1        0
  MONTH TO DATE    0                         7     -7        0
  SINCE SEP 1      0                         8     -8        0
  SINCE JUL 1      0                         8     -8        0

 COOLING
  YESTERDAY       14                         3     11        5
  MONTH TO DATE  138                        92     46      104
  SINCE SEP 1    480                       347    133      396
  SINCE JAN 1   1412                      1210    202     1707
..................................................................


WIND (MPH)
  RESULTANT WIND SPEED   0   RESULTANT WIND DIRECTION   W (270)
  HIGHEST WIND SPEED    10   HIGHEST WIND DIRECTION     W (280)
  HIGHEST GUST SPEED    16   HIGHEST GUST DIRECTION     W (270)
  AVERAGE WIND SPEED     1.3


SKY COVER
  POSSIBLE SUNSHINE  MM
  AVERAGE SKY COVER 0.0


WEATHER CONDITIONS
 THE FOLLOWING WEATHER WAS RECORDED YESTERDAY.
  NO SIGNIFICANT WEATHER WAS OBSERVED.


RELATIVE HUMIDITY (PERCENT)
 HIGHEST    51           400 AM
 LOWEST      8           100 PM
 AVERAGE    30

..........................................................


THE FULLERTON AIRPORT CA CLIMATE NORMALS FOR TODAY
                         NORMAL    RECORD    YEAR
 MAXIMUM TEMPERATURE (F)   78       107      2017
 MINIMUM TEMPERATURE (F)   56        51      2004


SUNRISE AND SUNSET
OCTOBER 23 2019.......SUNRISE   703 AM PDT   SUNSET   609 PM PDT
OCTOBER 24 2019.......SUNRISE   704 AM PDT   SUNSET   608 PM PDT


-  INDICATES NEGATIVE NUMBERS.
R  INDICATES RECORD WAS SET OR TIED.
MM INDICATES DATA IS MISSING.
T  INDICATES TRACE AMOUNT.




$$
