000
CDUS46 KSGX 220926
CLIFUL


CLIMATE REPORT
NATIONAL WEATHER SERVICE SAN DIEGO, CA
226 AM PDT THU OCT 22 2020


...................................

...THE FULLERTON AIRPORT CA CLIMATE SUMMARY FOR OCTOBER 21 2020...

CLIMATE NORMAL PERIOD 1981 TO 2010
CLIMATE RECORD PERIOD 1998 TO 2020


WEATHER ITEM   OBSERVED TIME   RECORD YEAR NORMAL DEPARTURE LAST
                VALUE   (LST)  VALUE       VALUE  FROM      YEAR
                                                  NORMAL
..................................................................
TEMPERATURE (F)
 YESTERDAY
  MAXIMUM         78    221 PM  98    2003  78      0       96
  MINIMUM         67    633 AM  51    2004  56     11       58
  AVERAGE         73                        67      6       77

PRECIPITATION (IN)
  YESTERDAY        0.00          0.02 2010   0.02  -0.02     0.00
  MONTH TO DATE    0.00                      0.43  -0.43     0.00
  SINCE OCT 1      0.00                      0.43  -0.43     0.00
  SINCE JAN 1      5.92                     10.41  -4.49    13.89

DEGREE DAYS
 HEATING
  YESTERDAY        0                         1     -1        0
  MONTH TO DATE    0                         6     -6        0
  SINCE SEP 1      0                         7     -7        0
  SINCE JUL 1      0                         7     -7        0

 COOLING
  YESTERDAY        8                         3      5       12
  MONTH TO DATE  253                        89    164      124
  SINCE SEP 1    661                       344    317      466
  SINCE JAN 1   1994                      1207    787     1398
..................................................................


WIND (MPH)
  RESULTANT WIND SPEED   1   RESULTANT WIND DIRECTION   S (170)
  HIGHEST WIND SPEED    10   HIGHEST WIND DIRECTION     S (200)
  HIGHEST GUST SPEED    14   HIGHEST GUST DIRECTION     S (190)
  AVERAGE WIND SPEED     2.4


SKY COVER
  POSSIBLE SUNSHINE  MM
  AVERAGE SKY COVER 0.7


WEATHER CONDITIONS
 THE FOLLOWING WEATHER WAS RECORDED YESTERDAY.
  HAZE


RELATIVE HUMIDITY (PERCENT)
 HIGHEST    81           400 AM
 LOWEST     54           200 PM
 AVERAGE    68

..........................................................


THE FULLERTON AIRPORT CA CLIMATE NORMALS FOR TODAY
                         NORMAL    RECORD    YEAR
 MAXIMUM TEMPERATURE (F)   78        99      2019
                                             2008
 MINIMUM TEMPERATURE (F)   56        53      2004


SUNRISE AND SUNSET
OCTOBER 22 2020.......SUNRISE   703 AM PDT   SUNSET   609 PM PDT
OCTOBER 23 2020.......SUNRISE   704 AM PDT   SUNSET   608 PM PDT


-  INDICATES NEGATIVE NUMBERS.
R  INDICATES RECORD WAS SET OR TIED.
MM INDICATES DATA IS MISSING.
T  INDICATES TRACE AMOUNT.




$$
