000
CDUS46 KSGX 210028
CLIFUL


CLIMATE REPORT
NATIONAL WEATHER SERVICE SAN DIEGO, CA
528 PM PDT WED JUN 20 2018


...................................

...THE FULLERTON AIRPORT CA CLIMATE SUMMARY FOR JUNE 20 2018...
VALID TODAY AS OF 0500 PM LOCAL TIME.

CLIMATE NORMAL PERIOD 1981 TO 2010
CLIMATE RECORD PERIOD 1998 TO 2018


WEATHER ITEM   OBSERVED TIME   RECORD YEAR NORMAL DEPARTURE LAST
                VALUE   (LST)  VALUE       VALUE  FROM      YEAR
                                                  NORMAL
..................................................................
TEMPERATURE (F)
 TODAY
  MAXIMUM         80    147 PM 109    2016  79      1       89
  MINIMUM         62    347 AM  56    2005  62      0       64
  AVERAGE         71                        70      1       77

PRECIPITATION (IN)
  TODAY            0.00          T    2009   0.00   0.00     0.00
  MONTH TO DATE    0.00                      0.07  -0.07     0.01
  SINCE OCT 1      3.11                     13.53 -10.42    16.92
  SINCE JAN 1      3.03                      9.63  -6.60    11.01

DEGREE DAYS
 HEATING
  TODAY            0                         0      0        0
  MONTH TO DATE    0                         0      0        0
  SINCE JUN 1      0                         0      0        0
  SINCE JUL 1    635                      1224   -589      795

 COOLING
  TODAY            6                         5      1       12
  MONTH TO DATE  130                        80     50      119
  SINCE JUN 1    130                        80     50      119
  SINCE JAN 1    291                       203     88      358
..................................................................


WIND (MPH)
  RESULTANT WIND SPEED   2   RESULTANT WIND DIRECTION  SE (140)
  HIGHEST WIND SPEED    12   HIGHEST WIND DIRECTION    SW (210)
  HIGHEST GUST SPEED    14   HIGHEST GUST DIRECTION    SW (210)
  AVERAGE WIND SPEED     2.8


SKY COVER
  POSSIBLE SUNSHINE  MM
  AVERAGE SKY COVER 0.5


WEATHER CONDITIONS
 THE FOLLOWING WEATHER WAS RECORDED TODAY.
  HAZE


RELATIVE HUMIDITY (PERCENT)
 HIGHEST    90           200 AM
 LOWEST     54           100 PM
 AVERAGE    72

..........................................................


THE FULLERTON AIRPORT CA CLIMATE NORMALS FOR TOMORROW
                         NORMAL    RECORD    YEAR
 MAXIMUM TEMPERATURE (F)   80       102      2008
 MINIMUM TEMPERATURE (F)   62        58      2005


SUNRISE AND SUNSET
JUNE 20 2018..........SUNRISE   541 AM PDT   SUNSET   806 PM PDT
JUNE 21 2018..........SUNRISE   541 AM PDT   SUNSET   806 PM PDT


-  INDICATES NEGATIVE NUMBERS.
R  INDICATES RECORD WAS SET OR TIED.
MM INDICATES DATA IS MISSING.
T  INDICATES TRACE AMOUNT.




$$
