000
CDUS41 KCAR 260549
CLIFVE

CLIMATE REPORT
NATIONAL WEATHER SERVICE CARIBOU ME
149 AM EDT MON OCT 26 2020

...................................

...THE FRENCHVILLE ME CLIMATE SUMMARY FOR OCTOBER 25 2020...

CLIMATE NORMAL PERIOD: 1981 TO 2010
CLIMATE RECORD PERIOD: 9999 TO 9999


WEATHER ITEM   OBSERVED TIME   RECORD YEAR NORMAL DEPARTURE LAST
                VALUE   (LST)  VALUE       VALUE  FROM      YEAR
                                                  NORMAL
...................................................................
TEMPERATURE (F)
 YESTERDAY
  MAXIMUM         38   1:24 PM              46     -8
  MINIMUM         27  10:06 PM              32     -5
  AVERAGE         33                        39     -6

PRECIPITATION (IN)
  YESTERDAY        0.00         MM      MM   0.08  -0.08      T
  MONTH TO DATE    5.69                      2.08   3.61     2.86
  SINCE SEP 1      6.72                      5.60   1.12     2.86
  SINCE JAN 1     19.92                     27.66  -7.74     3.00

SNOWFALL (IN)
  YESTERDAY       MM            MM      MM         MM       MM
  MONTH TO DATE   MM                               MM       MM
  SINCE SEP 1     MM                               MM       MM
  SINCE JUL 1     MM                               MM       MM
  SNOW DEPTH      MM

DEGREE DAYS
 HEATING
  YESTERDAY       32                                6
  MONTH TO DATE  506                              -45
  SINCE JUL 1    927                             -168

 COOLING
  YESTERDAY        0                                0
  MONTH TO DATE    0                                0
  SINCE JAN 1    375                              241
...................................................................


WIND (MPH)
  HIGHEST WIND SPEED    23   HIGHEST WIND DIRECTION    NW (330)
  HIGHEST GUST SPEED    30   HIGHEST GUST DIRECTION    NW (330)
  AVERAGE WIND SPEED     9.8

..........................................................


THE FRENCHVILLE ME CLIMATE NORMALS FOR TODAY
                         NORMAL




SUNRISE AND SUNSET
OCTOBER 26 2020.......SUNRISE   7:08 AM EDT   SUNSET   5:25 PM EDT
OCTOBER 27 2020.......SUNRISE   7:10 AM EDT   SUNSET   5:24 PM EDT


-  INDICATES NEGATIVE NUMBERS.
*  INDICATES RECORD WAS SET OR TIED.
MM INDICATES DATA IS MISSING.
T  INDICATES TRACE AMOUNT.




$$
