000
CDUS41 KCAR 190548
CLIFVE


CLIMATE REPORT
NATIONAL WEATHER SERVICE CARIBOU, ME
147 AM EDT TUE JUN 19 2018


...................................

...THE FRENCHVILLE ME CLIMATE SUMMARY FOR JUNE 18 2018...

CLIMATE NORMAL PERIOD 1981 TO 2010
CLIMATE RECORD PERIOD 9999 TO 9999


WEATHER ITEM   OBSERVED TIME   RECORD YEAR NORMAL DEPARTURE LAST
                VALUE   (LST)  VALUE       VALUE  FROM      YEAR
                                                  NORMAL
..................................................................
TEMPERATURE (F)
 YESTERDAY
  MAXIMUM         76    158 PM              70      6
  MINIMUM         54    507 AM              50      4
  AVERAGE         65                        60      5

PRECIPITATION (IN)
  YESTERDAY        0.25         MM      MM   0.13   0.12     0.00
  MONTH TO DATE    1.18                      2.08  -0.90     1.21
  SINCE JUN 1      1.18                      2.08  -0.90     1.21
  SINCE JAN 1     10.27                     11.98  -1.71    12.90

SNOWFALL (IN)
  YESTERDAY       MM            MM      MM  MM     MM       MM
  MONTH TO DATE   MM                        MM     MM       MM
  SINCE JUN 1     MM                        MM     MM       MM
  SINCE JUL 1     MM                        MM     MM       MM
  SNOW DEPTH      MM

DEGREE DAYS
 HEATING
  YESTERDAY        0                               -6
  MONTH TO DATE  166                               23
  SINCE JUL 1   9396                             -334

 COOLING
  YESTERDAY        0                               -1
  MONTH TO DATE   10                               -3
  SINCE JAN 1     15                               -2
..................................................................


WIND (MPH)
  HIGHEST WIND SPEED    17   HIGHEST WIND DIRECTION    NW (320)
  HIGHEST GUST SPEED    24   HIGHEST GUST DIRECTION    SW (220)
  AVERAGE WIND SPEED    10.4




..........................................................


THE FRENCHVILLE ME CLIMATE NORMALS FOR TODAY
                         NORMAL
 MAXIMUM TEMPERATURE (F)   70
 MINIMUM TEMPERATURE (F)   51


SUNRISE AND SUNSET
JUNE 19 2018..........SUNRISE   437 AM EDT   SUNSET   833 PM EDT
JUNE 20 2018..........SUNRISE   437 AM EDT   SUNSET   833 PM EDT


-  INDICATES NEGATIVE NUMBERS.
R  INDICATES RECORD WAS SET OR TIED.
MM INDICATES DATA IS MISSING.
T  INDICATES TRACE AMOUNT.




$$
