000
CDUS41 KCAR 212131
CLIFVE


CLIMATE REPORT
NATIONAL WEATHER SERVICE CARIBOU, ME
430 PM EST FRI FEB 21 2020


...................................

...THE FRENCHVILLE ME CLIMATE SUMMARY FOR FEBRUARY 21 2020...
VALID TODAY AS OF 0400 PM LOCAL TIME.

CLIMATE NORMAL PERIOD 1981 TO 2010
CLIMATE RECORD PERIOD 9999 TO 9999


WEATHER ITEM   OBSERVED TIME   RECORD YEAR NORMAL DEPARTURE LAST
                VALUE   (LST)  VALUE       VALUE  FROM      YEAR
                                                  NORMAL
..................................................................
TEMPERATURE (F)
 TODAY
  MAXIMUM         20    359 PM              24     -4
  MINIMUM        -10    611 AM               7    -17
  AVERAGE          5                        15    -10

PRECIPITATION (IN)
  TODAY            0.00         MM      MM   0.03  -0.03     0.12
  MONTH TO DATE    0.49                      0.51  -0.02     0.68
  SINCE DEC 1      3.64                      4.81  -1.17     5.08
  SINCE JAN 1      2.16                      2.27  -0.11     2.60

SNOWFALL (IN)
  TODAY           MM                        MM     MM       MM
  MONTH TO DATE   MM                        MM     MM       MM
  SINCE DEC 1     MM                        MM     MM       MM
  SINCE JUL 1     MM                        MM     MM       MM
  SNOW DEPTH      MM

DEGREE DAYS
 HEATING
  TODAY           60                               10
  MONTH TO DATE 1103                              -13
  SINCE JUL 1   6382                             -278

 COOLING
  TODAY            0                                0
  MONTH TO DATE    0                                0
  SINCE JAN 1      0                                0
..................................................................


WIND (MPH)
  HIGHEST WIND SPEED    16   HIGHEST WIND DIRECTION    SW (210)
  HIGHEST GUST SPEED    23   HIGHEST GUST DIRECTION    SW (220)
  AVERAGE WIND SPEED     8.4




..........................................................


THE FRENCHVILLE ME CLIMATE NORMALS FOR TOMORROW
                         NORMAL
 MAXIMUM TEMPERATURE (F)   24
 MINIMUM TEMPERATURE (F)    7


SUNRISE AND SUNSET
FEBRUARY 21 2020......SUNRISE   629 AM EST   SUNSET   506 PM EST
FEBRUARY 22 2020......SUNRISE   627 AM EST   SUNSET   507 PM EST


-  INDICATES NEGATIVE NUMBERS.
R  INDICATES RECORD WAS SET OR TIED.
MM INDICATES DATA IS MISSING.
T  INDICATES TRACE AMOUNT.




$$
