000
CDUS43 KIWX 180522
CLIFWA


CLIMATE REPORT
NATIONAL WEATHER SERVICE NORTHERN INDIANA
121 AM EDT FRI OCT 18 2019


...................................

...THE FORT WAYNE CLIMATE SUMMARY FOR OCTOBER 17 2019...

CLIMATE NORMAL PERIOD 1981 TO 2010
CLIMATE RECORD PERIOD 1897 TO 2019


WEATHER ITEM   OBSERVED TIME   RECORD YEAR NORMAL DEPARTURE LAST
                VALUE   (LST)  VALUE       VALUE  FROM      YEAR
                                                  NORMAL
..................................................................
TEMPERATURE (F)
 YESTERDAY
  MAXIMUM         54    334 PM  85    1950  63     -9       53
                                      1910
  MINIMUM         39    302 AM  24    1977  41     -2       32
  AVERAGE         47                        52     -5       43

PRECIPITATION (IN)
  YESTERDAY        0.00          1.73 1946   0.10  -0.10     0.00
  MONTH TO DATE    0.26                      1.61  -1.35     2.49
  SINCE SEP 1      2.85                      4.41  -1.56     4.14
  SINCE JAN 1     31.12                     31.25  -0.13    35.00

SNOWFALL (IN)
  YESTERDAY        0.0           T    1943   0.0    0.0      0.0
                                      1930
  MONTH TO DATE    0.0                       0.1   -0.1      0.0
  SINCE SEP 1      0.0                       0.1   -0.1      0.0
  SINCE JUL 1      0.0                       0.1   -0.1      0.0
  SNOW DEPTH       0

DEGREE DAYS
 HEATING
  YESTERDAY       18                        13      5       22
  MONTH TO DATE  153                       180    -27      134
  SINCE SEP 1    170                       284   -114      197
  SINCE JUL 1    171                       296   -125      197

 COOLING
  YESTERDAY        0                         0      0        0
  MONTH TO DATE   22                         8     14       56
  SINCE SEP 1    156                        91     65      242
  SINCE JAN 1    994                       808    186     1218
..................................................................


WIND (MPH)
  HIGHEST WIND SPEED    15   HIGHEST WIND DIRECTION    NW (330)
  HIGHEST GUST SPEED    23   HIGHEST GUST DIRECTION     W (290)
  AVERAGE WIND SPEED     7.9


SKY COVER
  AVERAGE SKY COVER 0.7


WEATHER CONDITIONS
 THE FOLLOWING WEATHER WAS RECORDED YESTERDAY.
  NO SIGNIFICANT WEATHER WAS OBSERVED.


RELATIVE HUMIDITY (PERCENT)
 HIGHEST    92           500 AM
 LOWEST     54           300 PM
 AVERAGE    73

..........................................................


THE FORT WAYNE CLIMATE NORMALS FOR TODAY
                         NORMAL    RECORD    YEAR
 MAXIMUM TEMPERATURE (F)   63        86      1908
 MINIMUM TEMPERATURE (F)   41        24      1976


SUNRISE AND SUNSET
OCTOBER 18 2019.......SUNRISE   755 AM EDT   SUNSET   656 PM EDT
OCTOBER 19 2019.......SUNRISE   756 AM EDT   SUNSET   655 PM EDT


-  INDICATES NEGATIVE NUMBERS.
R  INDICATES RECORD WAS SET OR TIED.
MM INDICATES DATA IS MISSING.
T  INDICATES TRACE AMOUNT.




$$
