000
CDUS43 KIWX 230545
CLIFWA


CLIMATE REPORT
NATIONAL WEATHER SERVICE NORTHERN INDIANA
143 AM EDT WED MAY 23 2018


...................................

...THE FORT WAYNE CLIMATE SUMMARY FOR MAY 22 2018...

CLIMATE NORMAL PERIOD 1981 TO 2010
CLIMATE RECORD PERIOD 1897 TO 2018


WEATHER ITEM   OBSERVED TIME   RECORD YEAR NORMAL DEPARTURE LAST
                VALUE   (LST)  VALUE       VALUE  FROM      YEAR
                                                  NORMAL
..................................................................
TEMPERATURE (F)
 YESTERDAY
  MAXIMUM         80   1236 PM  92    1902  74      6       70
  MINIMUM         56    205 AM  35    1924  51      5       49
  AVERAGE         68                        62      6       60

PRECIPITATION (IN)
  YESTERDAY        0.00          1.45 1917   0.16  -0.16     0.00
  MONTH TO DATE    2.60                      2.81  -0.21     5.81
  SINCE MAR 1      7.69                      9.04  -1.35    13.57
  SINCE JAN 1     13.31                     13.34  -0.03    20.04

SNOWFALL (IN)
  YESTERDAY        0.0           T    1963   0.0    0.0      0.0
  MONTH TO DATE    0.0                       0.0    0.0      0.0
  SINCE MAR 1      4.5                       5.1   -0.6      3.4
  SINCE JUL 1     32.7                      33.5   -0.8     18.5
  SNOW DEPTH       0

DEGREE DAYS
 HEATING
  YESTERDAY        0                         5     -5        5
  MONTH TO DATE   35                       158   -123      187
  SINCE MAR 1   1541                      1442     99     1276
  SINCE JUL 1   5869                      6040   -171     4970

 COOLING
  YESTERDAY        3                         2      1        0
  MONTH TO DATE   42                        25     17       34
  SINCE MAR 1     43                        33     10       54
  SINCE JAN 1     43                        33     10       54
..................................................................


WIND (MPH)
  HIGHEST WIND SPEED    23   HIGHEST WIND DIRECTION     W (280)
  HIGHEST GUST SPEED    28   HIGHEST GUST DIRECTION     W (280)
  AVERAGE WIND SPEED     9.0


SKY COVER
  AVERAGE SKY COVER 0.7


WEATHER CONDITIONS
 THE FOLLOWING WEATHER WAS RECORDED YESTERDAY.
  FOG
  FOG W/VISIBILITY <= 1/4 MILE


RELATIVE HUMIDITY (PERCENT)
 HIGHEST   100           100 AM
 LOWEST     54           400 PM
 AVERAGE    77

..........................................................


THE FORT WAYNE CLIMATE NORMALS FOR TODAY
                         NORMAL    RECORD    YEAR
 MAXIMUM TEMPERATURE (F)   74        91      2007
 MINIMUM TEMPERATURE (F)   52        31      1963


SUNRISE AND SUNSET
MAY 23 2018...........SUNRISE   616 AM EDT   SUNSET   859 PM EDT
MAY 24 2018...........SUNRISE   616 AM EDT   SUNSET   900 PM EDT


-  INDICATES NEGATIVE NUMBERS.
R  INDICATES RECORD WAS SET OR TIED.
MM INDICATES DATA IS MISSING.
T  INDICATES TRACE AMOUNT.




$$
