000
CDUS43 KIWX 210523
CLIFWA


CLIMATE REPORT
NATIONAL WEATHER SERVICE NORTHERN INDIANA
122 AM EDT SUN OCT 21 2018


...................................

...THE FORT WAYNE CLIMATE SUMMARY FOR OCTOBER 20 2018...

CLIMATE NORMAL PERIOD 1981 TO 2010
CLIMATE RECORD PERIOD 1897 TO 2018


WEATHER ITEM   OBSERVED TIME   RECORD YEAR NORMAL DEPARTURE LAST
                VALUE   (LST)  VALUE       VALUE  FROM      YEAR
                                                  NORMAL
..................................................................
TEMPERATURE (F)
 YESTERDAY
  MAXIMUM         60   1255 PM  85    1953  62     -2       77
  MINIMUM         35   1023 PM  23    1952  41     -6       44
  AVERAGE         48                        51     -3       61

PRECIPITATION (IN)
  YESTERDAY        0.03          1.44 2016   0.09  -0.06     0.00
  MONTH TO DATE    2.52                      1.88   0.64     1.31
  SINCE SEP 1      4.17                      4.68  -0.51     2.98
  SINCE JAN 1     35.03                     31.52   3.51    41.26

DEGREE DAYS
 HEATING
  YESTERDAY       17                        14      3        4
  MONTH TO DATE  192                       221    -29       78
  SINCE SEP 1    255                       325    -70      158
  SINCE JUL 1    255                       337    -82      173

 COOLING
  YESTERDAY        0                         0      0        0
  MONTH TO DATE   56                         8     48       29
  SINCE SEP 1    242                        91    151      146
  SINCE JAN 1   1218                       808    410      834
..................................................................


WIND (MPH)
  HIGHEST WIND SPEED    40   HIGHEST WIND DIRECTION     W (270)
  HIGHEST GUST SPEED    56   HIGHEST GUST DIRECTION     W (290)
  AVERAGE WIND SPEED    17.1


SKY COVER
  AVERAGE SKY COVER 0.5


WEATHER CONDITIONS
 THE FOLLOWING WEATHER WAS RECORDED YESTERDAY.
  LIGHT RAIN
  FOG


RELATIVE HUMIDITY (PERCENT)
 HIGHEST   100           600 AM
 LOWEST     36           100 PM
 AVERAGE    68

..........................................................


THE FORT WAYNE CLIMATE NORMALS FOR TODAY
                         NORMAL    RECORD    YEAR
 MAXIMUM TEMPERATURE (F)   61        84      1953
 MINIMUM TEMPERATURE (F)   40        20      1952


SUNRISE AND SUNSET
OCTOBER 21 2018.......SUNRISE   759 AM EDT   SUNSET   651 PM EDT
OCTOBER 22 2018.......SUNRISE   800 AM EDT   SUNSET   650 PM EDT


-  INDICATES NEGATIVE NUMBERS.
R  INDICATES RECORD WAS SET OR TIED.
MM INDICATES DATA IS MISSING.
T  INDICATES TRACE AMOUNT.




$$
