000
CDUS43 KIWX 090044
CLIFWA

CLIMATE REPORT
NATIONAL WEATHER SERVICE NORTHERN INDIANA
844 PM EDT SAT MAY 08 2021

...................................

...THE FORT WAYNE CLIMATE SUMMARY FOR MAY 8 2021...
VALID TODAY AS OF 0700 PM LOCAL TIME.

CLIMATE NORMAL PERIOD 1991 TO 2020
CLIMATE RECORD PERIOD 1897 TO 2021


WEATHER ITEM   OBSERVED TIME   RECORD YEAR NORMAL DEPARTURE LAST
                VALUE   (LST)  VALUE       VALUE  FROM      YEAR
                                                  NORMAL
...................................................................
TEMPERATURE (F)
 TODAY
  MAXIMUM         55    449 PM  89    2014  70    -15       53
  MINIMUM         33    524 AM  29    1947  48    -15       29
                                      2020
  AVERAGE         44                        59    -15       41

PRECIPITATION (IN)
  TODAY            0.00          1.13 1914   0.12  -0.12     0.00
  MONTH TO DATE    0.69                      1.04  -0.35     0.04
  SINCE MAR 1      6.33                      7.59  -1.26     5.55
  SINCE JAN 1      9.77                     12.19  -2.42    11.66

DEGREE DAYS
 HEATING
  TODAY           21                         7     14       24
  MONTH TO DATE   96                        66     30       96
  SINCE MAR 1   1191                      1337   -146     1349
  SINCE JUL 1   5560                      5833   -273     5556

 COOLING
  TODAY            0                         1     -1        0
  MONTH TO DATE    4                         6     -2        2
  SINCE MAR 1      7                        14     -7        2
  SINCE JAN 1      7                        14     -7        2
...................................................................


WIND (MPH)
  HIGHEST WIND SPEED    18   HIGHEST WIND DIRECTION     N (360)
  HIGHEST GUST SPEED    27   HIGHEST GUST DIRECTION    NW (310)
  AVERAGE WIND SPEED     7.4


SKY COVER
  POSSIBLE SUNSHINE  MM
  AVERAGE SKY COVER 0.3


WEATHER CONDITIONS
THE FOLLOWING WEATHER WAS RECORDED TODAY.
  NO SIGNIFICANT WEATHER WAS OBSERVED.


RELATIVE HUMIDITY (PERCENT)
 HIGHEST    85           500 AM
 LOWEST     40           300 PM
 AVERAGE    63

..........................................................


THE FORT WAYNE CLIMATE NORMALS FOR TOMORROW
                         NORMAL    RECORD    YEAR
 MAXIMUM TEMPERATURE (F)   70        87      1936
                                             1979
                                             1993
 MINIMUM TEMPERATURE (F)   48        23      2020


SUNRISE AND SUNSET
MAY  8 2021...........SUNRISE   630 AM EDT   SUNSET   845 PM EDT
MAY  9 2021...........SUNRISE   629 AM EDT   SUNSET   846 PM EDT


-  INDICATES NEGATIVE NUMBERS.
R  INDICATES RECORD WAS SET OR TIED.
MM INDICATES DATA IS MISSING.
T  INDICATES TRACE AMOUNT.




$$
