000
CDUS43 KIWX 160536
CLIFWA


CLIMATE REPORT
NATIONAL WEATHER SERVICE NORTHERN INDIANA
136 AM EDT THU AUG 16 2018


...................................

...THE FORT WAYNE CLIMATE SUMMARY FOR AUGUST 15 2018...

CLIMATE NORMAL PERIOD 1981 TO 2010
CLIMATE RECORD PERIOD 1897 TO 2018


WEATHER ITEM   OBSERVED TIME   RECORD YEAR NORMAL DEPARTURE LAST
                VALUE   (LST)  VALUE       VALUE  FROM      YEAR
                                                  NORMAL
..................................................................
TEMPERATURE (F)
 YESTERDAY
  MAXIMUM         84   1242 PM  95    1965  82      2       86
  MINIMUM         67    627 AM  43    2014  61      6       62
                                      1962
  AVERAGE         76                        72      4       74

PRECIPITATION (IN)
  YESTERDAY        0.37          1.57 1934   0.12   0.25     0.00
  MONTH TO DATE    2.17                      1.82   0.35     0.32
  SINCE JUN 1     11.24                     10.22   1.02    11.99
  SINCE JAN 1     25.26                     25.02   0.24    35.44

DEGREE DAYS
 HEATING
  YESTERDAY        0                         0      0        0
  MONTH TO DATE    0                         0      0        1
  SINCE JUN 1      1                        32    -31        7
  SINCE JUL 1      0                         3     -3        1

 COOLING
  YESTERDAY       11                         7      4        9
  MONTH TO DATE  153                       110     43       65
  SINCE JUN 1    697                       559    138      553
  SINCE JAN 1    841                       616    225      617
..................................................................


WIND (MPH)
  HIGHEST WIND SPEED    23   HIGHEST WIND DIRECTION    SW (210)
  HIGHEST GUST SPEED    29   HIGHEST GUST DIRECTION     S (200)
  AVERAGE WIND SPEED     6.6


SKY COVER
  AVERAGE SKY COVER 0.9


WEATHER CONDITIONS
 THE FOLLOWING WEATHER WAS RECORDED YESTERDAY.
  HEAVY RAIN
  RAIN
  LIGHT RAIN
  FOG


RELATIVE HUMIDITY (PERCENT)
 HIGHEST    97          1200 AM
 LOWEST     69          1000 AM
 AVERAGE    83

..........................................................


THE FORT WAYNE CLIMATE NORMALS FOR TODAY
                         NORMAL    RECORD    YEAR
 MAXIMUM TEMPERATURE (F)   82        95      1988
                                             1965
                                             1908
 MINIMUM TEMPERATURE (F)   61        46      2004


SUNRISE AND SUNSET
AUGUST 16 2018........SUNRISE   652 AM EDT   SUNSET   838 PM EDT
AUGUST 17 2018........SUNRISE   653 AM EDT   SUNSET   836 PM EDT


-  INDICATES NEGATIVE NUMBERS.
R  INDICATES RECORD WAS SET OR TIED.
MM INDICATES DATA IS MISSING.
T  INDICATES TRACE AMOUNT.




$$
