000
CDUS43 KIWX 230539
CLIFWA


CLIMATE REPORT
NATIONAL WEATHER SERVICE NORTHERN INDIANA
1239 AM EST WED JAN 23 2019


...................................

...THE FORT WAYNE CLIMATE SUMMARY FOR JANUARY 22 2019...

CLIMATE NORMAL PERIOD 1981 TO 2010
CLIMATE RECORD PERIOD 1897 TO 2019


WEATHER ITEM   OBSERVED TIME   RECORD YEAR NORMAL DEPARTURE LAST
                VALUE   (LST)  VALUE       VALUE  FROM      YEAR
                                                  NORMAL
..................................................................
TEMPERATURE (F)
 YESTERDAY
  MAXIMUM         42   1156 PM  63    2017  32     10       54
  MINIMUM          6   1200 AM -18    1936  17    -11       40
  AVERAGE         24                        25     -1       47

PRECIPITATION (IN)
  YESTERDAY        0.04          1.30 1904   0.07  -0.03     0.19
  MONTH TO DATE    0.83                      1.65  -0.82     1.08
  SINCE DEC 1      3.77                      4.42  -0.65     2.09
  SINCE JAN 1      0.83                      1.65  -0.82     1.08

SNOWFALL (IN)
  YESTERDAY        0.0           7.2  1915   0.4   -0.4      0.0
  MONTH TO DATE    9.3                       7.1    2.2      6.6
  SINCE DEC 1      9.4                      15.6   -6.2     18.0
  SINCE JUL 1     11.5                      17.7   -6.2     18.0
  SNOW DEPTH       4

DEGREE DAYS
 HEATING
  YESTERDAY       41                        40      1       18
  MONTH TO DATE  773                       879   -106      957
  SINCE DEC 1   1672                      1990   -318     2126
  SINCE JUL 1   2959                      3207   -248     3179

 COOLING
  YESTERDAY        0                         0      0        0
  MONTH TO DATE    0                         0      0        0
  SINCE DEC 1      0                         0      0        0
  SINCE JAN 1      0                         0      0        0
..................................................................


WIND (MPH)
  HIGHEST WIND SPEED    23   HIGHEST WIND DIRECTION     S (190)
  HIGHEST GUST SPEED    31   HIGHEST GUST DIRECTION     S (190)
  AVERAGE WIND SPEED    13.9


SKY COVER
  AVERAGE SKY COVER 1.0


WEATHER CONDITIONS
 THE FOLLOWING WEATHER WAS RECORDED YESTERDAY.
  LIGHT RAIN


RELATIVE HUMIDITY (PERCENT)
 HIGHEST    70           600 PM
 LOWEST     56          1000 AM
 AVERAGE    63

..........................................................


THE FORT WAYNE CLIMATE NORMALS FOR TODAY
                         NORMAL    RECORD    YEAR
 MAXIMUM TEMPERATURE (F)   32        65      1909
 MINIMUM TEMPERATURE (F)   17       -18      1963


SUNRISE AND SUNSET
JANUARY 23 2019.......SUNRISE   759 AM EST   SUNSET   547 PM EST
JANUARY 24 2019.......SUNRISE   758 AM EST   SUNSET   548 PM EST


-  INDICATES NEGATIVE NUMBERS.
R  INDICATES RECORD WAS SET OR TIED.
MM INDICATES DATA IS MISSING.
T  INDICATES TRACE AMOUNT.




$$
