681
CDUS44 KTSA 160800 RRA
CLIFYV

CLIMATE REPORT
NATIONAL WEATHER SERVICE TULSA OK
146 AM CDT THU AUG 16 2018


...................................

...THE FAYETTEVILLE ARKANSAS CLIMATE SUMMARY FOR AUGUST 15 2018...

CLIMATE NORMAL PERIOD 1981 TO 2010
CLIMATE RECORD PERIOD 1905 TO 2018


WEATHER ITEM   OBSERVED TIME   RECORD YEAR NORMAL DEPARTURE LAST
                VALUE   (LST)  VALUE       VALUE  FROM      YEAR
                                                  NORMAL
..................................................................
TEMPERATURE (F)
 YESTERDAY
  MAXIMUM         81    347 PM  99    2007  90     -9       87
                                      1954
  MINIMUM         69    946 AM  49    1992  66      3       67
  AVERAGE         75                        78     -3       77

PRECIPITATION (IN)
  YESTERDAY        0.21                      0.11   0.10     0.23
  MONTH TO DATE    2.46                      1.53   0.93     4.03
  SINCE JUN 1      8.85                      9.97  -1.12    12.66
  SINCE JAN 1     31.23                     30.18   1.05    41.21

DEGREE DAYS
 COOLING
  YESTERDAY       10                        13     -3       12
  MONTH TO DATE  164                       195    -31      125
  SINCE JUN 1    942                       831    111      764
  SINCE JAN 1   1181                       944    237      868
..................................................................


WIND (MPH)
  HIGHEST WIND SPEED    22   HIGHEST WIND DIRECTION     S (180)
  HIGHEST GUST SPEED    30   HIGHEST GUST DIRECTION     S (180)
  AVERAGE WIND SPEED     9.4


SKY COVER
  POSSIBLE SUNSHINE  MM
  AVERAGE SKY COVER 0.7


WEATHER CONDITIONS
 THE FOLLOWING WEATHER WAS RECORDED YESTERDAY.
  THUNDERSTORM
  RAIN
  LIGHT RAIN
  FOG


RELATIVE HUMIDITY (PERCENT)
 HIGHEST   100          1000 PM
 LOWEST     79           300 PM
 AVERAGE    90

..........................................................


THE FAYETTEVILLE ARKANSAS CLIMATE NORMALS FOR TODAY
                         NORMAL    RECORD    YEAR
 MAXIMUM TEMPERATURE (F)   90       102      1956
                                             1954
 MINIMUM TEMPERATURE (F)   65        47      1992


SUNRISE AND SUNSET
AUGUST 16 2018........SUNRISE   636 AM CDT   SUNSET   805 PM CDT
AUGUST 17 2018........SUNRISE   637 AM CDT   SUNSET   804 PM CDT


-  INDICATES NEGATIVE NUMBERS.
R  INDICATES RECORD WAS SET OR TIED.
MM INDICATES DATA IS MISSING.
T  INDICATES TRACE AMOUNT.




$$
