000
CDUS44 KTSA 240931 RRA
CLIFYV

CLIMATE REPORT
NATIONAL WEATHER SERVICE TULSA OK
1246 AM CST SAT FEB 24 2018


...................................

...THE FAYETTEVILLE ARKANSAS CLIMATE SUMMARY FOR FEBRUARY 23 2018...

CLIMATE NORMAL PERIOD 1981 TO 2010
CLIMATE RECORD PERIOD 1905 TO 2018


WEATHER ITEM   OBSERVED TIME   RECORD YEAR NORMAL DEPARTURE LAST
                VALUE   (LST)  VALUE       VALUE  FROM      YEAR
                                                  NORMAL
..................................................................
TEMPERATURE (F)
 YESTERDAY
  MAXIMUM         53    730 PM  80    2017  53      0       80
  MINIMUM         43    634 AM   9    1989  30     13       46
  AVERAGE         48                        42      6       63

PRECIPITATION (IN)
  YESTERDAY        1.50                      0.12   1.38     0.00
  MONTH TO DATE    5.29                      2.26   3.03     1.10
  SINCE DEC 1      8.91                      8.34   0.57     5.32
  SINCE JAN 1      7.00                      5.10   1.90     3.49

SNOWFALL (IN)
  YESTERDAY        0.0                                       0.0
  MONTH TO DATE    T                                         0.0
  SINCE DEC 1      0.4                                       0.8
  SINCE JUL 1      0.4                                       0.8

DEGREE DAYS
 HEATING
  YESTERDAY       17                        23     -6        2
  MONTH TO DATE  554                       597    -43      354
  SINCE DEC 1   2350                      2362    -12     1951
  SINCE JUL 1   3050                      3191   -141     2478
..................................................................


WIND (MPH)
  HIGHEST WIND SPEED    14   HIGHEST WIND DIRECTION    NW (320)
  HIGHEST GUST SPEED    18   HIGHEST GUST DIRECTION     E (70)
  AVERAGE WIND SPEED     4.3


SKY COVER
  POSSIBLE SUNSHINE  MM
  AVERAGE SKY COVER 1.0


WEATHER CONDITIONS
 THE FOLLOWING WEATHER WAS RECORDED YESTERDAY.
  THUNDERSTORM
  HEAVY RAIN
  RAIN
  LIGHT RAIN
  FOG


RELATIVE HUMIDITY (PERCENT)
 HIGHEST   100          1200 AM
 LOWEST     93           700 PM
 AVERAGE    97

..........................................................


THE FAYETTEVILLE ARKANSAS CLIMATE NORMALS FOR TODAY
                         NORMAL    RECORD    YEAR
 MAXIMUM TEMPERATURE (F)   54        80      1956
 MINIMUM TEMPERATURE (F)   31         8      1967


SUNRISE AND SUNSET
FEBRUARY 24 2018......SUNRISE   653 AM CST   SUNSET   607 PM CST
FEBRUARY 25 2018......SUNRISE   652 AM CST   SUNSET   608 PM CST


-  INDICATES NEGATIVE NUMBERS.
R  INDICATES RECORD WAS SET OR TIED.
MM INDICATES DATA IS MISSING.
T  INDICATES TRACE AMOUNT.




$$
