897
CDUS44 KTSA 110915
CLIFYV

CLIMATE REPORT
NATIONAL WEATHER SERVICE TULSA OK
1246 AM CST WED DEC 11 2019


...................................

...THE FAYETTEVILLE ARKANSAS CLIMATE SUMMARY FOR DECEMBER 10 2019...

CLIMATE NORMAL PERIOD 1981 TO 2010
CLIMATE RECORD PERIOD 1905 TO 2019


WEATHER ITEM   OBSERVED TIME   RECORD YEAR NORMAL DEPARTURE LAST
                VALUE   (LST)  VALUE       VALUE  FROM      YEAR
                                                  NORMAL
..................................................................
TEMPERATURE (F)
 YESTERDAY
  MAXIMUM         42    418 PM  72    1996  49     -7       47
  MINIMUM         23   1153 PM   5    1995  28     -5       17
  AVERAGE         33                        38     -5       32

PRECIPITATION (IN)
  YESTERDAY        0.00                      0.11  -0.11     0.00
  MONTH TO DATE    0.01                      1.17  -1.16     0.17
  SINCE DEC 1      0.01                      1.17  -1.16     0.17
  SINCE JAN 1     63.94                     46.44  17.50    43.14

SNOWFALL (IN)
  YESTERDAY        0.0                                       0.0
  MONTH TO DATE    0.0                                        T
  SINCE DEC 1      0.0                                        T
  SINCE JUL 1      0.2                                       0.3

DEGREE DAYS
 HEATING
  YESTERDAY       32                        27      5       33
  MONTH TO DATE  226                       254    -28      295
  SINCE DEC 1    226                       254    -28      295
  SINCE JUL 1   1157                      1083     74     1282
..................................................................


WIND (MPH)
  HIGHEST WIND SPEED    14   HIGHEST WIND DIRECTION    NW (330)
  HIGHEST GUST SPEED    18   HIGHEST GUST DIRECTION     N (360)
  AVERAGE WIND SPEED     3.1


SKY COVER
  POSSIBLE SUNSHINE  MM
  AVERAGE SKY COVER 0.0


WEATHER CONDITIONS
 THE FOLLOWING WEATHER WAS RECORDED YESTERDAY.
  NO SIGNIFICANT WEATHER WAS OBSERVED.


RELATIVE HUMIDITY (PERCENT)
 HIGHEST    88          1000 PM
 LOWEST     37           100 PM
 AVERAGE    63

..........................................................


THE FAYETTEVILLE ARKANSAS CLIMATE NORMALS FOR TODAY
                         NORMAL    RECORD    YEAR
 MAXIMUM TEMPERATURE (F)   49        73      1949
 MINIMUM TEMPERATURE (F)   28         9      2000
                                             1962


SUNRISE AND SUNSET
DECEMBER 11 2019......SUNRISE   717 AM CST   SUNSET   503 PM CST
DECEMBER 12 2019......SUNRISE   718 AM CST   SUNSET   503 PM CST


-  INDICATES NEGATIVE NUMBERS.
R  INDICATES RECORD WAS SET OR TIED.
MM INDICATES DATA IS MISSING.
T  INDICATES TRACE AMOUNT.




$$
