000
CDUS44 KTSA 202234
CLIFYV

CLIMATE REPORT
NATIONAL WEATHER SERVICE TULSA OK
417 PM CST SUN JAN 20 2019


...................................

...THE FAYETTEVILLE ARKANSAS CLIMATE SUMMARY FOR JANUARY 20 2019...
VALID TODAY AS OF 0400 PM LOCAL TIME.

CLIMATE NORMAL PERIOD 1981 TO 2010
CLIMATE RECORD PERIOD 1905 TO 2019


WEATHER ITEM   OBSERVED TIME   RECORD YEAR NORMAL DEPARTURE LAST
                VALUE   (LST)  VALUE       VALUE  FROM      YEAR
                                                  NORMAL
..................................................................
TEMPERATURE (F)
 TODAY
  MAXIMUM         39    259 PM  75    1986  46     -7       63
  MINIMUM         13    454 AM -12    1985  25    -12       45
  AVERAGE         26                        36    -10       54

PRECIPITATION (IN)
  TODAY            0.00                      0.09  -0.09     0.00
  MONTH TO DATE    3.03                      1.86   1.17     0.54
  SINCE DEC 1      6.69                      5.10   1.59     2.45
  SINCE JAN 1      3.03                      1.86   1.17     0.54

SNOWFALL (IN)
  TODAY            0.0                                       0.0
  MONTH TO DATE    0.4                                        T
  SINCE DEC 1      0.4                                       0.4
  SINCE JUL 1      0.7                                       0.4

DEGREE DAYS
 HEATING
  TODAY           39                        29     10       11
  MONTH TO DATE  523                       598    -75      710
  SINCE DEC 1   1300                      1452   -152     1546
  SINCE JUL 1   2287                      2281      6     2246
..................................................................


WIND (MPH)
  HIGHEST WIND SPEED    14   HIGHEST WIND DIRECTION     N (340)
  HIGHEST GUST SPEED    18   HIGHEST GUST DIRECTION     N (350)
  AVERAGE WIND SPEED     4.9


SKY COVER
  POSSIBLE SUNSHINE  MM
  AVERAGE SKY COVER 0.2


WEATHER CONDITIONS
 THE FOLLOWING WEATHER WAS RECORDED TODAY.
  NO SIGNIFICANT WEATHER WAS OBSERVED.


RELATIVE HUMIDITY (PERCENT)
 HIGHEST    92           500 AM
 LOWEST     50           400 PM
 AVERAGE    71

..........................................................


THE FAYETTEVILLE ARKANSAS CLIMATE NORMALS FOR TOMORROW
                         NORMAL    RECORD    YEAR
 MAXIMUM TEMPERATURE (F)   47        71      1957
 MINIMUM TEMPERATURE (F)   25        -4      1984


SUNRISE AND SUNSET
JANUARY 20 2019.......SUNRISE   725 AM CST   SUNSET   531 PM CST
JANUARY 21 2019.......SUNRISE   724 AM CST   SUNSET   532 PM CST


-  INDICATES NEGATIVE NUMBERS.
R  INDICATES RECORD WAS SET OR TIED.
MM INDICATES DATA IS MISSING.
T  INDICATES TRACE AMOUNT.




$$
