000
CDUS44 KTSA 252129
CLIFYV

CLIMATE REPORT
NATIONAL WEATHER SERVICE TULSA OK
417 PM CDT FRI MAY 25 2018


...................................

...THE FAYETTEVILLE ARKANSAS CLIMATE SUMMARY FOR MAY 25 2018...
VALID TODAY AS OF 0400 PM LOCAL TIME.

CLIMATE NORMAL PERIOD 1981 TO 2010
CLIMATE RECORD PERIOD 1905 TO 2018


WEATHER ITEM   OBSERVED TIME   RECORD YEAR NORMAL DEPARTURE LAST
                VALUE   (LST)  VALUE       VALUE  FROM      YEAR
                                                  NORMAL
..................................................................
TEMPERATURE (F)
 TODAY
  MAXIMUM         86    142 PM  91    2006  78      8       79
                                      1980
  MINIMUM         60    351 AM  40    2001  57      3       42
  AVERAGE         73                        67      6       61

PRECIPITATION (IN)
  TODAY            0.80                      0.19   0.61     0.00
  MONTH TO DATE    5.54                      4.94   0.60     4.67
  SINCE MAR 1     12.48                     13.46  -0.98    23.48
  SINCE JAN 1     22.10                     19.11   2.99    26.98

DEGREE DAYS
 COOLING
  TODAY            8                         4      4        0
  MONTH TO DATE  162                        58    104       33
  SINCE MAR 1    170                        86     84       65
  SINCE JAN 1    173                        86     87       70
..................................................................


WIND (MPH)
  HIGHEST WIND SPEED    20   HIGHEST WIND DIRECTION     W (280)
  HIGHEST GUST SPEED    24   HIGHEST GUST DIRECTION     W (280)
  AVERAGE WIND SPEED     5.4


SKY COVER
  POSSIBLE SUNSHINE  MM
  AVERAGE SKY COVER 0.2


WEATHER CONDITIONS
 THE FOLLOWING WEATHER WAS RECORDED TODAY.
  THUNDERSTORM
  RAIN
  FOG


RELATIVE HUMIDITY (PERCENT)
 HIGHEST   100          1200 AM
 LOWEST     59           100 PM
 AVERAGE    80

..........................................................


THE FAYETTEVILLE ARKANSAS CLIMATE NORMALS FOR TOMORROW
                         NORMAL    RECORD    YEAR
 MAXIMUM TEMPERATURE (F)   78        90      2012
                                             1953
 MINIMUM TEMPERATURE (F)   57        38      1988


SUNRISE AND SUNSET
MAY 25 2018...........SUNRISE   604 AM CDT   SUNSET   823 PM CDT
MAY 26 2018...........SUNRISE   604 AM CDT   SUNSET   824 PM CDT


-  INDICATES NEGATIVE NUMBERS.
R  INDICATES RECORD WAS SET OR TIED.
MM INDICATES DATA IS MISSING.
T  INDICATES TRACE AMOUNT.




$$
