000
CDUS43 KUNR 200834
CLIGCC


CLIMATE REPORT
NATIONAL WEATHER SERVICE RAPID CITY SD
133 AM MST TUE FEB 20 2018


...................................

...THE GILLETTE AIRPORT WY CLIMATE SUMMARY FOR FEBRUARY 19 2018...

CLIMATE NORMAL PERIOD 1981 TO 2010
CLIMATE RECORD PERIOD 9999 TO 9999


WEATHER ITEM   OBSERVED TIME   NORMAL DEPARTURE LAST
                VALUE   (LST)  VALUE  FROM      YEAR
                                      NORMAL
......................................................
TEMPERATURE (F)
 YESTERDAY
  MAXIMUM          2    231 PM  39    -37       61
  MINIMUM        -14   1159 PM  17    -31       41
  AVERAGE         -6            28    -34       51

PRECIPITATION (IN)
  YESTERDAY        0.15          0.02   0.13     0.00
  MONTH TO DATE    1.10          0.29   0.81     0.18
  SINCE DEC 1      2.50          1.08   1.42     1.57
  SINCE JAN 1      1.79          0.68   1.11     0.72

DEGREE DAYS
 HEATING
  YESTERDAY       71            37     34       14
  MONTH TO DATE  907           731    176      620
  SINCE DEC 1   3233          3211     22     3074
  SINCE JUL 1   5004          5086    -82     4467

 COOLING
  YESTERDAY        0             0      0        0
  MONTH TO DATE    0             0      0        0
  SINCE DEC 1      0             0      0        0
  SINCE JAN 1      0             0      0        0
......................................................


WIND (MPH)
  HIGHEST WIND SPEED    18   HIGHEST WIND DIRECTION     N (10)
  HIGHEST GUST SPEED    20   HIGHEST GUST DIRECTION     N (10)
  AVERAGE WIND SPEED    10.4


SKY COVER
  AVERAGE SKY COVER 1.0


WEATHER CONDITIONS
 THE FOLLOWING WEATHER WAS RECORDED YESTERDAY.
  SNOW
  LIGHT SNOW
  FOG
  HAZE


RELATIVE HUMIDITY (PERCENT)
 HIGHEST    87          1200 AM
 LOWEST     71           700 PM
 AVERAGE    79

..........................................................




SUNRISE AND SUNSET
FEBRUARY 20 2018......SUNRISE   654 AM MST   SUNSET   538 PM MST
FEBRUARY 21 2018......SUNRISE   652 AM MST   SUNSET   540 PM MST


-  INDICATES NEGATIVE NUMBERS.
R  INDICATES RECORD WAS SET OR TIED.
MM INDICATES DATA IS MISSING.
T  INDICATES TRACE AMOUNT.




$$
