000
CDUS43 KUNR 210832
CLIGCC


CLIMATE REPORT
NATIONAL WEATHER SERVICE RAPID CITY SD
131 AM MST THU FEB 21 2019


...................................

...THE GILLETTE AIRPORT WY CLIMATE SUMMARY FOR FEBRUARY 20 2019...

CLIMATE NORMAL PERIOD 1981 TO 2010
CLIMATE RECORD PERIOD 9999 TO 9999


WEATHER ITEM   OBSERVED TIME   NORMAL DEPARTURE LAST
                VALUE   (LST)  VALUE  FROM      YEAR
                                      NORMAL
......................................................
TEMPERATURE (F)
 YESTERDAY
  MAXIMUM         26    311 PM  39    -13        5
  MINIMUM         -4   1204 AM  17    -21      -16
  AVERAGE         11            28    -17       -5

PRECIPITATION (IN)
  YESTERDAY        0.00          0.01  -0.01     0.00
  MONTH TO DATE    0.22          0.30  -0.08     1.10
  SINCE DEC 1      1.20          1.09   0.11     2.50
  SINCE JAN 1      0.56          0.69  -0.13     1.79

DEGREE DAYS
 HEATING
  YESTERDAY       54            37     17       70
  MONTH TO DATE 1047           768    279      977
  SINCE DEC 1   3369          3248    121     3303
  SINCE JUL 1   5265          5123    142     5074

 COOLING
  YESTERDAY        0             0      0        0
  MONTH TO DATE    0             0      0        0
  SINCE DEC 1      0             0      0        0
  SINCE JAN 1      0             0      0        0
......................................................


WIND (MPH)
  HIGHEST WIND SPEED    17   HIGHEST WIND DIRECTION     W (250)
  HIGHEST GUST SPEED    25   HIGHEST GUST DIRECTION     W (280)
  AVERAGE WIND SPEED     7.9


SKY COVER
  AVERAGE SKY COVER 0.1


WEATHER CONDITIONS
 THE FOLLOWING WEATHER WAS RECORDED YESTERDAY.
  NO SIGNIFICANT WEATHER WAS OBSERVED.


RELATIVE HUMIDITY (PERCENT)
 HIGHEST    87           300 AM
 LOWEST     46           100 PM
 AVERAGE    67

..........................................................




SUNRISE AND SUNSET
FEBRUARY 21 2019......SUNRISE   653 AM MST   SUNSET   539 PM MST
FEBRUARY 22 2019......SUNRISE   651 AM MST   SUNSET   541 PM MST


-  INDICATES NEGATIVE NUMBERS.
R  INDICATES RECORD WAS SET OR TIED.
MM INDICATES DATA IS MISSING.
T  INDICATES TRACE AMOUNT.




$$
