000
CDUS43 KUNR 220916
CLIGCC

CLIMATE REPORT
NATIONAL WEATHER SERVICE
316 AM MDT THU OCT 22 2020

...................................

...THE GILLETTE AIRPORT WY CLIMATE SUMMARY FOR OCTOBER 21 2020...

CLIMATE NORMAL PERIOD 1981 TO 2010
CLIMATE RECORD PERIOD 9999 TO 9999


WEATHER ITEM   OBSERVED TIME   NORMAL DEPARTURE LAST
                VALUE   (LST)  VALUE  FROM      YEAR
                                      NORMAL
.......................................................
TEMPERATURE (F)
 YESTERDAY
  MAXIMUM         41    240 PM  57    -16       44
  MINIMUM         33   1049 PM  30      3       24
  AVERAGE         37            44     -7       34

PRECIPITATION (IN)
  YESTERDAY        0.00          0.03  -0.03     0.00
  MONTH TO DATE    1.05          0.99   0.06     0.82
  SINCE SEP 1      1.81          2.18  -0.37     2.13
  SINCE JAN 1      9.46         12.66  -3.20    16.34

DEGREE DAYS
 HEATING
  YESTERDAY       28            22      6       31
  MONTH TO DATE  338           380    -42      484
  SINCE SEP 1    529           618    -89      665
  SINCE JUL 1    551           675   -124      714

 COOLING
  YESTERDAY        0             0      0        0
  MONTH TO DATE    4             0      4        0
  SINCE SEP 1     61            40     21       65
  SINCE JAN 1    666           500    166      375
.......................................................


WIND (MPH)
  HIGHEST WIND SPEED    14   HIGHEST WIND DIRECTION     N (350)
  HIGHEST GUST SPEED    17   HIGHEST GUST DIRECTION     N (350)
  AVERAGE WIND SPEED     6.5


SKY COVER
  AVERAGE SKY COVER 1.0


WEATHER CONDITIONS
THE FOLLOWING WEATHER WAS RECORDED YESTERDAY.
  FOG


RELATIVE HUMIDITY (PERCENT)
 HIGHEST    96           800 PM
 LOWEST     79          1200 PM
 AVERAGE    88

..........................................................



SUNRISE AND SUNSET
OCTOBER 22 2020.......SUNRISE   727 AM MDT   SUNSET   605 PM MDT
OCTOBER 23 2020.......SUNRISE   728 AM MDT   SUNSET   604 PM MDT


-  INDICATES NEGATIVE NUMBERS.
R  INDICATES RECORD WAS SET OR TIED.
MM INDICATES DATA IS MISSING.
T  INDICATES TRACE AMOUNT.




$$
