000
CDUS43 KUNR 180854
CLIGCC


CLIMATE REPORT
NATIONAL WEATHER SERVICE RAPID CITY SD
153 AM MST SUN NOV 18 2018


...................................

...THE GILLETTE AIRPORT WY CLIMATE SUMMARY FOR NOVEMBER 17 2018...

CLIMATE NORMAL PERIOD 1981 TO 2010
CLIMATE RECORD PERIOD 9999 TO 9999


WEATHER ITEM   OBSERVED TIME   NORMAL DEPARTURE LAST
                VALUE   (LST)  VALUE  FROM      YEAR
                                      NORMAL
......................................................
TEMPERATURE (F)
 YESTERDAY
  MAXIMUM         23    235 PM  44    -21       39
  MINIMUM         14    641 AM  20     -6       30
  AVERAGE         19            32    -13       35

PRECIPITATION (IN)
  YESTERDAY        T             0.02  -0.02     0.06
  MONTH TO DATE    0.46          0.35   0.11     0.41
  SINCE SEP 1      2.59          2.81  -0.22     3.11
  SINCE JAN 1     17.65         13.29   4.36    13.26

DEGREE DAYS
 HEATING
  YESTERDAY       46            33     13       30
  MONTH TO DATE  585           495     90      539
  SINCE SEP 1   1446          1347     99     1430
  SINCE JUL 1   1510          1404    106     1465

 COOLING
  YESTERDAY        0             0      0        0
  MONTH TO DATE    0             0      0        0
  SINCE SEP 1     43            42      1       65
  SINCE JAN 1    494           502     -8      617
......................................................


WIND (MPH)
  HIGHEST WIND SPEED    16   HIGHEST WIND DIRECTION     N (10)
  HIGHEST GUST SPEED    22   HIGHEST GUST DIRECTION     S (180)
  AVERAGE WIND SPEED     8.1


SKY COVER
  AVERAGE SKY COVER 0.6


WEATHER CONDITIONS
 THE FOLLOWING WEATHER WAS RECORDED YESTERDAY.
  LIGHT SNOW
  FOG


RELATIVE HUMIDITY (PERCENT)
 HIGHEST   100          1200 AM
 LOWEST     74          1000 PM
 AVERAGE    87

..........................................................




SUNRISE AND SUNSET
NOVEMBER 18 2018......SUNRISE   702 AM MST   SUNSET   432 PM MST
NOVEMBER 19 2018......SUNRISE   703 AM MST   SUNSET   431 PM MST


-  INDICATES NEGATIVE NUMBERS.
R  INDICATES RECORD WAS SET OR TIED.
MM INDICATES DATA IS MISSING.
T  INDICATES TRACE AMOUNT.




$$
