000
CDUS43 KUNR 230851
CLIGCC


CLIMATE REPORT
NATIONAL WEATHER SERVICE RAPID CITY SD
248 AM MDT WED MAY 23 2018


...................................

...THE GILLETTE AIRPORT WY CLIMATE SUMMARY FOR MAY 22 2018...

CLIMATE NORMAL PERIOD 1981 TO 2010
CLIMATE RECORD PERIOD 9999 TO 9999


WEATHER ITEM   OBSERVED TIME   NORMAL DEPARTURE LAST
                VALUE   (LST)  VALUE  FROM      YEAR
                                      NORMAL
......................................................
TEMPERATURE (F)
 YESTERDAY
  MAXIMUM         78    243 PM  68     10       57
  MINIMUM         44    430 AM  42      2       41
  AVERAGE         61            55      6       49

PRECIPITATION (IN)
  YESTERDAY        0.01          0.09  -0.08     0.26
  MONTH TO DATE    0.67          1.69  -1.02     1.22
  SINCE MAR 1      3.55          4.12  -0.57     6.32
  SINCE JAN 1      5.34          4.90   0.44     7.16

DEGREE DAYS
 HEATING
  YESTERDAY        4            11     -7       16
  MONTH TO DATE  226           301    -75      277
  SINCE MAR 1   1836          1909    -73     1630
  SINCE JUL 1   7320          7317      3     6387

 COOLING
  YESTERDAY        0             0      0        0
  MONTH TO DATE    1             0      1        4
  SINCE MAR 1      1             0      1        4
  SINCE JAN 1      1             0      1        4
......................................................


WIND (MPH)
  HIGHEST WIND SPEED    30   HIGHEST WIND DIRECTION    SE (130)
  HIGHEST GUST SPEED    37   HIGHEST GUST DIRECTION    SE (130)
  AVERAGE WIND SPEED     8.3


SKY COVER
  AVERAGE SKY COVER 0.2


WEATHER CONDITIONS
 THE FOLLOWING WEATHER WAS RECORDED YESTERDAY.
  THUNDERSTORM
  LIGHT RAIN
  FOG


RELATIVE HUMIDITY (PERCENT)
 HIGHEST   100           500 AM
 LOWEST     36           100 PM
 AVERAGE    68

..........................................................




SUNRISE AND SUNSET
MAY 23 2018...........SUNRISE   527 AM MDT   SUNSET   831 PM MDT
MAY 24 2018...........SUNRISE   526 AM MDT   SUNSET   832 PM MDT


-  INDICATES NEGATIVE NUMBERS.
R  INDICATES RECORD WAS SET OR TIED.
MM INDICATES DATA IS MISSING.
T  INDICATES TRACE AMOUNT.




$$
