819
CDUS43 KUNR 190831
CLIGCC


CLIMATE REPORT
NATIONAL WEATHER SERVICE RAPID CITY SD
231 AM MDT SUN AUG 19 2018


...................................

...THE GILLETTE AIRPORT WY CLIMATE SUMMARY FOR AUGUST 18 2018...

CLIMATE NORMAL PERIOD 1981 TO 2010
CLIMATE RECORD PERIOD 9999 TO 9999


WEATHER ITEM   OBSERVED TIME   NORMAL DEPARTURE LAST
                VALUE   (LST)  VALUE  FROM      YEAR
                                      NORMAL
......................................................
TEMPERATURE (F)
 YESTERDAY
  MAXIMUM         73    901 AM  86    -13       88
  MINIMUM         55    542 AM  53      2       56
  AVERAGE         64            69     -5       72

PRECIPITATION (IN)
  YESTERDAY        0.25          0.02   0.23     0.00
  MONTH TO DATE    1.64          0.61   1.03     0.34
  SINCE JUN 1      7.91          4.48   3.43     2.88
  SINCE JAN 1     14.52         10.14   4.38    10.07

DEGREE DAYS
 HEATING
  YESTERDAY        1             1      0        0
  MONTH TO DATE    7            15     -8       33
  SINCE JUN 1     98           176    -78      123
  SINCE JUL 1     14            34    -20       33

 COOLING
  YESTERDAY        0             6     -6        7
  MONTH TO DATE  113           123    -10       47
  SINCE JUN 1    413           397     16      459
  SINCE JAN 1    430           405     25      463
......................................................


WIND (MPH)
  HIGHEST WIND SPEED    26   HIGHEST WIND DIRECTION    NW (300)
  HIGHEST GUST SPEED    32   HIGHEST GUST DIRECTION    NW (310)
  AVERAGE WIND SPEED     8.7


SKY COVER
  AVERAGE SKY COVER 0.4


WEATHER CONDITIONS
 THE FOLLOWING WEATHER WAS RECORDED YESTERDAY.
  THUNDERSTORM
  HEAVY RAIN
  RAIN
  LIGHT RAIN
  FOG


RELATIVE HUMIDITY (PERCENT)
 HIGHEST   100           600 AM
 LOWEST     55          1000 AM
 AVERAGE    78

..........................................................




SUNRISE AND SUNSET
AUGUST 19 2018........SUNRISE   610 AM MDT   SUNSET   801 PM MDT
AUGUST 20 2018........SUNRISE   611 AM MDT   SUNSET   759 PM MDT


-  INDICATES NEGATIVE NUMBERS.
R  INDICATES RECORD WAS SET OR TIED.
MM INDICATES DATA IS MISSING.
T  INDICATES TRACE AMOUNT.




$$
