000
CDUS43 KUNR 030831
CLIGCC


CLIMATE REPORT
NATIONAL WEATHER SERVICE RAPID CITY SD
230 AM MDT WED JUN 3 2020


...................................

...THE GILLETTE AIRPORT WY CLIMATE SUMMARY FOR JUNE 2 2020...

CLIMATE NORMAL PERIOD 1981 TO 2010
CLIMATE RECORD PERIOD 9999 TO 9999


WEATHER ITEM   OBSERVED TIME   NORMAL DEPARTURE LAST
                VALUE   (LST)  VALUE  FROM      YEAR
                                      NORMAL
......................................................
TEMPERATURE (F)
 YESTERDAY
  MAXIMUM         77    314 PM  71      6       79
  MINIMUM         54    254 AM  44     10       51
  AVERAGE         66            58      8       65

PRECIPITATION (IN)
  YESTERDAY        0.00          0.10  -0.10     0.00
  MONTH TO DATE    0.00          0.20  -0.20     0.00
  SINCE JUN 1      0.00          0.20  -0.20     0.00
  SINCE JAN 1      4.33          5.86  -1.53     8.47

DEGREE DAYS
 HEATING
  YESTERDAY        0             8     -8        0
  MONTH TO DATE    0            16    -16        8
  SINCE JUN 1      0            16    -16        8
  SINCE JUL 1   7421          7418      3     8029

 COOLING
  YESTERDAY        1             1      0        0
  MONTH TO DATE   10             2      8        0
  SINCE JUN 1     10             2      8        0
  SINCE JAN 1     30            10     20        0
......................................................


WIND (MPH)
  HIGHEST WIND SPEED    18   HIGHEST WIND DIRECTION     N (350)
  HIGHEST GUST SPEED    24   HIGHEST GUST DIRECTION     N (340)
  AVERAGE WIND SPEED     8.7


SKY COVER
  AVERAGE SKY COVER 0.0


WEATHER CONDITIONS
 THE FOLLOWING WEATHER WAS RECORDED YESTERDAY.
  NO SIGNIFICANT WEATHER WAS OBSERVED.


RELATIVE HUMIDITY (PERCENT)
 HIGHEST    86          1200 AM
 LOWEST     41           200 PM
 AVERAGE    64

..........................................................




SUNRISE AND SUNSET
JUNE  3 2020..........SUNRISE   520 AM MDT   SUNSET   841 PM MDT
JUNE  4 2020..........SUNRISE   519 AM MDT   SUNSET   842 PM MDT


-  INDICATES NEGATIVE NUMBERS.
R  INDICATES RECORD WAS SET OR TIED.
MM INDICATES DATA IS MISSING.
T  INDICATES TRACE AMOUNT.




$$
