557
CDUS43 KDDC 250705
CLIGCK


CLIMATE REPORT
NATIONAL WEATHER SERVICE DODGE CITY KS
205 AM CDT TUE SEP 25 2018


...................................

...THE GARDEN CITY REGIONAL ARPT KS CLIMATE SUMMARY FOR SEPTEMBER 24 2018...

CLIMATE NORMAL PERIOD 1981 TO 2010
CLIMATE RECORD PERIOD 1948 TO 2018


WEATHER ITEM   OBSERVED TIME   RECORD YEAR NORMAL DEPARTURE LAST
                VALUE   (LST)  VALUE       VALUE  FROM      YEAR
                                                  NORMAL
..................................................................
TEMPERATURE (F)
 YESTERDAY
  MAXIMUM         81    432 PM  96    1966  79      2       77
  MINIMUM         56    725 AM  33    1989  51      5       60
  AVERAGE         69                        64      5       69

PRECIPITATION (IN)
  YESTERDAY        0.00          1.22 2017   0.04  -0.04     1.22
  MONTH TO DATE    1.30                      1.21   0.09     2.60
  SINCE SEP 1      1.30                      1.21   0.09     2.60
  SINCE JAN 1     20.20                     16.86   3.34    17.42

DEGREE DAYS
 HEATING
  YESTERDAY        0                         4     -4
  MONTH TO DATE    7                        40    -33
  SINCE SEP 1      7                        40    -33
  SINCE JUL 1      9                        44    -35

 COOLING
  YESTERDAY        4                         3      1
  MONTH TO DATE  166                       147     19
  SINCE SEP 1    166                       147     19
  SINCE JAN 1   1441                      1263    178
..................................................................


WIND (MPH)
  HIGHEST WIND SPEED    21   HIGHEST WIND DIRECTION     S (180)
  HIGHEST GUST SPEED    26   HIGHEST GUST DIRECTION     S (190)
  AVERAGE WIND SPEED     9.4



WEATHER CONDITIONS
 THE FOLLOWING WEATHER WAS RECORDED YESTERDAY.
  FOG
  HAZE


RELATIVE HUMIDITY (PERCENT)
 HIGHEST   100           300 AM
 LOWEST     28           300 PM
 AVERAGE    64

..........................................................


THE GARDEN CITY REGIONAL ARPT KS CLIMATE NORMALS FOR TODAY
                         NORMAL    RECORD    YEAR
 MAXIMUM TEMPERATURE (F)   78        96      1990
 MINIMUM TEMPERATURE (F)   50        32      1961


SUNRISE AND SUNSET
SEPTEMBER 25 2018.....SUNRISE   733 AM CDT   SUNSET   735 PM CDT
SEPTEMBER 26 2018.....SUNRISE   734 AM CDT   SUNSET   733 PM CDT


-  INDICATES NEGATIVE NUMBERS.
R  INDICATES RECORD WAS SET OR TIED.
MM INDICATES DATA IS MISSING.
T  INDICATES TRACE AMOUNT.




$$
