000
CDUS43 KDDC 251433
CLIGCK


CLIMATE REPORT
NATIONAL WEATHER SERVICE DODGE CITY KS
933 AM CDT SUN OCT 25 2020


...................................

...THE GARDEN CITY REGIONAL ARPT KS CLIMATE SUMMARY FOR OCTOBER 25 2020...
VALID AS OF 0900 AM LOCAL TIME.

CLIMATE NORMAL PERIOD 1981 TO 2010
CLIMATE RECORD PERIOD 1948 TO 2020


WEATHER ITEM   OBSERVED TIME   RECORD YEAR NORMAL DEPARTURE LAST
                VALUE   (LST)  VALUE       VALUE  FROM      YEAR
                                                  NORMAL
..................................................................
TEMPERATURE (F)
 TODAY
  MAXIMUM         30    759 AM  91    1952  66    -36       57
  MINIMUM         29    641 AM  15    2019  38     -9       15
  AVERAGE         30                        52    -22       36

PRECIPITATION (IN)
  TODAY            T             0.41 2009   0.03  -0.03     0.00
  MONTH TO DATE    T                         1.10  -1.10     0.64
  SINCE SEP 1      1.00                      2.57  -1.57     0.88
  SINCE JAN 1     11.91                     18.22  -6.31    12.88

..................................................................


WIND (MPH)
  HIGHEST WIND SPEED    18   HIGHEST WIND DIRECTION     E (70)
  HIGHEST GUST SPEED    22   HIGHEST GUST DIRECTION     E (70)



WEATHER CONDITIONS
 THE FOLLOWING WEATHER WAS RECORDED TODAY.
  LT FREEZING RAIN
  FOG


RELATIVE HUMIDITY (PERCENT)
 HIGHEST   100           600 AM
 LOWEST     85          1200 AM

..........................................................


THE GARDEN CITY REGIONAL ARPT KS CLIMATE NORMALS FOR TOMORROW
                         NORMAL    RECORD    YEAR
 MAXIMUM TEMPERATURE (F)   66        88      2014
                                             1990
 MINIMUM TEMPERATURE (F)   37        22      2012
                                             2003


SUNRISE AND SUNSET
OCTOBER 25 2020.......SUNRISE   802 AM CDT   SUNSET   651 PM CDT
OCTOBER 26 2020.......SUNRISE   803 AM CDT   SUNSET   650 PM CDT


-  INDICATES NEGATIVE NUMBERS.
R  INDICATES RECORD WAS SET OR TIED.
MM INDICATES DATA IS MISSING.
T  INDICATES TRACE AMOUNT.




$$
