000
CDUS43 KDDC 300705
CLIGCK


CLIMATE REPORT
NATIONAL WEATHER SERVICE DODGE CITY KS
205 AM CDT MON MAR 30 2020


...................................

...THE GARDEN CITY REGIONAL ARPT KS CLIMATE SUMMARY FOR MARCH 29 2020...

CLIMATE NORMAL PERIOD 1981 TO 2010
CLIMATE RECORD PERIOD 1948 TO 2020


WEATHER ITEM   OBSERVED TIME   RECORD YEAR NORMAL DEPARTURE LAST
                VALUE   (LST)  VALUE       VALUE  FROM      YEAR
                                                  NORMAL
..................................................................
TEMPERATURE (F)
 YESTERDAY
  MAXIMUM         65    436 PM  85    1986  62      3       42
  MINIMUM         27    623 AM   7    1987  33     -6       32
  AVERAGE         46                        47     -1       37

PRECIPITATION (IN)
  YESTERDAY        0.00          0.81 2017   0.06  -0.06     0.02
  MONTH TO DATE    0.16                      1.34  -1.18     1.61
  SINCE MAR 1      0.16                      1.34  -1.18     1.61
  SINCE JAN 1      0.89                      2.22  -1.33     2.36

DEGREE DAYS
 HEATING
  YESTERDAY       19                        18      1
  MONTH TO DATE  542                       629    -87
  SINCE MAR 1    542                       629    -87
  SINCE JUL 1   4564                      4653    -89

 COOLING
  YESTERDAY        0                         0      0
  MONTH TO DATE    0                         0      0
  SINCE MAR 1      0                         0      0
  SINCE JAN 1      0                         0      0
..................................................................


WIND (MPH)
  HIGHEST WIND SPEED    23   HIGHEST WIND DIRECTION     S (190)
  HIGHEST GUST SPEED    30   HIGHEST GUST DIRECTION     S (190)
  AVERAGE WIND SPEED    12.7



WEATHER CONDITIONS
 THE FOLLOWING WEATHER WAS RECORDED YESTERDAY.
  NO SIGNIFICANT WEATHER WAS OBSERVED.


RELATIVE HUMIDITY (PERCENT)
 HIGHEST    85          1200 AM
 LOWEST     18           300 PM
 AVERAGE    52

..........................................................


THE GARDEN CITY REGIONAL ARPT KS CLIMATE NORMALS FOR TODAY
                         NORMAL    RECORD    YEAR
 MAXIMUM TEMPERATURE (F)   62        89      1986
 MINIMUM TEMPERATURE (F)   33         2      1987


SUNRISE AND SUNSET
MARCH 30 2020.........SUNRISE   730 AM CDT   SUNSET   805 PM CDT
MARCH 31 2020.........SUNRISE   729 AM CDT   SUNSET   806 PM CDT


-  INDICATES NEGATIVE NUMBERS.
R  INDICATES RECORD WAS SET OR TIED.
MM INDICATES DATA IS MISSING.
T  INDICATES TRACE AMOUNT.




$$
