000
CDUS43 KDDC 160716
CLIGCK


CLIMATE REPORT
NATIONAL WEATHER SERVICE DODGE CITY KS
115 AM CST SUN DEC 16 2018


...................................

...THE GARDEN CITY REGIONAL ARPT KS CLIMATE SUMMARY FOR DECEMBER 15 2018...

CLIMATE NORMAL PERIOD 1981 TO 2010
CLIMATE RECORD PERIOD 1948 TO 2018


WEATHER ITEM   OBSERVED TIME   RECORD YEAR NORMAL DEPARTURE LAST
                VALUE   (LST)  VALUE       VALUE  FROM      YEAR
                                                  NORMAL
..................................................................
TEMPERATURE (F)
 YESTERDAY
  MAXIMUM         58    343 PM  71    1977  44     14       56
  MINIMUM         14    801 AM  -4    1989  19     -5       12
  AVERAGE         36                        31      5       34

PRECIPITATION (IN)
  YESTERDAY        0.00          0.52 1984   0.02  -0.02     0.00
  MONTH TO DATE    T                         0.26  -0.26     0.00
  SINCE DEC 1      T                         0.26  -0.26     0.00
  SINCE JAN 1     23.47                     19.21   4.26    20.57

DEGREE DAYS
 HEATING
  YESTERDAY       29                        34     -5
  MONTH TO DATE  492                       484      8
  SINCE DEC 1    492                       484      8
  SINCE JUL 1   1791                      1573    218

 COOLING
  YESTERDAY        0                         0      0
  MONTH TO DATE    0                         0      0
  SINCE DEC 1      0                         0      0
  SINCE JAN 1   1462                      1298    164
..................................................................


WIND (MPH)
  HIGHEST WIND SPEED    20   HIGHEST WIND DIRECTION    SE (140)
  HIGHEST GUST SPEED    24   HIGHEST GUST DIRECTION    SE (140)
  AVERAGE WIND SPEED     9.8



WEATHER CONDITIONS
 THE FOLLOWING WEATHER WAS RECORDED YESTERDAY.
  NO SIGNIFICANT WEATHER WAS OBSERVED.


RELATIVE HUMIDITY (PERCENT)
 HIGHEST    80           800 AM
 LOWEST     15           200 PM
 AVERAGE    48

..........................................................


THE GARDEN CITY REGIONAL ARPT KS CLIMATE NORMALS FOR TODAY
                         NORMAL    RECORD    YEAR
 MAXIMUM TEMPERATURE (F)   44        69      1980
 MINIMUM TEMPERATURE (F)   18        -3      1972


SUNRISE AND SUNSET
DECEMBER 16 2018......SUNRISE   752 AM CST   SUNSET   525 PM CST
DECEMBER 17 2018......SUNRISE   753 AM CST   SUNSET   525 PM CST


-  INDICATES NEGATIVE NUMBERS.
R  INDICATES RECORD WAS SET OR TIED.
MM INDICATES DATA IS MISSING.
T  INDICATES TRACE AMOUNT.




$$
