431
CDUS43 KDDC 210705
CLIGCK


CLIMATE REPORT
NATIONAL WEATHER SERVICE DODGE CITY KS
205 AM CDT THU JUN 21 2018


...................................

...THE GARDEN CITY REGIONAL ARPT KS CLIMATE SUMMARY FOR JUNE 20 2018...

CLIMATE NORMAL PERIOD 1981 TO 2010
CLIMATE RECORD PERIOD 1948 TO 2018


WEATHER ITEM   OBSERVED TIME   RECORD YEAR NORMAL DEPARTURE LAST
                VALUE   (LST)  VALUE       VALUE  FROM      YEAR
                                                  NORMAL
..................................................................
TEMPERATURE (F)
 YESTERDAY
  MAXIMUM         84    426 PM 108    1988  88     -4       98
  MINIMUM         61    647 AM  47    1973  61      0       63
  AVERAGE         73                        74     -1       81

PRECIPITATION (IN)
  YESTERDAY        0.46          2.75 2009   0.11   0.35     0.06
  MONTH TO DATE    1.24                      2.31  -1.07     0.44
  SINCE JUN 1      1.24                      2.31  -1.07     0.44
  SINCE JAN 1      4.61                      9.25  -4.64     8.75

DEGREE DAYS
 HEATING
  YESTERDAY        0                         0      0
  MONTH TO DATE    0                        14    -14
  SINCE JUN 1      0                        14    -14
  SINCE JUL 1   4989                      5205   -216

 COOLING
  YESTERDAY        8                        10     -2
  MONTH TO DATE  270                       144    126
  SINCE JUN 1    270                       144    126
  SINCE JAN 1    459                       233    226
..................................................................


WIND (MPH)
  HIGHEST WIND SPEED    22   HIGHEST WIND DIRECTION     N (20)
  HIGHEST GUST SPEED    27   HIGHEST GUST DIRECTION     N (20)
  AVERAGE WIND SPEED    10.7



WEATHER CONDITIONS
 THE FOLLOWING WEATHER WAS RECORDED YESTERDAY.
  THUNDERSTORM
  HEAVY RAIN
  RAIN
  LIGHT RAIN
  FOG


RELATIVE HUMIDITY (PERCENT)
 HIGHEST   100           300 AM
 LOWEST     40           300 PM
 AVERAGE    70

..........................................................


THE GARDEN CITY REGIONAL ARPT KS CLIMATE NORMALS FOR TODAY
                         NORMAL    RECORD    YEAR
 MAXIMUM TEMPERATURE (F)   88       107      1974
 MINIMUM TEMPERATURE (F)   61        49      1970


SUNRISE AND SUNSET
JUNE 21 2018..........SUNRISE   621 AM CDT   SUNSET   909 PM CDT
JUNE 22 2018..........SUNRISE   621 AM CDT   SUNSET   909 PM CDT


-  INDICATES NEGATIVE NUMBERS.
R  INDICATES RECORD WAS SET OR TIED.
MM INDICATES DATA IS MISSING.
T  INDICATES TRACE AMOUNT.




$$
