000
CDUS43 KDDC 221432
CLIGCK


CLIMATE REPORT
NATIONAL WEATHER SERVICE DODGE CITY KS
932 AM CDT TUE OCT 22 2019


...................................

...THE GARDEN CITY REGIONAL ARPT KS CLIMATE SUMMARY FOR OCTOBER 22 2019...
VALID AS OF 0900 AM LOCAL TIME.

CLIMATE NORMAL PERIOD 1981 TO 2010
CLIMATE RECORD PERIOD 1948 TO 2019


WEATHER ITEM   OBSERVED TIME   RECORD YEAR NORMAL DEPARTURE LAST
                VALUE   (LST)  VALUE       VALUE  FROM      YEAR
                                                  NORMAL
..................................................................
TEMPERATURE (F)
 TODAY
  MAXIMUM         41    759 AM  87    2016  67    -26       74
                                      1991
                                      2003
  MINIMUM         29    456 AM  25    1949  39    -10       37
  AVERAGE         35                        53    -18       56

PRECIPITATION (IN)
  TODAY            0.00          1.58 2015   0.04  -0.04     0.00
  MONTH TO DATE    0.64                      0.99  -0.35     2.97
  SINCE SEP 1      0.88                      2.46  -1.58     4.28
  SINCE JAN 1     12.88                     18.11  -5.23    23.18

..................................................................


WIND (MPH)
  HIGHEST WIND SPEED    13   HIGHEST WIND DIRECTION    NW (300)
  HIGHEST GUST SPEED    17   HIGHEST GUST DIRECTION    NW (300)



WEATHER CONDITIONS
 THE FOLLOWING WEATHER WAS RECORDED TODAY.
  NO SIGNIFICANT WEATHER WAS OBSERVED.


RELATIVE HUMIDITY (PERCENT)
 HIGHEST    70           700 AM
 LOWEST     55           800 AM

..........................................................


THE GARDEN CITY REGIONAL ARPT KS CLIMATE NORMALS FOR TOMORROW
                         NORMAL    RECORD    YEAR
 MAXIMUM TEMPERATURE (F)   67        91      2003
 MINIMUM TEMPERATURE (F)   38        26      1995


SUNRISE AND SUNSET
OCTOBER 22 2019.......SUNRISE   758 AM CDT   SUNSET   656 PM CDT
OCTOBER 23 2019.......SUNRISE   759 AM CDT   SUNSET   655 PM CDT


-  INDICATES NEGATIVE NUMBERS.
R  INDICATES RECORD WAS SET OR TIED.
MM INDICATES DATA IS MISSING.
T  INDICATES TRACE AMOUNT.




$$
