662
CDUS41 KPHI 160552
CLIGED


CLIMATE REPORT
NATIONAL WEATHER SERVICE MOUNT HOLLY NJ
1252 AM EST WED JAN 16 2019


...................................

...THE GEORGETOWN DE CLIMATE SUMMARY FOR JANUARY 15 2019...

CLIMATE NORMAL PERIOD 1981 TO 2010
CLIMATE RECORD PERIOD 1948 TO 2019


WEATHER ITEM   OBSERVED TIME   RECORD YEAR NORMAL DEPARTURE LAST
                VALUE   (LST)  VALUE       VALUE  FROM      YEAR
                                                  NORMAL
..................................................................
TEMPERATURE (F)
 YESTERDAY
  MAXIMUM         41    118 PM  70    1995  43     -2       34
  MINIMUM         18    341 AM   2    1988  26     -8       15
                                      1957
  AVERAGE         30                        35     -5       25

PRECIPITATION (IN)
  YESTERDAY        0.00          1.59 1999   0.10  -0.10      T
  MONTH TO DATE    0.75                      1.43  -0.68     1.19
  SINCE DEC 1      4.22                      4.72  -0.50     2.15
  SINCE JAN 1      0.75                      1.43  -0.68     1.19

DEGREE DAYS
 HEATING
  YESTERDAY       35                        30      5       40
  MONTH TO DATE  371                       447    -76      552
  SINCE DEC 1   1003                      1245   -242     1406
  SINCE JUL 1   1710                      2029   -319     2023

 COOLING
  YESTERDAY        0                         0      0        0
  MONTH TO DATE    0                         0      0        0
  SINCE DEC 1      0                         0      0        0
  SINCE JAN 1      0                         0      0        0
..................................................................


WIND (MPH)
  HIGHEST WIND SPEED    10   HIGHEST WIND DIRECTION     W (280)
  HIGHEST GUST SPEED    14   HIGHEST GUST DIRECTION     W (280)
  AVERAGE WIND SPEED     2.2


SKY COVER
  POSSIBLE SUNSHINE  MM
  AVERAGE SKY COVER 0.0


WEATHER CONDITIONS
 THE FOLLOWING WEATHER WAS RECORDED YESTERDAY.
  FOG
  HAZE


RELATIVE HUMIDITY (PERCENT)
 HIGHEST    84           200 AM
 LOWEST     44           100 PM
 AVERAGE    64

..........................................................


THE GEORGETOWN DE CLIMATE NORMALS FOR TODAY
                         NORMAL    RECORD    YEAR
 MAXIMUM TEMPERATURE (F)   43        70      1995
                                             1953
 MINIMUM TEMPERATURE (F)   26         1      1982


SUNRISE AND SUNSET
JANUARY 16 2019.......SUNRISE   718 AM EST   SUNSET   505 PM EST
JANUARY 17 2019.......SUNRISE   717 AM EST   SUNSET   506 PM EST


-  INDICATES NEGATIVE NUMBERS.
R  INDICATES RECORD WAS SET OR TIED.
MM INDICATES DATA IS MISSING.
T  INDICATES TRACE AMOUNT.




$$
