000
CDUS41 KPHI 140556
CLIGED


CLIMATE REPORT
NATIONAL WEATHER SERVICE MOUNT HOLLY NJ
154 AM EDT MON OCT 14 2019


...................................

...THE GEORGETOWN DE CLIMATE SUMMARY FOR OCTOBER 13 2019...

CLIMATE NORMAL PERIOD 1981 TO 2010
CLIMATE RECORD PERIOD 1948 TO 2019


WEATHER ITEM   OBSERVED TIME   RECORD YEAR NORMAL DEPARTURE LAST
                VALUE   (LST)  VALUE       VALUE  FROM      YEAR
                                                  NORMAL
..................................................................
TEMPERATURE (F)
 YESTERDAY
  MAXIMUM         68    249 PM  89    1954  69     -1       62
  MINIMUM         55    718 AM  29    1957  48      7       45
  AVERAGE         62                        59      3       54

PRECIPITATION (IN)
  YESTERDAY        0.15          0.36 2005   0.12   0.03      T
  MONTH TO DATE    0.19                      1.52  -1.33     4.12
  SINCE SEP 1      1.50                      5.65  -4.15    10.52
  SINCE JAN 1     30.70                     34.92  -4.22    44.05

DEGREE DAYS
 HEATING
  YESTERDAY        3                         7     -4       11
  MONTH TO DATE   20                        71    -51       13
  SINCE SEP 1     28                       108    -80       13
  SINCE JUL 1     28                       109    -81       13

 COOLING
  YESTERDAY        0                         1     -1        0
  MONTH TO DATE   53                        16     37      118
  SINCE SEP 1    281                       158    123      431
  SINCE JAN 1   1649                      1187    462     1721
..................................................................


WIND (MPH)
  HIGHEST WIND SPEED    13   HIGHEST WIND DIRECTION     E (110)
  HIGHEST GUST SPEED    15   HIGHEST GUST DIRECTION     E (100)
  AVERAGE WIND SPEED     5.7


SKY COVER
  POSSIBLE SUNSHINE  MM
  AVERAGE SKY COVER 0.8


WEATHER CONDITIONS
 THE FOLLOWING WEATHER WAS RECORDED YESTERDAY.
  LIGHT RAIN


RELATIVE HUMIDITY (PERCENT)
 HIGHEST   100           800 PM
 LOWEST     56          1200 PM
 AVERAGE    78

..........................................................


THE GEORGETOWN DE CLIMATE NORMALS FOR TODAY
                         NORMAL    RECORD    YEAR
 MAXIMUM TEMPERATURE (F)   69        87      1954
 MINIMUM TEMPERATURE (F)   48        26      1988


SUNRISE AND SUNSET
OCTOBER 14 2019.......SUNRISE   709 AM EDT   SUNSET   625 PM EDT
OCTOBER 15 2019.......SUNRISE   710 AM EDT   SUNSET   623 PM EDT


-  INDICATES NEGATIVE NUMBERS.
R  INDICATES RECORD WAS SET OR TIED.
MM INDICATES DATA IS MISSING.
T  INDICATES TRACE AMOUNT.




$$
