000
CDUS41 KPHI 282130
CLIGED

CLIMATE REPORT
NATIONAL WEATHER SERVICE MOUNT HOLLY NJ
430 PM EST FRI FEB 28 2020

...................................

...THE GEORGETOWN DE CLIMATE SUMMARY FOR FEBRUARY 28 2020...
VALID TODAY AS OF 0400 PM LOCAL TIME.

CLIMATE NORMAL PERIOD: 1981 TO 2010
CLIMATE RECORD PERIOD: 1948 TO 2020


WEATHER ITEM   OBSERVED TIME   RECORD YEAR NORMAL DEPARTURE LAST
                VALUE   (LST)  VALUE       VALUE  FROM      YEAR
                                                  NORMAL
...................................................................
TEMPERATURE (F)
 TODAY
  MAXIMUM         49   3:44 PM  75    1948  50     -1       46
  MINIMUM         26   6:41 AM   8    1950  31     -5       33
  AVERAGE         38                        40     -2       40

PRECIPITATION (IN)
  TODAY            T             1.03 1949   0.11  -0.11     0.00
  MONTH TO DATE    3.29                      2.79   0.50     3.11
  SINCE DEC 1     10.22                      9.00   1.22    10.10
  SINCE JAN 1      6.31                      5.71   0.60     6.63

DEGREE DAYS
 HEATING
  TODAY           27                        25      2       25
  MONTH TO DATE  587                       769   -182      647
  SINCE DEC 1   2016                      2495   -479     2130
  SINCE JUL 1   2740                      3279   -539     2837

 COOLING
  TODAY            0                         0      0        0
  MONTH TO DATE    0                         0      0        0
  SINCE DEC 1      0                         0      0        0
  SINCE JAN 1      0                         0      0        0
...................................................................


WIND (MPH)
  HIGHEST WIND SPEED    25   HIGHEST WIND DIRECTION    SW (230)
  HIGHEST GUST SPEED    35   HIGHEST GUST DIRECTION    SW (220)
  AVERAGE WIND SPEED    MM


SKY COVER
  POSSIBLE SUNSHINE  MM
  AVERAGE SKY COVER 0.2


WEATHER CONDITIONS
THE FOLLOWING WEATHER WAS RECORDED TODAY.
  LIGHT RAIN


RELATIVE HUMIDITY (PERCENT)
 HIGHEST    72           7:00 AM
 LOWEST     35           3:00 PM
 AVERAGE    54

..........................................................


THE GEORGETOWN DE CLIMATE NORMALS FOR TOMORROW
                         NORMAL    RECORD    YEAR
 MAXIMUM TEMPERATURE (F)   50        70      1976
 MINIMUM TEMPERATURE (F)   31        12      1980


SUNRISE AND SUNSET
FEBRUARY 28 2020......SUNRISE   6:36 AM EST   SUNSET   5:53 PM EST
FEBRUARY 29 2020......SUNRISE   6:34 AM EST   SUNSET   5:54 PM EST


-  INDICATES NEGATIVE NUMBERS.
R  INDICATES RECORD WAS SET OR TIED.
MM INDICATES DATA IS MISSING.
T  INDICATES TRACE AMOUNT.




$$
