000
CDUS41 KPHI 160610
CLIGED


CLIMATE REPORT
NATIONAL WEATHER SERVICE MOUNT HOLLY NJ
210 AM EDT MON JUL 16 2018


...................................

...THE GEORGETOWN DE CLIMATE SUMMARY FOR JULY 15 2018...

CLIMATE NORMAL PERIOD 1981 TO 2010
CLIMATE RECORD PERIOD 1948 TO 2018


WEATHER ITEM   OBSERVED TIME   RECORD YEAR NORMAL DEPARTURE LAST
                VALUE   (LST)  VALUE       VALUE  FROM      YEAR
                                                  NORMAL
..................................................................
TEMPERATURE (F)
 YESTERDAY
  MAXIMUM         90    405 PM  96    1993  87      3       89
  MINIMUM         67    502 AM  55    1971  68     -1       73
  AVERAGE         79                        77      2       81

PRECIPITATION (IN)
  YESTERDAY        0.00          3.50 1967   0.13  -0.13     0.01
  MONTH TO DATE    1.02                      2.15  -1.13     4.10
  SINCE JUN 1      5.44                      6.76  -1.32     5.91
  SINCE JAN 1     26.46                     23.70   2.76    22.09

DEGREE DAYS
 HEATING
  YESTERDAY        0                         0      0        0
  MONTH TO DATE    0                         0      0        0
  SINCE JUN 1      7                        13     -6       12
  SINCE JUL 1      0                         0      0        0

 COOLING
  YESTERDAY       14                        12      2       16
  MONTH TO DATE  176                       175      1      244
  SINCE JUN 1    436                       414     22      550
  SINCE JAN 1    624                       508    116      696
..................................................................


WIND (MPH)
  HIGHEST WIND SPEED    15   HIGHEST WIND DIRECTION    SW (240)
  HIGHEST GUST SPEED    21   HIGHEST GUST DIRECTION    SW (230)
  AVERAGE WIND SPEED     6.7


SKY COVER
  POSSIBLE SUNSHINE  MM
  AVERAGE SKY COVER 0.1


WEATHER CONDITIONS
 THE FOLLOWING WEATHER WAS RECORDED YESTERDAY.
  NO SIGNIFICANT WEATHER WAS OBSERVED.


RELATIVE HUMIDITY (PERCENT)
 HIGHEST    93           400 AM
 LOWEST     47           200 PM
 AVERAGE    70

..........................................................


THE GEORGETOWN DE CLIMATE NORMALS FOR TODAY
                         NORMAL    RECORD    YEAR
 MAXIMUM TEMPERATURE (F)   87        97      1992
                                             1953
 MINIMUM TEMPERATURE (F)   68        55      1960


SUNRISE AND SUNSET
JULY 16 2018..........SUNRISE   550 AM EDT   SUNSET   825 PM EDT
JULY 17 2018..........SUNRISE   551 AM EDT   SUNSET   824 PM EDT


-  INDICATES NEGATIVE NUMBERS.
R  INDICATES RECORD WAS SET OR TIED.
MM INDICATES DATA IS MISSING.
T  INDICATES TRACE AMOUNT.




$$
