000
CDUS41 KPHI 210555
CLIGED

CLIMATE REPORT
NATIONAL WEATHER SERVICE MOUNT HOLLY NJ
155 AM EDT WED OCT 21 2020

...................................

...THE GEORGETOWN DE CLIMATE SUMMARY FOR OCTOBER 20 2020...

CLIMATE NORMAL PERIOD: 1981 TO 2010
CLIMATE RECORD PERIOD: 1948 TO 2020


WEATHER ITEM   OBSERVED TIME   RECORD YEAR NORMAL DEPARTURE LAST
                VALUE   (LST)  VALUE       VALUE  FROM      YEAR
                                                  NORMAL
...................................................................
TEMPERATURE (F)
 YESTERDAY
  MAXIMUM         76   3:31 PM  84    2016  67      9       62
  MINIMUM         64  11:59 PM  26    1974  46     18       46
                                      1981
  AVERAGE         70                        56     14       54

PRECIPITATION (IN)
  YESTERDAY        0.02          1.77 2019   0.12  -0.10     1.77
  MONTH TO DATE    2.85                      2.42   0.43     2.88
  SINCE SEP 1      6.71                      6.55   0.16     4.19
  SINCE JAN 1     35.33                     35.82  -0.49    33.39

DEGREE DAYS
 HEATING
  YESTERDAY        0                         9     -9       11
  MONTH TO DATE   79                       128    -49       74
  SINCE SEP 1    114                       165    -51       82
  SINCE JUL 1    114                       166    -52       82

 COOLING
  YESTERDAY        5                         0      5        0
  MONTH TO DATE   19                        18      1       53
  SINCE SEP 1    216                       160     56      281
  SINCE JAN 1   1568                      1189    379     1649
...................................................................


WIND (MPH)
  HIGHEST WIND SPEED     9   HIGHEST WIND DIRECTION    SE (140)
  HIGHEST GUST SPEED    13   HIGHEST GUST DIRECTION    NE (30)
  AVERAGE WIND SPEED     3.3


SKY COVER
  POSSIBLE SUNSHINE  MM
  AVERAGE SKY COVER 0.8


WEATHER CONDITIONS
THE FOLLOWING WEATHER WAS RECORDED YESTERDAY.
  LIGHT RAIN
  FOG
  FOG W/VISIBILITY <= 1/4 MILE


RELATIVE HUMIDITY (PERCENT)
 HIGHEST   100          12:00 AM
 LOWEST     64           3:00 PM
 AVERAGE    82

..........................................................


THE GEORGETOWN DE CLIMATE NORMALS FOR TODAY
                         NORMAL    RECORD    YEAR
 MAXIMUM TEMPERATURE (F)   67        83      1947
                                             1984
 MINIMUM TEMPERATURE (F)   46        22      1952


SUNRISE AND SUNSET
OCTOBER 21 2020.......SUNRISE   7:17 AM EDT   SUNSET   6:14 PM EDT
OCTOBER 22 2020.......SUNRISE   7:18 AM EDT   SUNSET   6:13 PM EDT


-  INDICATES NEGATIVE NUMBERS.
R  INDICATES RECORD WAS SET OR TIED.
MM INDICATES DATA IS MISSING.
T  INDICATES TRACE AMOUNT.




$$
