691
CDUS41 KPHI 170557
CLIGED


CLIMATE REPORT
NATIONAL WEATHER SERVICE MOUNT HOLLY NJ
154 AM EDT WED OCT 17 2018


...................................

...THE GEORGETOWN DE CLIMATE SUMMARY FOR OCTOBER 16 2018...

CLIMATE NORMAL PERIOD 1981 TO 2010
CLIMATE RECORD PERIOD 1948 TO 2018


WEATHER ITEM   OBSERVED TIME   RECORD YEAR NORMAL DEPARTURE LAST
                VALUE   (LST)  VALUE       VALUE  FROM      YEAR
                                                  NORMAL
..................................................................
TEMPERATURE (F)
 YESTERDAY
  MAXIMUM         75   1249 AM  87    2008  68      7       74
  MINIMUM         54    942 PM  30    1978  47      7       47
  AVERAGE         65                        58      7       61

PRECIPITATION (IN)
  YESTERDAY        T             1.38 2002   0.13  -0.13     0.12
  MONTH TO DATE    4.19                      1.92   2.27     0.77
  SINCE SEP 1     10.59                      6.05   4.54     2.96
  SINCE JAN 1     44.12                     35.32   8.80    36.97

DEGREE DAYS
 HEATING
  YESTERDAY        0                         8     -8        4
  MONTH TO DATE   22                        94    -72       21
  SINCE SEP 1     22                       131   -109       32
  SINCE JUL 1     22                       132   -110       32

 COOLING
  YESTERDAY        0                         0      0        0
  MONTH TO DATE  122                        18    104       80
  SINCE SEP 1    435                       160    275      271
  SINCE JAN 1   1725                      1189    536     1504
..................................................................


WIND (MPH)
  HIGHEST WIND SPEED    21   HIGHEST WIND DIRECTION    NW (320)
  HIGHEST GUST SPEED    33   HIGHEST GUST DIRECTION    NW (320)
  AVERAGE WIND SPEED     5.0


SKY COVER
  POSSIBLE SUNSHINE  MM
  AVERAGE SKY COVER 0.2


WEATHER CONDITIONS
 THE FOLLOWING WEATHER WAS RECORDED YESTERDAY.
  LIGHT RAIN


RELATIVE HUMIDITY (PERCENT)
 HIGHEST    83          1100 PM
 LOWEST     51           900 AM
 AVERAGE    67

..........................................................


THE GEORGETOWN DE CLIMATE NORMALS FOR TODAY
                         NORMAL    RECORD    YEAR
 MAXIMUM TEMPERATURE (F)   68        85      1989
 MINIMUM TEMPERATURE (F)   47        31      1973


SUNRISE AND SUNSET
OCTOBER 17 2018.......SUNRISE   713 AM EDT   SUNSET   620 PM EDT
OCTOBER 18 2018.......SUNRISE   714 AM EDT   SUNSET   619 PM EDT


-  INDICATES NEGATIVE NUMBERS.
R  INDICATES RECORD WAS SET OR TIED.
MM INDICATES DATA IS MISSING.
T  INDICATES TRACE AMOUNT.




$$
