000
CDUS46 KOTX 200825
CLIGEG


CLIMATE REPORT
NATIONAL WEATHER SERVICE SPOKANE, WA
124 AM PDT WED JUN 20 2018


...................................

...THE SPOKANE WA AIRPORT CLIMATE SUMMARY FOR JUNE 19 2018...

CLIMATE NORMAL PERIOD 1981 TO 2010
CLIMATE RECORD PERIOD 1881 TO 2018


WEATHER ITEM   OBSERVED TIME   RECORD YEAR NORMAL DEPARTURE LAST
                VALUE   (LST)  VALUE       VALUE  FROM      YEAR
                                                  NORMAL
..................................................................
TEMPERATURE (F)
 YESTERDAY
  MAXIMUM         80    445 PM  97    1940  75      5       88
  MINIMUM         56    507 AM  37    1996  51      5       61
  AVERAGE         68                        63      5       75

PRECIPITATION (IN)
  YESTERDAY        0.00          0.55 2009   0.04  -0.04     0.00
  MONTH TO DATE    0.30                      0.90  -0.60     0.50
  SINCE OCT 1     16.39                     14.31   2.08    23.05
  SINCE JAN 1      9.23                      8.53   0.70    13.76

SNOWFALL (IN)
  YESTERDAY        0.0           0.3  2009   0.0    0.0      0.0
  MONTH TO DATE    0.0                       0.0    0.0      0.0
  SINCE JUN 1      0.0                       0.0    0.0      0.0
  SINCE JUL 1     49.3                      44.9    4.4     61.5
  SNOW DEPTH       0

DEGREE DAYS
 HEATING
  YESTERDAY        0                         4     -4        0
  MONTH TO DATE   90                       101    -11       66
  SINCE JUN 1     90                       101    -11       66
  SINCE JUL 1   6188                      6558   -370     6628

 COOLING
  YESTERDAY        3                         2      1       10
  MONTH TO DATE   12                        22    -10       32
  SINCE JUN 1     12                        22    -10       32
  SINCE JAN 1     50                        36     14       67
..................................................................


WIND (MPH)
  HIGHEST WIND SPEED    13   HIGHEST WIND DIRECTION    NE (60)
  HIGHEST GUST SPEED    23   HIGHEST GUST DIRECTION     E (80)
  AVERAGE WIND SPEED     5.4


SKY COVER
  POSSIBLE SUNSHINE  MM
  AVERAGE SKY COVER 0.7


WEATHER CONDITIONS
 THE FOLLOWING WEATHER WAS RECORDED YESTERDAY.
  NO SIGNIFICANT WEATHER WAS OBSERVED.


RELATIVE HUMIDITY (PERCENT)
 HIGHEST    77           300 AM
 LOWEST     30           600 PM
 AVERAGE    54

..........................................................


THE SPOKANE WA AIRPORT CLIMATE NORMALS FOR TODAY
                         NORMAL    RECORD    YEAR
 MAXIMUM TEMPERATURE (F)   75        97      1925
 MINIMUM TEMPERATURE (F)   51        40      1960
                                             1953
                                             1942


SUNRISE AND SUNSET
JUNE 20 2018..........SUNRISE   452 AM PDT   SUNSET   851 PM PDT
JUNE 21 2018..........SUNRISE   452 AM PDT   SUNSET   852 PM PDT


-  INDICATES NEGATIVE NUMBERS.
R  INDICATES RECORD WAS SET OR TIED.
MM INDICATES DATA IS MISSING.
T  INDICATES TRACE AMOUNT.




$$
