000
CDUS46 KOTX 200858
CLIGEG

CLIMATE REPORT
NATIONAL WEATHER SERVICE SPOKANE WA
158 AM PDT TUE OCT 20 2020

...................................

...THE SPOKANE WA AIRPORT CLIMATE SUMMARY FOR OCTOBER 19 2020...

CLIMATE NORMAL PERIOD 1981 TO 2010
CLIMATE RECORD PERIOD 1881 TO 2020


WEATHER ITEM   OBSERVED TIME   RECORD YEAR NORMAL DEPARTURE LAST
                VALUE   (LST)  VALUE       VALUE  FROM      YEAR
                                                  NORMAL
...................................................................
TEMPERATURE (F)
 YESTERDAY
  MAXIMUM         59    234 PM  73    1921  56      3       43
                                      1944
  MINIMUM         40   1159 PM  15    1984  36      4       39
  AVERAGE         50                        46      4       41

PRECIPITATION (IN)
  YESTERDAY        0.00          1.41 1899   0.04  -0.04     0.32
  MONTH TO DATE    0.92                      0.57   0.35     1.04
  SINCE OCT 1      0.92                      0.57   0.35     1.04
  SINCE JAN 1     10.60                     11.35  -0.75    12.14

SNOWFALL (IN)
  YESTERDAY        0.0           0.0  1999   0.0    0.0      0.0
                                      2001
                                      2002
  MONTH TO DATE    0.0                       0.0    0.0      3.6
  SINCE SEP 1      0.0                       0.0    0.0      6.9
  SINCE JUL 1      0.0                       0.0    0.0      6.9
  SNOW DEPTH       0

DEGREE DAYS
 HEATING
  YESTERDAY       15                        19     -4       24
  MONTH TO DATE  171                       285   -114      384
  SINCE SEP 1    259                       468   -209      593
  SINCE JUL 1    291                       533   -242      604

 COOLING
  YESTERDAY        0                         0      0        0
  MONTH TO DATE    3                         0      3        0
  SINCE SEP 1     69                        38     31       40
  SINCE JAN 1    557                       449    108      523
...................................................................


WIND (MPH)
  HIGHEST WIND SPEED    31   HIGHEST WIND DIRECTION    SW (240)
  HIGHEST GUST SPEED    37   HIGHEST GUST DIRECTION    SW (240)
  AVERAGE WIND SPEED    14.6


SKY COVER
  POSSIBLE SUNSHINE  MM
  AVERAGE SKY COVER 0.8


WEATHER CONDITIONS
THE FOLLOWING WEATHER WAS RECORDED YESTERDAY.
  FOG


RELATIVE HUMIDITY (PERCENT)
 HIGHEST    93          1200 AM
 LOWEST     46           700 PM
 AVERAGE    70

..........................................................


THE SPOKANE WA AIRPORT CLIMATE NORMALS FOR TODAY
                         NORMAL    RECORD    YEAR
 MAXIMUM TEMPERATURE (F)   56        77      1940
 MINIMUM TEMPERATURE (F)   36        18      1984


SUNRISE AND SUNSET
OCTOBER 20 2020.......SUNRISE   717 AM PDT   SUNSET   552 PM PDT
OCTOBER 21 2020.......SUNRISE   719 AM PDT   SUNSET   550 PM PDT


-  INDICATES NEGATIVE NUMBERS.
R  INDICATES RECORD WAS SET OR TIED.
MM INDICATES DATA IS MISSING.
T  INDICATES TRACE AMOUNT.




$$
