000
CDUS46 KOTX 050829
CLIGEG


CLIMATE REPORT
NATIONAL WEATHER SERVICE SPOKANE, WA
127 AM PDT FRI JUN 5 2020


...................................

...THE SPOKANE WA AIRPORT CLIMATE SUMMARY FOR JUNE 4 2020...

CLIMATE NORMAL PERIOD 1981 TO 2010
CLIMATE RECORD PERIOD 1881 TO 2020


WEATHER ITEM   OBSERVED TIME   RECORD YEAR NORMAL DEPARTURE LAST
                VALUE   (LST)  VALUE       VALUE  FROM      YEAR
                                                  NORMAL
..................................................................
TEMPERATURE (F)
 YESTERDAY
  MAXIMUM         71    244 PM  92    1969  71      0       75
                                      1882
  MINIMUM         50    542 AM  35    1991  48      2       50
                                      1901
  AVERAGE         61                        60      1       63

PRECIPITATION (IN)
  YESTERDAY        0.00          0.89 2006   0.06  -0.06     0.00
  MONTH TO DATE    0.00                      0.23  -0.23     0.00
  SINCE OCT 1     12.75                     13.64  -0.89    13.90
  SINCE JAN 1      8.40                      7.86   0.54     7.68

SNOWFALL (IN)
  YESTERDAY        0.0           T    1901   0.0    0.0      0.0
  MONTH TO DATE    0.0                       0.0    0.0      0.0
  SINCE JUN 1      0.0                       0.0    0.0      0.0
  SINCE JUL 1     47.9                      44.9    3.0     53.6
  SNOW DEPTH       0

DEGREE DAYS
 HEATING
  YESTERDAY        4                         6     -2        2
  MONTH TO DATE   22                        26     -4        2
  SINCE JUN 1     22                        26     -4        2
  SINCE JUL 1   6212                      6483   -271     6472

 COOLING
  YESTERDAY        0                         1     -1        0
  MONTH TO DATE    0                         4     -4       19
  SINCE JUN 1      0                         4     -4       19
  SINCE JAN 1     11                        18     -7       33
..................................................................


WIND (MPH)
  HIGHEST WIND SPEED    25   HIGHEST WIND DIRECTION    SW (240)
  HIGHEST GUST SPEED    30   HIGHEST GUST DIRECTION    SW (220)
  AVERAGE WIND SPEED    11.6


SKY COVER
  POSSIBLE SUNSHINE  MM
  AVERAGE SKY COVER 0.7


WEATHER CONDITIONS
 THE FOLLOWING WEATHER WAS RECORDED YESTERDAY.
  NO SIGNIFICANT WEATHER WAS OBSERVED.


RELATIVE HUMIDITY (PERCENT)
 HIGHEST    59           500 AM
 LOWEST     22           100 PM
 AVERAGE    41

..........................................................


THE SPOKANE WA AIRPORT CLIMATE NORMALS FOR TODAY
                         NORMAL    RECORD    YEAR
 MAXIMUM TEMPERATURE (F)   71        95      2016
 MINIMUM TEMPERATURE (F)   49        35      1976
                                             1954


SUNRISE AND SUNSET
JUNE  5 2020..........SUNRISE   454 AM PDT   SUNSET   844 PM PDT
JUNE  6 2020..........SUNRISE   454 AM PDT   SUNSET   845 PM PDT


-  INDICATES NEGATIVE NUMBERS.
R  INDICATES RECORD WAS SET OR TIED.
MM INDICATES DATA IS MISSING.
T  INDICATES TRACE AMOUNT.




$$
