000
CDUS46 KOTX 240450
CLIGEG


CLIMATE REPORT
NATIONAL WEATHER SERVICE SPOKANE, WA
950 PM PDT SUN SEP 23 2018


...................................

...THE SPOKANE WA AIRPORT CLIMATE SUMMARY FOR SEPTEMBER 23 2018...
VALID TODAY AS OF 0900 PM LOCAL TIME.

CLIMATE NORMAL PERIOD 1981 TO 2010
CLIMATE RECORD PERIOD 1881 TO 2018


WEATHER ITEM   OBSERVED TIME   RECORD YEAR NORMAL DEPARTURE LAST
                VALUE   (LST)  VALUE       VALUE  FROM      YEAR
                                                  NORMAL
..................................................................
TEMPERATURE (F)
 TODAY
  MAXIMUM         62    420 PM  91    1905  70     -8       60
  MINIMUM         46    658 AM  22    2000  45      1       45
  AVERAGE         54                        57     -3       53

PRECIPITATION (IN)
  TODAY            0.00          1.15 1892   0.03  -0.03      T
  MONTH TO DATE    0.02                      0.51  -0.49     1.21
  SINCE OCT 1     16.89                     16.40   0.49    24.47
  SINCE JAN 1      9.73                     10.62  -0.89    15.18

DEGREE DAYS
 HEATING
  TODAY           11                         8      3       12
  MONTH TO DATE  111                       117     -6      132
  SINCE SEP 1    111                       117     -6      132
  SINCE JUL 1    150                       182    -32      135

 COOLING
  TODAY            0                         1     -1        0
  MONTH TO DATE   15                        36    -21       89
  SINCE SEP 1     15                        36    -21       89
  SINCE JAN 1    573                       447    126      794
..................................................................


WIND (MPH)
  HIGHEST WIND SPEED    18   HIGHEST WIND DIRECTION     S (200)
  HIGHEST GUST SPEED    22   HIGHEST GUST DIRECTION     S (200)
  AVERAGE WIND SPEED    12.5


SKY COVER
  POSSIBLE SUNSHINE  MM
  AVERAGE SKY COVER 0.8


WEATHER CONDITIONS
 THE FOLLOWING WEATHER WAS RECORDED TODAY.
  NO SIGNIFICANT WEATHER WAS OBSERVED.


RELATIVE HUMIDITY (PERCENT)
 HIGHEST    76           600 AM
 LOWEST     36           300 PM
 AVERAGE    56

..........................................................


THE SPOKANE WA AIRPORT CLIMATE NORMALS FOR TOMORROW
                         NORMAL    RECORD    YEAR
 MAXIMUM TEMPERATURE (F)   70        90      2011
 MINIMUM TEMPERATURE (F)   44        22      1926


SUNRISE AND SUNSET
SEPTEMBER 23 2018.....SUNRISE   638 AM PDT   SUNSET   646 PM PDT
SEPTEMBER 24 2018.....SUNRISE   640 AM PDT   SUNSET   644 PM PDT


-  INDICATES NEGATIVE NUMBERS.
R  INDICATES RECORD WAS SET OR TIED.
MM INDICATES DATA IS MISSING.
T  INDICATES TRACE AMOUNT.




$$
