000
CDUS46 KOTX 220946
CLIGEG


CLIMATE REPORT
NATIONAL WEATHER SERVICE SPOKANE, WA
246 AM PDT TUE OCT 22 2019


...................................

...THE SPOKANE WA AIRPORT CLIMATE SUMMARY FOR OCTOBER 21 2019...

CLIMATE NORMAL PERIOD 1981 TO 2010
CLIMATE RECORD PERIOD 1881 TO 2019


WEATHER ITEM   OBSERVED TIME   RECORD YEAR NORMAL DEPARTURE LAST
                VALUE   (LST)  VALUE       VALUE  FROM      YEAR
                                                  NORMAL
..................................................................
TEMPERATURE (F)
 YESTERDAY
  MAXIMUM         48   1159 PM  77    2003  55     -7       65
  MINIMUM         38    653 AM  18    1984  36      2       39
  AVERAGE         43                        45     -2       52

PRECIPITATION (IN)
  YESTERDAY        0.29          0.71 1934   0.04   0.25     0.00
  MONTH TO DATE    1.44                      0.65   0.79     0.45
  SINCE OCT 1      1.44                      0.65   0.79     0.45
  SINCE JAN 1     12.54                     11.43   1.11    10.18

SNOWFALL (IN)
  YESTERDAY        0.0           0.2  1935   0.0    0.0      0.0
  MONTH TO DATE    3.6                       0.0    3.6      0.0
  SINCE SEP 1      6.9                       0.0    6.9      0.0
  SINCE JUL 1      6.9                       0.0    6.9      0.0
  SNOW DEPTH       0

DEGREE DAYS
 HEATING
  YESTERDAY       22                        20      2       13
  MONTH TO DATE  429                       324    105      345
  SINCE SEP 1    638                       507    131      514
  SINCE JUL 1    649                       572     77      553

 COOLING
  YESTERDAY        0                         0      0        0
  MONTH TO DATE    0                         0      0        0
  SINCE SEP 1     40                        38      2       15
  SINCE JAN 1    523                       449     74      573
..................................................................


WIND (MPH)
  HIGHEST WIND SPEED    13   HIGHEST WIND DIRECTION    SW (230)
  HIGHEST GUST SPEED    16   HIGHEST GUST DIRECTION     S (200)
  AVERAGE WIND SPEED     7.2


SKY COVER
  POSSIBLE SUNSHINE  MM
  AVERAGE SKY COVER 1.0


WEATHER CONDITIONS
 THE FOLLOWING WEATHER WAS RECORDED YESTERDAY.
  LIGHT RAIN
  FOG


RELATIVE HUMIDITY (PERCENT)
 HIGHEST    92           200 AM
 LOWEST     71           100 PM
 AVERAGE    82

..........................................................


THE SPOKANE WA AIRPORT CLIMATE NORMALS FOR TODAY
                         NORMAL    RECORD    YEAR
 MAXIMUM TEMPERATURE (F)   55        74      2003
 MINIMUM TEMPERATURE (F)   35        20      1984
                                             1978


SUNRISE AND SUNSET
OCTOBER 22 2019.......SUNRISE   719 AM PDT   SUNSET   549 PM PDT
OCTOBER 23 2019.......SUNRISE   720 AM PDT   SUNSET   548 PM PDT


-  INDICATES NEGATIVE NUMBERS.
R  INDICATES RECORD WAS SET OR TIED.
MM INDICATES DATA IS MISSING.
T  INDICATES TRACE AMOUNT.




$$
