000
CDUS45 KRIW 240732
CLIGEY


CLIMATE REPORT
NATIONAL WEATHER SERVICE RIVERTON WY
1230 AM MST FRI JAN 24 2020


...................................

...THE GREYBULL WY CLIMATE SUMMARY FOR JANUARY 23 2020...

CLIMATE NORMAL PERIOD 1981 TO 2010
CLIMATE RECORD PERIOD 1998 TO 2020


WEATHER ITEM   OBSERVED TIME   RECORD YEAR NORMAL DEPARTURE LAST
                VALUE   (LST)  VALUE       VALUE  FROM      YEAR
                                                  NORMAL
..................................................................
TEMPERATURE (F)
 YESTERDAY
  MAXIMUM         39    308 PM  55    2005  29     10       29
  MINIMUM         16    357 AM -23    2008   5     11        8
  AVERAGE         28                        17     11       19

PRECIPITATION (IN)
  YESTERDAY        0.00          0.10 2010   0.01  -0.01     0.02
  MONTH TO DATE    0.02                      0.17  -0.15     0.04
  SINCE DEC 1      0.03                      0.45  -0.42     0.16
  SINCE JAN 1      0.02                      0.17  -0.15     0.04

DEGREE DAYS
 HEATING
  YESTERDAY       37                        48    -11       46
  MONTH TO DATE  872                      1115   -243      984
  SINCE DEC 1   2138                      2581   -443     2366
  SINCE JUL 1   4133                      4438   -305     4174

 COOLING
  YESTERDAY        0                         0      0        0
  MONTH TO DATE    0                         0      0        0
  SINCE DEC 1      0                         0      0        0
  SINCE JAN 1      0                         0      0        0
..................................................................


WIND (MPH)
  HIGHEST WIND SPEED     8   HIGHEST WIND DIRECTION     S (170)
  HIGHEST GUST SPEED    11   HIGHEST GUST DIRECTION     S (170)
  AVERAGE WIND SPEED     2.4


SKY COVER
  POSSIBLE SUNSHINE  MM
  AVERAGE SKY COVER 0.8


WEATHER CONDITIONS
 THE FOLLOWING WEATHER WAS RECORDED YESTERDAY.
  NO SIGNIFICANT WEATHER WAS OBSERVED.


RELATIVE HUMIDITY (PERCENT)
 HIGHEST    92           700 AM
 LOWEST     44           300 PM
 AVERAGE    68

..........................................................


THE GREYBULL WY CLIMATE NORMALS FOR TODAY
                         NORMAL    RECORD    YEAR
 MAXIMUM TEMPERATURE (F)   29        54      2005
 MINIMUM TEMPERATURE (F)    5       -23      2008


SUNRISE AND SUNSET
JANUARY 24 2020.......SUNRISE   739 AM MST   SUNSET   510 PM MST
JANUARY 25 2020.......SUNRISE   738 AM MST   SUNSET   511 PM MST


-  INDICATES NEGATIVE NUMBERS.
R  INDICATES RECORD WAS SET OR TIED.
MM INDICATES DATA IS MISSING.
T  INDICATES TRACE AMOUNT.




$$
