000
CDUS45 KRIW 230031
CLIGEY


CLIMATE REPORT
NATIONAL WEATHER SERVICE RIVERTON WY
630 PM MDT TUE OCT 22 2019


...................................

...THE GREYBULL WY CLIMATE SUMMARY FOR OCTOBER 22 2019...
VALID TODAY AS OF 0500 PM LOCAL TIME.

CLIMATE NORMAL PERIOD 1981 TO 2010
CLIMATE RECORD PERIOD 1998 TO 2019


WEATHER ITEM   OBSERVED TIME   RECORD YEAR NORMAL DEPARTURE LAST
                VALUE   (LST)  VALUE       VALUE  FROM      YEAR
                                                  NORMAL
..................................................................
TEMPERATURE (F)
 TODAY
  MAXIMUM         53        MM  80    2003  58     -5       64
  MINIMUM         31        MM  21    2002  30      1       33
  AVERAGE         42

PRECIPITATION (IN)
  TODAY            0.00          0.25 2000   0.01  -0.01     0.00
  MONTH TO DATE    0.50                      0.50   0.00     0.08
  SINCE SEP 1      3.71                      1.38   2.33     0.33
  SINCE JAN 1      7.82                      6.83   0.99     5.84

DEGREE DAYS
 HEATING
  TODAY           23                        21      2       16
  MONTH TO DATE  487                       379    108      448
  SINCE SEP 1    661                       589     72      600
  SINCE JUL 1    662                       610     52      624

 COOLING
  TODAY            0                         0      0        0
  MONTH TO DATE    0                         0      0        0
  SINCE SEP 1     67                        36     31       33
  SINCE JAN 1    733                       669     64      703
..................................................................


WIND (MPH)
  HIGHEST WIND SPEED     8   HIGHEST WIND DIRECTION    SE (140)
  HIGHEST GUST SPEED    MM   HIGHEST GUST DIRECTION    MM
  AVERAGE WIND SPEED     3.9


SKY COVER
  POSSIBLE SUNSHINE  MM
  AVERAGE SKY COVER 0.7


WEATHER CONDITIONS
 THE FOLLOWING WEATHER WAS RECORDED TODAY.
  NO SIGNIFICANT WEATHER WAS OBSERVED.


RELATIVE HUMIDITY (PERCENT)
 HIGHEST    89           500 AM
 LOWEST     44           300 PM
 AVERAGE    67

..........................................................


THE GREYBULL WY CLIMATE NORMALS FOR TOMORROW
                         NORMAL    RECORD    YEAR
 MAXIMUM TEMPERATURE (F)   57        70      2014
                                             2011
                                             1999
 MINIMUM TEMPERATURE (F)   30        20      2006
                                             2002


SUNRISE AND SUNSET
OCTOBER 22 2019.......SUNRISE   736 AM MDT   SUNSET   617 PM MDT
OCTOBER 23 2019.......SUNRISE   738 AM MDT   SUNSET   615 PM MDT


-  INDICATES NEGATIVE NUMBERS.
R  INDICATES RECORD WAS SET OR TIED.
MM INDICATES DATA IS MISSING.
T  INDICATES TRACE AMOUNT.




$$
