000
CDUS43 KIND 220531
CLIGEZ


CLIMATE REPORT
NATIONAL WEATHER SERVICE INDIANAPOLIS IN
131 AM EDT SUN JUL 22 2018


...................................

...THE SHELBYVILLE IN CLIMATE SUMMARY FOR JULY 21 2018...

CLIMATE NORMAL PERIOD 1981 TO 2010
CLIMATE RECORD PERIOD 9999 TO 9999


WEATHER ITEM   OBSERVED TIME   NORMAL DEPARTURE LAST
                VALUE   (LST)  VALUE  FROM      YEAR
                                      NORMAL
......................................................
TEMPERATURE (F)
 YESTERDAY
  MAXIMUM         77    302 PM  84     -7       90
  MINIMUM         67    329 AM  64      3       72
  AVERAGE         72            74     -2       81

PRECIPITATION (IN)
  YESTERDAY        0.13          0.16  -0.03     0.62
  MONTH TO DATE    2.07          3.26  -1.19     5.25
  SINCE JUN 1      8.19          7.66   0.53    11.34
  SINCE JAN 1     26.66         25.44   1.22    29.96

DEGREE DAYS
 HEATING
  YESTERDAY        0             0      0        0
  MONTH TO DATE    0             0      0        0
  SINCE JUN 1      0            15    -15        1
  SINCE JUL 1      0             0      0        0

 COOLING
  YESTERDAY        7             9     -2       16
  MONTH TO DATE  255           189     66      240
  SINCE JUN 1    583           398    185      486
  SINCE JAN 1    860           479    381      648
......................................................


WIND (MPH)
  HIGHEST WIND SPEED    17   HIGHEST WIND DIRECTION     W (250)
  HIGHEST GUST SPEED    25   HIGHEST GUST DIRECTION    SW (220)
  AVERAGE WIND SPEED     9.3


SKY COVER
  AVERAGE SKY COVER 0.9


WEATHER CONDITIONS
 THE FOLLOWING WEATHER WAS RECORDED YESTERDAY.
  RAIN
  LIGHT RAIN
  FOG
  HAZE


RELATIVE HUMIDITY (PERCENT)
 HIGHEST    93           200 AM
 LOWEST     79           800 AM
 AVERAGE    86

..........................................................


THE SHELBYVILLE IN CLIMATE NORMALS FOR TODAY
                         NORMAL
 MAXIMUM TEMPERATURE (F)   84
 MINIMUM TEMPERATURE (F)   64


SUNRISE AND SUNSET
JULY 22 2018..........SUNRISE   634 AM EDT   SUNSET   905 PM EDT
JULY 23 2018..........SUNRISE   635 AM EDT   SUNSET   904 PM EDT


-  INDICATES NEGATIVE NUMBERS.
R  INDICATES RECORD WAS SET OR TIED.
MM INDICATES DATA IS MISSING.
T  INDICATES TRACE AMOUNT.




$$
