066
CDUS43 KIND 210535
CLIGEZ


CLIMATE REPORT
NATIONAL WEATHER SERVICE INDIANAPOLIS IN
134 AM EDT SAT APR 21 2018


...................................

...THE SHELBYVILLE IN CLIMATE SUMMARY FOR APRIL 20 2018...

CLIMATE NORMAL PERIOD 1981 TO 2010
CLIMATE RECORD PERIOD 9999 TO 9999


WEATHER ITEM   OBSERVED TIME   NORMAL DEPARTURE LAST
                VALUE   (LST)  VALUE  FROM      YEAR
                                      NORMAL
......................................................
TEMPERATURE (F)
 YESTERDAY
  MAXIMUM         62    445 PM  65     -3       83
  MINIMUM         30    636 AM  44    -14       61
  AVERAGE         46            54     -8       72

PRECIPITATION (IN)
  YESTERDAY        0.00          0.14  -0.14     0.70
  MONTH TO DATE    3.87          2.60   1.27     1.24
  SINCE MAR 1      7.60          6.03   1.57     4.92
  SINCE JAN 1     15.78         10.78   5.00    10.36

DEGREE DAYS
 HEATING
  YESTERDAY       19            11      8        0
  MONTH TO DATE  395           283    112      134
  SINCE MAR 1   1180          1003    177      758
  SINCE JUL 1   5088          5166    -78     3941

 COOLING
  YESTERDAY        0             0      0        7
  MONTH TO DATE    8             0      8       40
  SINCE MAR 1      8             1      7       44
  SINCE JAN 1     13             1     12       44
......................................................


WIND (MPH)
  HIGHEST WIND SPEED    13   HIGHEST WIND DIRECTION    NE (50)
  HIGHEST GUST SPEED    18   HIGHEST GUST DIRECTION    NE (60)
  AVERAGE WIND SPEED     6.6


SKY COVER
  AVERAGE SKY COVER 0.0


WEATHER CONDITIONS
 THE FOLLOWING WEATHER WAS RECORDED YESTERDAY.
  NO SIGNIFICANT WEATHER WAS OBSERVED.


RELATIVE HUMIDITY (PERCENT)
 HIGHEST    69           500 AM
 LOWEST     20           600 PM
 AVERAGE    45

..........................................................


THE SHELBYVILLE IN CLIMATE NORMALS FOR TODAY
                         NORMAL
 MAXIMUM TEMPERATURE (F)   65
 MINIMUM TEMPERATURE (F)   44


SUNRISE AND SUNSET
APRIL 21 2018.........SUNRISE   657 AM EDT   SUNSET   827 PM EDT
APRIL 22 2018.........SUNRISE   656 AM EDT   SUNSET   828 PM EDT


-  INDICATES NEGATIVE NUMBERS.
R  INDICATES RECORD WAS SET OR TIED.
MM INDICATES DATA IS MISSING.
T  INDICATES TRACE AMOUNT.




$$
