000
CDUS43 KIND 230604
CLIGEZ


CLIMATE REPORT
NATIONAL WEATHER SERVICE INDIANAPOLIS IN
104 AM EST WED JAN 23 2019


...................................

...THE SHELBYVILLE IN CLIMATE SUMMARY FOR JANUARY 22 2019...

CLIMATE NORMAL PERIOD 1981 TO 2010
CLIMATE RECORD PERIOD 9999 TO 9999


WEATHER ITEM   OBSERVED TIME   NORMAL DEPARTURE LAST
                VALUE   (LST)  VALUE  FROM      YEAR
                                      NORMAL
......................................................
TEMPERATURE (F)
 YESTERDAY
  MAXIMUM         43   1144 PM  36      7       54
  MINIMUM         15    515 AM  21     -6       40
  AVERAGE         29            29      0       47

PRECIPITATION (IN)
  YESTERDAY        T             0.06  -0.06     0.20
  MONTH TO DATE    2.11          1.88   0.23     2.14
  SINCE DEC 1      6.13          5.15   0.98     3.26
  SINCE JAN 1      2.11          1.88   0.23     2.14

DEGREE DAYS
 HEATING
  YESTERDAY       36            36      0       18
  MONTH TO DATE  727           792    -65      944
  SINCE DEC 1   1577          1821   -244     2013
  SINCE JUL 1   2741          2896   -155     2906

 COOLING
  YESTERDAY        0             0      0        0
  MONTH TO DATE    0             0      0        0
  SINCE DEC 1      0             0      0        0
  SINCE JAN 1      0             0      0        0
......................................................


WIND (MPH)
  HIGHEST WIND SPEED    26   HIGHEST WIND DIRECTION     S (170)
  HIGHEST GUST SPEED    34   HIGHEST GUST DIRECTION     S (180)
  AVERAGE WIND SPEED    15.1


SKY COVER
  AVERAGE SKY COVER 0.5


WEATHER CONDITIONS
 THE FOLLOWING WEATHER WAS RECORDED YESTERDAY.
  LIGHT RAIN


RELATIVE HUMIDITY (PERCENT)
 HIGHEST    59          1200 AM
 LOWEST     47           100 PM
 AVERAGE    53

..........................................................


THE SHELBYVILLE IN CLIMATE NORMALS FOR TODAY
                         NORMAL
 MAXIMUM TEMPERATURE (F)   36
 MINIMUM TEMPERATURE (F)   21


SUNRISE AND SUNSET
JANUARY 23 2019.......SUNRISE   758 AM EST   SUNSET   552 PM EST
JANUARY 24 2019.......SUNRISE   757 AM EST   SUNSET   554 PM EST


-  INDICATES NEGATIVE NUMBERS.
R  INDICATES RECORD WAS SET OR TIED.
MM INDICATES DATA IS MISSING.
T  INDICATES TRACE AMOUNT.




$$
