000
CDUS43 KIND 200535
CLIGEZ


CLIMATE REPORT
NATIONAL WEATHER SERVICE INDIANAPOLIS IN
134 AM EDT SUN OCT 20 2019


...................................

...THE SHELBYVILLE IN CLIMATE SUMMARY FOR OCTOBER 19 2019...

CLIMATE NORMAL PERIOD 1981 TO 2010
CLIMATE RECORD PERIOD 9999 TO 9999


WEATHER ITEM   OBSERVED TIME   NORMAL DEPARTURE LAST
                VALUE   (LST)  VALUE  FROM      YEAR
                                      NORMAL
......................................................
TEMPERATURE (F)
 YESTERDAY
  MAXIMUM         72    334 PM  65      7       57
  MINIMUM         37    342 AM  42     -5       33
  AVERAGE         55            53      2       45

PRECIPITATION (IN)
  YESTERDAY        0.00          0.10  -0.10     0.09
  MONTH TO DATE    0.93          1.98  -1.05     0.78
  SINCE SEP 1      1.68          5.15  -3.47     3.65
  SINCE JAN 1     33.14         35.43  -2.29    36.90

DEGREE DAYS
 HEATING
  YESTERDAY       10            12     -2       20
  MONTH TO DATE  140           184    -44      164
  SINCE SEP 1    143           263   -120      196
  SINCE JUL 1    143           269   -126      196

 COOLING
  YESTERDAY        0             0      0        0
  MONTH TO DATE   36            11     25      109
  SINCE SEP 1    269           104    165      340
  SINCE JAN 1   1330           910    420     1577
......................................................


WIND (MPH)
  HIGHEST WIND SPEED    14   HIGHEST WIND DIRECTION     S (170)
  HIGHEST GUST SPEED    20   HIGHEST GUST DIRECTION    SW (210)
  AVERAGE WIND SPEED     6.6


SKY COVER
  AVERAGE SKY COVER 0.1


WEATHER CONDITIONS
 THE FOLLOWING WEATHER WAS RECORDED YESTERDAY.
  NO SIGNIFICANT WEATHER WAS OBSERVED.


RELATIVE HUMIDITY (PERCENT)
 HIGHEST    85           400 AM
 LOWEST     31           300 PM
 AVERAGE    58

..........................................................


THE SHELBYVILLE IN CLIMATE NORMALS FOR TODAY
                         NORMAL
 MAXIMUM TEMPERATURE (F)   64
 MINIMUM TEMPERATURE (F)   41


SUNRISE AND SUNSET
OCTOBER 20 2019.......SUNRISE   758 AM EDT   SUNSET   657 PM EDT
OCTOBER 21 2019.......SUNRISE   759 AM EDT   SUNSET   656 PM EDT


-  INDICATES NEGATIVE NUMBERS.
R  INDICATES RECORD WAS SET OR TIED.
MM INDICATES DATA IS MISSING.
T  INDICATES TRACE AMOUNT.




$$
