000
CDUS43 KIND 150540
CLIGEZ


CLIMATE REPORT
NATIONAL WEATHER SERVICE INDIANAPOLIS IN
139 AM EDT MON OCT 15 2018


...................................

...THE SHELBYVILLE IN CLIMATE SUMMARY FOR OCTOBER 14 2018...

CLIMATE NORMAL PERIOD 1981 TO 2010
CLIMATE RECORD PERIOD 9999 TO 9999


WEATHER ITEM   OBSERVED TIME   NORMAL DEPARTURE LAST
                VALUE   (LST)  VALUE  FROM      YEAR
                                      NORMAL
......................................................
TEMPERATURE (F)
 YESTERDAY
  MAXIMUM         56   1247 PM  66    -10       84
  MINIMUM         46    744 AM  43      3       61
  AVERAGE         51            55     -4       73

PRECIPITATION (IN)
  YESTERDAY        0.20          0.10   0.10     0.00
  MONTH TO DATE    0.55          1.47  -0.92     3.36
  SINCE SEP 1      3.42          4.64  -1.22     5.12
  SINCE JAN 1     36.67         34.92   1.75    38.01

DEGREE DAYS
 HEATING
  YESTERDAY       14            11      3        0
  MONTH TO DATE   64           126    -62       14
  SINCE SEP 1     96           205   -109       64
  SINCE JUL 1     96           211   -115       64

 COOLING
  YESTERDAY        0             0      0        8
  MONTH TO DATE  109            11     98       47
  SINCE SEP 1    340           104    236      193
  SINCE JAN 1   1577           910    667     1129
......................................................


WIND (MPH)
  HIGHEST WIND SPEED    13   HIGHEST WIND DIRECTION    SE (120)
  HIGHEST GUST SPEED    17   HIGHEST GUST DIRECTION     E (110)
  AVERAGE WIND SPEED     5.6


SKY COVER
  AVERAGE SKY COVER 0.9


WEATHER CONDITIONS
 THE FOLLOWING WEATHER WAS RECORDED YESTERDAY.
  LIGHT RAIN
  FOG
  HAZE


RELATIVE HUMIDITY (PERCENT)
 HIGHEST    96           300 PM
 LOWEST     72           100 PM
 AVERAGE    84

..........................................................


THE SHELBYVILLE IN CLIMATE NORMALS FOR TODAY
                         NORMAL
 MAXIMUM TEMPERATURE (F)   66
 MINIMUM TEMPERATURE (F)   43


SUNRISE AND SUNSET
OCTOBER 15 2018.......SUNRISE   753 AM EDT   SUNSET   704 PM EDT
OCTOBER 16 2018.......SUNRISE   754 AM EDT   SUNSET   703 PM EDT


-  INDICATES NEGATIVE NUMBERS.
R  INDICATES RECORD WAS SET OR TIED.
MM INDICATES DATA IS MISSING.
T  INDICATES TRACE AMOUNT.




$$
