000
CDUS43 KFGF 102258
CLIGFK


CLIMATE REPORT
NATIONAL WEATHER SERVICE EASTERN NORTH DAKOTA/GRAND FORKS
457 PM CST MON DEC 10 2018


...................................

...THE GRAND FORKS INTL AP ND CLIMATE SUMMARY FOR DECEMBER 10 2018...
VALID TODAY AS OF 0400 PM LOCAL TIME.

CLIMATE NORMAL PERIOD 1981 TO 2010
CLIMATE RECORD PERIOD 1948 TO 2018


WEATHER ITEM   OBSERVED TIME   RECORD YEAR NORMAL DEPARTURE LAST
                VALUE   (LST)  VALUE       VALUE  FROM      YEAR
                                                  NORMAL
..................................................................
TEMPERATURE (F)
 TODAY
  MAXIMUM         29    300 PM  47    1974  22      7       29
  MINIMUM          5   1220 AM -28    1977   4      1       15
  AVERAGE         17                        13      4       22

PRECIPITATION (IN)
  TODAY            0.00          0.18 1986   0.02  -0.02     0.06
                                      1948
                                      1929
  MONTH TO DATE    T                         0.20  -0.20     0.27
  SINCE DEC 1      T                         0.20  -0.20     0.27
  SINCE JAN 1     20.50                     20.40   0.10    16.75

SNOWFALL (IN)
  TODAY            0.0           2.5  1948   0.3   -0.3      0.4
  MONTH TO DATE    T                         3.3   -3.3      4.3
  SINCE DEC 1      T                         3.3   -3.3      4.3
  SINCE JUL 1     11.9                      12.5   -0.6     14.5
  SNOW DEPTH       1

DEGREE DAYS
 HEATING
  TODAY           48                        52     -4       43
  MONTH TO DATE  487                       500    -13      421
  SINCE DEC 1    487                       500    -13      421
  SINCE JUL 1   3026                      2699    327     2406

 COOLING
  TODAY            0                         0      0        0
  MONTH TO DATE    0                         0      0        0
  SINCE DEC 1      0                         0      0        0
  SINCE JAN 1    519                       379    140      411
..................................................................


WIND (MPH)
  HIGHEST WIND SPEED    12   HIGHEST WIND DIRECTION    NW (320)
  HIGHEST GUST SPEED    14   HIGHEST GUST DIRECTION     S (200)
  AVERAGE WIND SPEED     7.2


SKY COVER
  POSSIBLE SUNSHINE  MM
  AVERAGE SKY COVER 0.2


WEATHER CONDITIONS
 THE FOLLOWING WEATHER WAS RECORDED TODAY.
  NO SIGNIFICANT WEATHER WAS OBSERVED.


RELATIVE HUMIDITY (PERCENT)
 HIGHEST    92           200 AM
 LOWEST     63           100 PM
 AVERAGE    78

..........................................................


THE GRAND FORKS INTL AP ND CLIMATE NORMALS FOR TOMORROW
                         NORMAL    RECORD    YEAR
 MAXIMUM TEMPERATURE (F)   21        49      2002
 MINIMUM TEMPERATURE (F)    4       -21      2013


SUNRISE AND SUNSET
DECEMBER 10 2018......SUNRISE   807 AM CST   SUNSET   436 PM CST
DECEMBER 11 2018......SUNRISE   808 AM CST   SUNSET   436 PM CST


-  INDICATES NEGATIVE NUMBERS.
R  INDICATES RECORD WAS SET OR TIED.
MM INDICATES DATA IS MISSING.
T  INDICATES TRACE AMOUNT.




$$
