000
CDUS43 KFGF 200623
CLIGFK

CLIMATE REPORT
NATIONAL WEATHER SERVICE GRAND FORKS
123 AM CDT TUE OCT 20 2020

...................................

...THE GRAND FORKS INTL AP ND CLIMATE SUMMARY FOR OCTOBER 19 2020...

CLIMATE NORMAL PERIOD 1981 TO 2010
CLIMATE RECORD PERIOD 1941 TO 2020


WEATHER ITEM   OBSERVED TIME   RECORD YEAR NORMAL DEPARTURE LAST
                VALUE   (LST)  VALUE       VALUE  FROM      YEAR
                                                  NORMAL
...................................................................
TEMPERATURE (F)
 YESTERDAY
  MAXIMUM         37    332 PM  80    1927  53    -16       59
  MINIMUM         17   1151 PM  15    1930  31    -14       35
                                      1972
  AVERAGE         27                        42    -15       47

PRECIPITATION (IN)
  YESTERDAY        0.00          1.46 1932   0.07  -0.07     0.00
  MONTH TO DATE    0.14                      1.31  -1.17     3.12
  SINCE SEP 1      0.44                      3.36  -2.92    11.26
  SINCE JAN 1     18.60                     18.59   0.01    25.30

SNOWFALL (IN)
  YESTERDAY        0.0           0.2  1984   0.1   -0.1      0.0
  MONTH TO DATE    T                         0.6   -0.6      7.1
  SINCE SEP 1      T                         0.6   -0.6      7.1
  SINCE JUL 1      T                         0.6   -0.6      7.1
  SNOW DEPTH      MM

DEGREE DAYS
 HEATING
  YESTERDAY       38                        23     15       18
  MONTH TO DATE  392                       362     30      413
  SINCE SEP 1    630                       631     -1      624
  SINCE JUL 1    649                       713    -64      674

 COOLING
  YESTERDAY        0                         0      0        0
  MONTH TO DATE    0                         0      0        0
  SINCE SEP 1      4                        26    -22       47
  SINCE JAN 1    541                       378    163      432
...................................................................


WIND (MPH)
  HIGHEST WIND SPEED    10   HIGHEST WIND DIRECTION     W (270)
  HIGHEST GUST SPEED    15   HIGHEST GUST DIRECTION     W (270)
  AVERAGE WIND SPEED     5.2


SKY COVER
  POSSIBLE SUNSHINE  MM
  AVERAGE SKY COVER 0.7


WEATHER CONDITIONS
THE FOLLOWING WEATHER WAS RECORDED YESTERDAY.
  NO SIGNIFICANT WEATHER WAS OBSERVED.


RELATIVE HUMIDITY (PERCENT)
 HIGHEST    59          1100 PM
 LOWEST     33           300 PM
 AVERAGE    46

..........................................................


THE GRAND FORKS INTL AP ND CLIMATE NORMALS FOR TODAY
                         NORMAL    RECORD    YEAR
 MAXIMUM TEMPERATURE (F)   52        79      1978
                                             2017
 MINIMUM TEMPERATURE (F)   31         9      1916


SUNRISE AND SUNSET
OCTOBER 20 2020.......SUNRISE   756 AM CDT   SUNSET   630 PM CDT
OCTOBER 21 2020.......SUNRISE   758 AM CDT   SUNSET   628 PM CDT


-  INDICATES NEGATIVE NUMBERS.
R  INDICATES RECORD WAS SET OR TIED.
MM INDICATES DATA IS MISSING.
T  INDICATES TRACE AMOUNT.




$$
