000
CDUS43 KFGF 210709
CLIGFK


CLIMATE REPORT
NATIONAL WEATHER SERVICE EASTERN NORTH DAKOTA/GRAND FORKS
209 AM CDT FRI SEP 21 2018


...................................

...THE GRAND FORKS INTL AP ND CLIMATE SUMMARY FOR SEPTEMBER 20 2018...

CLIMATE NORMAL PERIOD 1981 TO 2010
CLIMATE RECORD PERIOD 1948 TO 2018


WEATHER ITEM   OBSERVED TIME   RECORD YEAR NORMAL DEPARTURE LAST
                VALUE   (LST)  VALUE       VALUE  FROM      YEAR
                                                  NORMAL
..................................................................
TEMPERATURE (F)
 YESTERDAY
  MAXIMUM         56    118 PM  88    1960  68    -12       73
  MINIMUM         39    317 AM  26    1973  42     -3       52
  AVERAGE         48                        55     -7       63

PRECIPITATION (IN)
  YESTERDAY        1.00          1.13 2011   0.06   0.94     0.01
  MONTH TO DATE    2.18                      1.41   0.77     2.73
  SINCE SEP 1      2.18                      1.41   0.77     2.73
  SINCE JAN 1     16.84                     16.64   0.20    13.78

SNOWFALL (IN)
  YESTERDAY        0.0          MM      MM   0.0    0.0      0.0
  MONTH TO DATE    0.0                       0.0    0.0      0.0
  SINCE SEP 1      0.0                       0.0    0.0      0.0
  SINCE JUL 1      0.0                       0.0    0.0      0.0
  SNOW DEPTH       0

DEGREE DAYS
 HEATING
  YESTERDAY       17                        10      7        2
  MONTH TO DATE   97                       140    -43       87
  SINCE SEP 1     97                       140    -43       87
  SINCE JUL 1    141                       222    -81      106

 COOLING
  YESTERDAY        0                         0      0        0
  MONTH TO DATE   21                        24     -3       36
  SINCE SEP 1     21                        24     -3       36
  SINCE JAN 1    519                       376    143      411
..................................................................


WIND (MPH)
  HIGHEST WIND SPEED    31   HIGHEST WIND DIRECTION     N (360)
  HIGHEST GUST SPEED    43   HIGHEST GUST DIRECTION     N (360)
  AVERAGE WIND SPEED    14.1


SKY COVER
  POSSIBLE SUNSHINE  MM
  AVERAGE SKY COVER 0.8


WEATHER CONDITIONS
 THE FOLLOWING WEATHER WAS RECORDED YESTERDAY.
  HEAVY RAIN
  RAIN
  LIGHT RAIN
  FOG


RELATIVE HUMIDITY (PERCENT)
 HIGHEST   100           200 AM
 LOWEST     82          1200 AM
 AVERAGE    91

..........................................................


THE GRAND FORKS INTL AP ND CLIMATE NORMALS FOR TODAY
                         NORMAL    RECORD    YEAR
 MAXIMUM TEMPERATURE (F)   67        91      2015
 MINIMUM TEMPERATURE (F)   42        24      1974


SUNRISE AND SUNSET
SEPTEMBER 21 2018.....SUNRISE   714 AM CDT   SUNSET   728 PM CDT
SEPTEMBER 22 2018.....SUNRISE   715 AM CDT   SUNSET   726 PM CDT


-  INDICATES NEGATIVE NUMBERS.
R  INDICATES RECORD WAS SET OR TIED.
MM INDICATES DATA IS MISSING.
T  INDICATES TRACE AMOUNT.




$$
