955
CDUS43 KFGF 182157
CLIGFK


CLIMATE REPORT
NATIONAL WEATHER SERVICE GRAND FORKS ND
451 PM CDT FRI OCT 18 2019


...................................

...THE GRAND FORKS INTL AP ND CLIMATE SUMMARY FOR OCTOBER 18 2019...
VALID TODAY AS OF 0400 PM LOCAL TIME.

CLIMATE NORMAL PERIOD 1981 TO 2010
CLIMATE RECORD PERIOD 1941 TO 2019


WEATHER ITEM   OBSERVED TIME   RECORD YEAR NORMAL DEPARTURE LAST
                VALUE   (LST)  VALUE       VALUE  FROM      YEAR
                                                  NORMAL
..................................................................
TEMPERATURE (F)
 TODAY
  MAXIMUM         60    250 PM  76    2018  54      6       76
  MINIMUM         43    620 AM   8    1972  31     12       33
  AVERAGE         52                        42     10       55

PRECIPITATION (IN)
  TODAY            0.00          0.93 2007   0.06  -0.06      T
  MONTH TO DATE    3.12                      1.24   1.88     2.37
  SINCE SEP 1     11.26                      3.29   7.97     4.59
  SINCE JAN 1     25.30                     18.52   6.78    19.25

SNOWFALL (IN)
  TODAY            0.0           1.0  2002   0.0    0.0      0.0
                                      1968
  MONTH TO DATE    7.1                       0.5    6.6      8.3
  SINCE SEP 1      7.1                       0.5    6.6      8.3
  SINCE JUL 1      7.1                       0.5    6.6      8.3
  SNOW DEPTH       0

DEGREE DAYS
 HEATING
  TODAY           13                        23    -10       10
  MONTH TO DATE  395                       339     56      498
  SINCE SEP 1    606                       608     -2      799
  SINCE JUL 1    656                       690    -34      843

 COOLING
  TODAY            0                         0      0        0
  MONTH TO DATE    0                         0      0        0
  SINCE SEP 1     47                        26     21       21
  SINCE JAN 1    432                       378     54      519
..................................................................


WIND (MPH)
  HIGHEST WIND SPEED    23   HIGHEST WIND DIRECTION     S (180)
  HIGHEST GUST SPEED    33   HIGHEST GUST DIRECTION     S (180)
  AVERAGE WIND SPEED    15.0


SKY COVER
  POSSIBLE SUNSHINE  MM
  AVERAGE SKY COVER 0.4


WEATHER CONDITIONS
 THE FOLLOWING WEATHER WAS RECORDED TODAY.
  NO SIGNIFICANT WEATHER WAS OBSERVED.


RELATIVE HUMIDITY (PERCENT)
 HIGHEST    83           500 AM
 LOWEST     62           200 PM
 AVERAGE    73

..........................................................


THE GRAND FORKS INTL AP ND CLIMATE NORMALS FOR TOMORROW
                         NORMAL    RECORD    YEAR
 MAXIMUM TEMPERATURE (F)   53        75      2003
 MINIMUM TEMPERATURE (F)   31        15      1972



SUNRISE AND SUNSET
OCTOBER 18 2019.......SUNRISE   752 AM CDT   SUNSET   635 PM CDT
OCTOBER 19 2019.......SUNRISE   754 AM CDT   SUNSET   633 PM CDT


-  INDICATES NEGATIVE NUMBERS.
R  INDICATES RECORD WAS SET OR TIED.
MM INDICATES DATA IS MISSING.
T  INDICATES TRACE AMOUNT.




$$
