000
CDUS43 KFGF 192156
CLIGFK


CLIMATE REPORT
NATIONAL WEATHER SERVICE EASTERN NORTH DAKOTA/GRAND FORKS
455 PM CDT TUE JUN 19 2018


...................................

...THE GRAND FORKS INTL AP ND CLIMATE SUMMARY FOR JUNE 19 2018...
VALID TODAY AS OF 0400 PM LOCAL TIME.

CLIMATE NORMAL PERIOD 1981 TO 2010
CLIMATE RECORD PERIOD 1948 TO 2018


WEATHER ITEM   OBSERVED TIME   RECORD YEAR NORMAL DEPARTURE LAST
                VALUE   (LST)  VALUE       VALUE  FROM      YEAR
                                                  NORMAL
..................................................................
TEMPERATURE (F)
 TODAY
  MAXIMUM         82    259 PM  95    1995  77      5       75
  MINIMUM         56    301 AM  35    1969  53      3       53
  AVERAGE         69                        65      4       64

PRECIPITATION (IN)
  TODAY            0.00          1.57 2014   0.12  -0.12     0.16
  MONTH TO DATE    3.12                      2.11   1.01     1.30
  SINCE JUN 1      3.12                      2.11   1.01     1.30
  SINCE JAN 1      7.80                      7.83  -0.03     5.45

SNOWFALL (IN)
  TODAY            0.0          MM      MM   0.0    0.0      0.0
  MONTH TO DATE    0.0                       0.0    0.0      0.0
  SINCE JUN 1      0.0                       0.0    0.0      0.0
  SINCE JUL 1     52.4                      47.4    5.0     44.1
  SNOW DEPTH       0

DEGREE DAYS
 HEATING
  TODAY            0                         3     -3        1
  MONTH TO DATE   27                        82    -55        5
  SINCE JUN 1     27                        82    -55        5
  SINCE JUL 1   9440                      9494    -54     8019

 COOLING
  TODAY            4                         3      1        0
  MONTH TO DATE   56                        37     19       90
  SINCE JUN 1     56                        37     19       90
  SINCE JAN 1    129                        54     75       92
..................................................................


WIND (MPH)
  HIGHEST WIND SPEED    13   HIGHEST WIND DIRECTION     E (70)
  HIGHEST GUST SPEED    18   HIGHEST GUST DIRECTION    NE (60)
  AVERAGE WIND SPEED     4.8


SKY COVER
  POSSIBLE SUNSHINE  MM
  AVERAGE SKY COVER 0.6


WEATHER CONDITIONS
 THE FOLLOWING WEATHER WAS RECORDED TODAY.
  NO SIGNIFICANT WEATHER WAS OBSERVED.


RELATIVE HUMIDITY (PERCENT)
 HIGHEST   100           300 AM
 LOWEST     36           100 PM
 AVERAGE    68

..........................................................


THE GRAND FORKS INTL AP ND CLIMATE NORMALS FOR TOMORROW
                         NORMAL    RECORD    YEAR
 MAXIMUM TEMPERATURE (F)   77        96      1995
 MINIMUM TEMPERATURE (F)   54        30      1969


SUNRISE AND SUNSET
JUNE 19 2018..........SUNRISE   529 AM CDT   SUNSET   931 PM CDT
JUNE 20 2018..........SUNRISE   529 AM CDT   SUNSET   932 PM CDT


-  INDICATES NEGATIVE NUMBERS.
R  INDICATES RECORD WAS SET OR TIED.
MM INDICATES DATA IS MISSING.
T  INDICATES TRACE AMOUNT.




$$
