000
CDUS43 KFGF 272202
CLIGFK

CLIMATE REPORT
NATIONAL WEATHER SERVICE GRAND FORKS
502 PM CDT WED MAY 27 2020

...................................

...THE GRAND FORKS INTL AP ND CLIMATE SUMMARY FOR MAY 27 2020...
VALID TODAY AS OF 0445 PM LOCAL TIME.

CLIMATE NORMAL PERIOD 1981 TO 2010
CLIMATE RECORD PERIOD 1941 TO 2020


WEATHER ITEM   OBSERVED TIME   RECORD YEAR NORMAL DEPARTURE LAST
                VALUE   (LST)  VALUE       VALUE  FROM      YEAR
                                                  NORMAL
...................................................................
TEMPERATURE (F)
 TODAY
  MAXIMUM         81    137 PM  99    1934  71     10       63
  MINIMUM         50    514 AM  21    1907  46      4       42
  AVERAGE         66                        58      8       53

PRECIPITATION (IN)
  TODAY            0.00          1.29 1931   0.09  -0.09     0.00
  MONTH TO DATE    1.05                      2.27  -1.22     1.72
  SINCE MAR 1      2.25                      4.24  -1.99     4.64
  SINCE JAN 1      3.15                      5.31  -2.16     6.21

SNOWFALL (IN)
  TODAY            0.0           0.4  1947   0.0    0.0      0.0
  MONTH TO DATE    T                         0.1   -0.1      0.0
  SINCE MAR 1     10.4                      10.2    0.2     21.0
  SINCE JUL 1     65.5                      47.4   18.1     69.6
  SNOW DEPTH       0

DEGREE DAYS
 HEATING
  TODAY            0                         7     -7       12
  MONTH TO DATE  354                       307     47      417
  SINCE MAR 1   2510                      2235    275     2602
  SINCE JUL 1   9757                      9385    372    10507

 COOLING
  TODAY            1                         1      0        0
  MONTH TO DATE    6                        12     -6        0
  SINCE MAR 1      6                        13     -7        0
  SINCE JAN 1      6                        13     -7        0
...................................................................


WIND (MPH)
  HIGHEST WIND SPEED    26   HIGHEST WIND DIRECTION     W (280)
  HIGHEST GUST SPEED    35   HIGHEST GUST DIRECTION     W (280)
  AVERAGE WIND SPEED    12.3


SKY COVER
  POSSIBLE SUNSHINE  MM
  AVERAGE SKY COVER 0.2


WEATHER CONDITIONS
THE FOLLOWING WEATHER WAS RECORDED TODAY.
  NO SIGNIFICANT WEATHER WAS OBSERVED.


RELATIVE HUMIDITY (PERCENT)
 HIGHEST    83           400 AM
 LOWEST     24           300 PM
 AVERAGE    54

..........................................................


THE GRAND FORKS INTL AP ND CLIMATE NORMALS FOR TOMORROW
                         NORMAL    RECORD    YEAR
 MAXIMUM TEMPERATURE (F)   72        95      1934
                                             2006
 MINIMUM TEMPERATURE (F)   46        23      1947


SUNRISE AND SUNSET
MAY 27 2020...........SUNRISE   537 AM CDT   SUNSET   916 PM CDT
MAY 28 2020...........SUNRISE   536 AM CDT   SUNSET   917 PM CDT


-  INDICATES NEGATIVE NUMBERS.
R  INDICATES RECORD WAS SET OR TIED.
MM INDICATES DATA IS MISSING.
T  INDICATES TRACE AMOUNT.




$$
