798
CDUS41 KALY 152101
CLIGFL


CLIMATE REPORT
NATIONAL WEATHER SERVICE ALBANY NY
500 PM EDT MON OCT 15 2018


...................................

...THE GLENS FALLS NY CLIMATE SUMMARY FOR OCTOBER 15 2018...
VALID TODAY AS OF 0500 PM LOCAL TIME.

CLIMATE NORMAL PERIOD 1981 TO 2010
CLIMATE RECORD PERIOD 1893 TO 2018


WEATHER ITEM   OBSERVED TIME   RECORD YEAR NORMAL DEPARTURE LAST
                VALUE   (LST)  VALUE       VALUE  FROM      YEAR
                                                  NORMAL
..................................................................
TEMPERATURE (F)
 TODAY
  MAXIMUM         54    323 PM  83    1897  59     -5       75
  MINIMUM         32    402 AM  22    2002  35     -3       47
  AVERAGE         43                        47     -4       61

PRECIPITATION (IN)
  TODAY            0.08          1.18 1915   0.12  -0.04     0.03
  MONTH TO DATE    1.99                      1.74   0.25     1.12
  SINCE SEP 1      4.90                      5.12  -0.22     3.44
  SINCE JAN 1     29.72                     30.93  -1.21    30.57

DEGREE DAYS
 HEATING
  TODAY           22                        18      4        4
  MONTH TO DATE  160                       235    -75      139
  SINCE SEP 1    301                       454   -153      271
  SINCE JUL 1    310                       520   -210      338

 COOLING
  TODAY            0                         0      0        0
  MONTH TO DATE   10                         0     10        3
  SINCE SEP 1    105                        24     81       70
  SINCE JAN 1    600                       351    249      384
..................................................................


WIND (MPH)
  HIGHEST WIND SPEED     3   HIGHEST WIND DIRECTION    SE (130)
  HIGHEST GUST SPEED     5   HIGHEST GUST DIRECTION     S (160)
  AVERAGE WIND SPEED     0.0


SKY COVER
  AVERAGE SKY COVER 0.7



RELATIVE HUMIDITY (PERCENT)
 HIGHEST   100          1200 AM
 LOWEST     92           200 AM
 AVERAGE    96

..........................................................


THE GLENS FALLS NY CLIMATE NORMALS FOR TOMORROW
                         NORMAL    RECORD    YEAR
 MAXIMUM TEMPERATURE (F)   58        83      1897
 MINIMUM TEMPERATURE (F)   35        21      1978


SUNRISE AND SUNSET
OCTOBER 15 2018.......SUNRISE   708 AM EDT   SUNSET   611 PM EDT
OCTOBER 16 2018.......SUNRISE   709 AM EDT   SUNSET   610 PM EDT


-  INDICATES NEGATIVE NUMBERS.
R  INDICATES RECORD WAS SET OR TIED.
MM INDICATES DATA IS MISSING.
T  INDICATES TRACE AMOUNT.




$$
