000
CDUS41 KALY 150623
CLIGFL


CLIMATE REPORT
NATIONAL WEATHER SERVICE ALBANY NY
222 AM EDT SUN JUL 15 2018


...................................

...THE GLENS FALLS NY CLIMATE SUMMARY FOR JULY 14 2018...

CLIMATE NORMAL PERIOD 1981 TO 2010
CLIMATE RECORD PERIOD 1893 TO 2018


WEATHER ITEM   OBSERVED TIME   RECORD YEAR NORMAL DEPARTURE LAST
                VALUE   (LST)  VALUE       VALUE  FROM      YEAR
                                                  NORMAL
..................................................................
TEMPERATURE (F)
 YESTERDAY
  MAXIMUM         81    336 PM  98    1995  81      0       70
  MINIMUM         57   1229 AM  44    2007  57      0       60
  AVERAGE         69                        69      0       65

PRECIPITATION (IN)
  YESTERDAY        0.05          0.75 1973   0.13  -0.08     0.05
  MONTH TO DATE    0.27                      1.79  -1.52     4.29
  SINCE JUN 1      3.96                      5.34  -1.38     8.03
  SINCE JAN 1     15.40                     19.83  -4.43    24.37

DEGREE DAYS
 HEATING
  YESTERDAY        0                         1     -1        0
  MONTH TO DATE    3                        14    -11        3
  SINCE JUN 1    102                       104     -2       96
  SINCE JUL 1      3                        14    -11        3

 COOLING
  YESTERDAY        4                         5     -1        0
  MONTH TO DATE  104                        62     42       60
  SINCE JUN 1    151                       131     20      148
  SINCE JAN 1    176                       143     33      169
..................................................................


WIND (MPH)
  HIGHEST WIND SPEED    12   HIGHEST WIND DIRECTION     N (360)
  HIGHEST GUST SPEED    14   HIGHEST GUST DIRECTION     S (180)
  AVERAGE WIND SPEED     3.4


SKY COVER
  AVERAGE SKY COVER 0.8



RELATIVE HUMIDITY (PERCENT)
 HIGHEST   100          1200 AM
 LOWEST     67           200 PM
 AVERAGE    84

..........................................................


THE GLENS FALLS NY CLIMATE NORMALS FOR TODAY
                         NORMAL    RECORD    YEAR
 MAXIMUM TEMPERATURE (F)   81        94      1983
 MINIMUM TEMPERATURE (F)   57        45      2009
                                             1950


SUNRISE AND SUNSET
JULY 15 2018..........SUNRISE   528 AM EDT   SUNSET   833 PM EDT
JULY 16 2018..........SUNRISE   529 AM EDT   SUNSET   832 PM EDT


-  INDICATES NEGATIVE NUMBERS.
R  INDICATES RECORD WAS SET OR TIED.
MM INDICATES DATA IS MISSING.
T  INDICATES TRACE AMOUNT.




Records for KGFL date back to 1893, however there is data missing
for 1931 and January 1934 through August 1942.
$$
