000
CDUS41 KALY 082036
CLIGFL

CLIMATE REPORT
NATIONAL WEATHER SERVICE ALBANY NY
436 PM EDT SAT MAY 08 2021

...................................

...THE GLENS FALLS NY CLIMATE SUMMARY FOR MAY 8 2021...
VALID TODAY AS OF 0400 PM LOCAL TIME.

CLIMATE NORMAL PERIOD: 1991 TO 2020
CLIMATE RECORD PERIOD: 1893 TO 2021


WEATHER ITEM   OBSERVED TIME   RECORD YEAR NORMAL DEPARTURE LAST
                VALUE   (LST)  VALUE       VALUE  FROM      YEAR
                                                  NORMAL
...................................................................
TEMPERATURE (F)
 TODAY
  MAXIMUM         57   1:11 PM  88    2015  67    -10       54
  MINIMUM         42   5:38 AM  27    1968  41      1       32
  AVERAGE         50                        54     -4       43

PRECIPITATION (IN)
  TODAY            T             1.33 2012   0.10  -0.10     0.10
  MONTH TO DATE    1.21                      0.87   0.34     0.26
  SINCE MAR 1      6.04                      6.76  -0.72     6.53
  SINCE JAN 1      9.28                     11.27  -1.99    10.99

DEGREE DAYS
 HEATING
  TODAY           15                        11      4       22
  MONTH TO DATE  113                       100     13      120
  SINCE MAR 1   1633                      1744   -111     1654
  SINCE JUL 1   6816                      7149   -333     6929

 COOLING
  TODAY            0                         0      0        0
  MONTH TO DATE    0                         0      0        0
  SINCE MAR 1      0                         1     -1        0
  SINCE JAN 1      0                         1     -1        0
...................................................................


WIND (MPH)
  HIGHEST WIND SPEED    12   HIGHEST WIND DIRECTION     E (80)
  HIGHEST GUST SPEED    15   HIGHEST GUST DIRECTION     E (80)
  AVERAGE WIND SPEED     2.3


SKY COVER
  AVERAGE SKY COVER 0.7


RELATIVE HUMIDITY (PERCENT)
 HIGHEST    89           6:00 AM
 LOWEST     43           1:00 PM
 AVERAGE    66

..........................................................


THE GLENS FALLS NY CLIMATE NORMALS FOR TOMORROW
                         NORMAL    RECORD    YEAR
 MAXIMUM TEMPERATURE (F)   67        93      1979
 MINIMUM TEMPERATURE (F)   42        24      1985


SUNRISE AND SUNSET
MAY  8 2021...........SUNRISE   5:38 AM EDT   SUNSET   8:04 PM EDT
MAY  9 2021...........SUNRISE   5:37 AM EDT   SUNSET   8:06 PM EDT


-  INDICATES NEGATIVE NUMBERS.
R  INDICATES RECORD WAS SET OR TIED.
MM INDICATES DATA IS MISSING.
T  INDICATES TRACE AMOUNT.




$$
