000
CDUS41 KALY 092034
CLIGFL

CLIMATE REPORT
NATIONAL WEATHER SERVICE ALBANY NY
434 PM EDT SUN AUG 09 2020

...................................

...THE GLENS FALLS NY CLIMATE SUMMARY FOR AUGUST 9 2020...
VALID TODAY AS OF 0400 PM LOCAL TIME.

CLIMATE NORMAL PERIOD: 1981 TO 2010
CLIMATE RECORD PERIOD: 1893 TO 2020


WEATHER ITEM   OBSERVED TIME   RECORD YEAR NORMAL DEPARTURE LAST
                VALUE   (LST)  VALUE       VALUE  FROM      YEAR
                                                  NORMAL
...................................................................
TEMPERATURE (F)
 TODAY
  MAXIMUM         85   3:21 PM  98    1949  80      5       81
  MINIMUM         61   5:02 AM  43    2004  56      5       55
  AVERAGE         73                        68      5       68

PRECIPITATION (IN)
  TODAY            0.01          1.16 1991   0.13  -0.12     0.00
  MONTH TO DATE    2.83                      1.18   1.65     0.11
  SINCE JUN 1      7.66                      8.82  -1.16     7.56
  SINCE JAN 1     21.29                     23.31  -2.02    26.05

DEGREE DAYS
 HEATING
  TODAY            0                         1     -1        0
  MONTH TO DATE    3                         9     -6        1
  SINCE JUN 1     89                       120    -31       71
  SINCE JUL 1      3                        30    -27        1

 COOLING
  TODAY            8                         4      4        3
  MONTH TO DATE   46                        36     10       37
  SINCE JUN 1    413                       244    169      324
  SINCE JAN 1    458                       256    202      333
...................................................................


WIND (MPH)
  HIGHEST WIND SPEED    14   HIGHEST WIND DIRECTION    SW (220)
  HIGHEST GUST SPEED    19   HIGHEST GUST DIRECTION    SW (220)
  AVERAGE WIND SPEED     2.9


SKY COVER
  AVERAGE SKY COVER 0.3


RELATIVE HUMIDITY (PERCENT)
 HIGHEST    97          12:00 AM
 LOWEST     48           3:00 PM
 AVERAGE    73

..........................................................


THE GLENS FALLS NY CLIMATE NORMALS FOR TOMORROW
                         NORMAL    RECORD    YEAR
 MAXIMUM TEMPERATURE (F)   80        97      1949
 MINIMUM TEMPERATURE (F)   56        44      1999


SUNRISE AND SUNSET
AUGUST  9 2020........SUNRISE   5:54 AM EDT   SUNSET   8:05 PM EDT
AUGUST 10 2020........SUNRISE   5:55 AM EDT   SUNSET   8:04 PM EDT


-  INDICATES NEGATIVE NUMBERS.
R  INDICATES RECORD WAS SET OR TIED.
MM INDICATES DATA IS MISSING.
T  INDICATES TRACE AMOUNT.




$$
