000
CDUS41 KALY 252146
CLIGFL


CLIMATE REPORT
NATIONAL WEATHER SERVICE ALBANY NY
446 PM EST SUN FEB 25 2018


...................................

...THE GLENS FALLS NY CLIMATE SUMMARY FOR FEBRUARY 25 2018...
VALID TODAY AS OF 0400 PM LOCAL TIME.

CLIMATE NORMAL PERIOD 1981 TO 2010
CLIMATE RECORD PERIOD 1949 TO 2018


WEATHER ITEM   OBSERVED TIME   RECORD YEAR NORMAL DEPARTURE LAST
                VALUE   (LST)  VALUE       VALUE  FROM      YEAR
                                                  NORMAL
..................................................................
TEMPERATURE (F)
 TODAY
  MAXIMUM         34    445 PM  70    2017  36     -2       70
  MINIMUM         28   1238 AM -12    2007  13     15       33
  AVERAGE         31                        24      7       52

PRECIPITATION (IN)
  TODAY            0.38          1.34 1977   0.08   0.30     0.66
  MONTH TO DATE    2.20                      1.84   0.36     2.51
  SINCE DEC 1      6.79                      7.75  -0.96     7.56
  SINCE JAN 1      4.47                      4.70  -0.23     4.69

DEGREE DAYS
 HEATING
  TODAY           34                        41     -7       13
  MONTH TO DATE  991                      1103   -112      873
  SINCE DEC 1   3809                      3801      8     3126
  SINCE JUL 1   5220                      5499   -279     4442

 COOLING
  TODAY            0                         0      0        0
  MONTH TO DATE    0                         0      0        0
  SINCE DEC 1      0                         0      0        0
  SINCE JAN 1      0                         0      0        0
..................................................................


WIND (MPH)
  HIGHEST WIND SPEED     8   HIGHEST WIND DIRECTION    NE (30)
  HIGHEST GUST SPEED    10   HIGHEST GUST DIRECTION     N (20)
  AVERAGE WIND SPEED     2.7


SKY COVER
  AVERAGE SKY COVER 0.9



RELATIVE HUMIDITY (PERCENT)
 HIGHEST   100           900 AM
 LOWEST     78          1200 AM
 AVERAGE    89

..........................................................


THE GLENS FALLS NY CLIMATE NORMALS FOR TOMORROW
                         NORMAL    RECORD    YEAR
 MAXIMUM TEMPERATURE (F)   36        61      2002
 MINIMUM TEMPERATURE (F)   13       -16      2003


SUNRISE AND SUNSET
FEBRUARY 25 2018......SUNRISE   637 AM EST   SUNSET   538 PM EST
FEBRUARY 26 2018......SUNRISE   636 AM EST   SUNSET   540 PM EST


-  INDICATES NEGATIVE NUMBERS.
R  INDICATES RECORD WAS SET OR TIED.
MM INDICATES DATA IS MISSING.
T  INDICATES TRACE AMOUNT.




$$
