419
CDUS41 KALY 230627
CLIGFL


CLIMATE REPORT
NATIONAL WEATHER SERVICE ALBANY NY
124 AM EST WED JAN 23 2019


...................................

...THE GLENS FALLS NY CLIMATE SUMMARY FOR JANUARY 22 2019...

CLIMATE NORMAL PERIOD 1981 TO 2010
CLIMATE RECORD PERIOD 1893 TO 2019


WEATHER ITEM   OBSERVED TIME   RECORD YEAR NORMAL DEPARTURE LAST
                VALUE   (LST)  VALUE       VALUE  FROM      YEAR
                                                  NORMAL
..................................................................
TEMPERATURE (F)
 YESTERDAY
  MAXIMUM         12    508 PM  57    1906  28    -16       32
  MINIMUM        -20    629 AM -25    1984   7    -27       28
                                      1970
  AVERAGE         -4                        17    -21       30

PRECIPITATION (IN)
  YESTERDAY        0.00          1.05 1904   0.10  -0.10     0.02
  MONTH TO DATE    1.88                      2.04  -0.16     1.51
  SINCE DEC 1      6.13                      5.09   1.04     3.83
  SINCE JAN 1      1.88                      2.04  -0.16     1.51

DEGREE DAYS
 HEATING
  YESTERDAY       69                        48     21       35
  MONTH TO DATE  977                      1036    -59     1079
  SINCE DEC 1   2094                      2276   -182     2453
  SINCE JUL 1   3724                      3974   -250     3864

 COOLING
  YESTERDAY        0                         0      0        0
  MONTH TO DATE    0                         0      0        0
  SINCE DEC 1      0                         0      0        0
  SINCE JAN 1      0                         0      0        0
..................................................................


WIND (MPH)
  HIGHEST WIND SPEED    20   HIGHEST WIND DIRECTION    NW (310)
  HIGHEST GUST SPEED    28   HIGHEST GUST DIRECTION    NW (300)
  AVERAGE WIND SPEED     3.3


SKY COVER
  AVERAGE SKY COVER 0.2



RELATIVE HUMIDITY (PERCENT)
 HIGHEST    79          1000 PM
 LOWEST     46           200 PM
 AVERAGE    63

..........................................................


THE GLENS FALLS NY CLIMATE NORMALS FOR TODAY
                         NORMAL    RECORD    YEAR
 MAXIMUM TEMPERATURE (F)   29        60      1906
 MINIMUM TEMPERATURE (F)    7       -32      1976


SUNRISE AND SUNSET
JANUARY 23 2019.......SUNRISE   719 AM EST   SUNSET   454 PM EST
JANUARY 24 2019.......SUNRISE   718 AM EST   SUNSET   455 PM EST


-  INDICATES NEGATIVE NUMBERS.
R  INDICATES RECORD WAS SET OR TIED.
MM INDICATES DATA IS MISSING.
T  INDICATES TRACE AMOUNT.




$$
