000
CDUS41 KALY 182051
CLIGFL


CLIMATE REPORT
NATIONAL WEATHER SERVICE ALBANY NY
450 PM EDT FRI OCT 18 2019


...................................

...THE GLENS FALLS NY CLIMATE SUMMARY FOR OCTOBER 18 2019...
VALID TODAY AS OF 0400 PM LOCAL TIME.

CLIMATE NORMAL PERIOD 1981 TO 2010
CLIMATE RECORD PERIOD 1893 TO 2019


WEATHER ITEM   OBSERVED TIME   RECORD YEAR NORMAL DEPARTURE LAST
                VALUE   (LST)  VALUE       VALUE  FROM      YEAR
                                                  NORMAL
..................................................................
TEMPERATURE (F)
 TODAY
  MAXIMUM         MM        MM  84    2016  57     MM       44
  MINIMUM         MM        MM  18    1978  34     MM       28
  AVERAGE         MM                        46     MM       36

PRECIPITATION (IN)
  TODAY           MM             2.48 1911   0.11  MM        0.00
  MONTH TO DATE    4.46                      2.07   2.39     2.07
  SINCE SEP 1      6.52                      5.45   1.07     4.98
  SINCE JAN 1     35.31                     31.26   4.05    29.80

DEGREE DAYS
 HEATING
  TODAY           MM                        19     MM       29
  MONTH TO DATE  251                       292    -41      227
  SINCE SEP 1    445                       511    -66      368
  SINCE JUL 1    473                       577   -104      377

 COOLING
  TODAY           MM                         0     MM        0
  MONTH TO DATE    0                         0      0       10
  SINCE SEP 1     21                        24     -3      105
  SINCE JAN 1    416                       351     65      600
..................................................................


WIND (MPH)
  HIGHEST WIND SPEED    MM   HIGHEST WIND DIRECTION    MM
  HIGHEST GUST SPEED    MM   HIGHEST GUST DIRECTION    MM
  AVERAGE WIND SPEED    MM


SKY COVER
  AVERAGE SKY COVER  MM



RELATIVE HUMIDITY (PERCENT)
 HIGHEST    MM
 LOWEST     MM
 AVERAGE    MM

..........................................................


THE GLENS FALLS NY CLIMATE NORMALS FOR TOMORROW
                         NORMAL    RECORD    YEAR
 MAXIMUM TEMPERATURE (F)   57        79      1947
 MINIMUM TEMPERATURE (F)   34        16      1974


SUNRISE AND SUNSET
OCTOBER 18 2019.......SUNRISE   712 AM EDT   SUNSET   607 PM EDT
OCTOBER 19 2019.......SUNRISE   713 AM EDT   SUNSET   605 PM EDT


-  INDICATES NEGATIVE NUMBERS.
R  INDICATES RECORD WAS SET OR TIED.
MM INDICATES DATA IS MISSING.
T  INDICATES TRACE AMOUNT.




$$
