000
CDUS44 KSHV 210750
CLIGGG


CLIMATE REPORT
NATIONAL WEATHER SERVICE SHREVEPORT, LA
249 AM CDT MON OCT 21 2019


...................................

...THE LONGVIEW CLIMATE SUMMARY FOR OCTOBER 20 2019...

CLIMATE NORMAL PERIOD 1981 TO 2010
CLIMATE RECORD PERIOD 1902 TO 2019


WEATHER ITEM   OBSERVED TIME   RECORD YEAR NORMAL DEPARTURE LAST
                VALUE   (LST)  VALUE       VALUE  FROM      YEAR
                                                  NORMAL
..................................................................
TEMPERATURE (F)
 YESTERDAY
  MAXIMUM         87    243 PM  97    1947  77     10       73
  MINIMUM         61    603 AM  34    1966  53      8       55
  AVERAGE         74                        65      9       64

PRECIPITATION (IN)
  YESTERDAY        0.03          1.54 1993   0.16  -0.13     0.05
  MONTH TO DATE    3.11                      3.04   0.07     6.13
  SINCE DEC 1     52.90                     41.52  11.38    46.33
  SINCE JAN 1     43.91                     37.03   6.88    41.00

SNOWFALL (IN)
  YESTERDAY        0.0
  MONTH TO DATE    0.0
  SINCE SEP 1      0.0
  SINCE JUL 1      0.0
  SNOW DEPTH       0

DEGREE DAYS
 HEATING
  YESTERDAY        0                         3     -3        1
  MONTH TO DATE   43                        35      8       39
  SINCE SEP 1     43                        41      2       39
  SINCE JUL 1     43                        41      2       39

 COOLING
  YESTERDAY        9                         3      6        0
  MONTH TO DATE  132                        87     45      156
  SINCE SEP 1    694                       426    268      587
  SINCE JAN 1   2801                      2366    435     3014
..................................................................


WIND (MPH)
  HIGHEST WIND SPEED    17   HIGHEST WIND DIRECTION     S (170)
  HIGHEST GUST SPEED    23   HIGHEST GUST DIRECTION     S (190)
  AVERAGE WIND SPEED     7.0


SKY COVER
  POSSIBLE SUNSHINE  MM
  AVERAGE SKY COVER 0.5


WEATHER CONDITIONS
 THE FOLLOWING WEATHER WAS RECORDED YESTERDAY.
  THUNDERSTORM
  LIGHT RAIN
  FOG
  FOG W/VISIBILITY <= 1/4 MILE
  HAZE


RELATIVE HUMIDITY (PERCENT)
 HIGHEST   100          1200 AM
 LOWEST     51           100 PM
 AVERAGE    76

..........................................................


THE LONGVIEW CLIMATE NORMALS FOR TODAY
                         NORMAL    RECORD    YEAR
 MAXIMUM TEMPERATURE (F)   77        94      1934
 MINIMUM TEMPERATURE (F)   53        34      1966


SUNRISE AND SUNSET
OCTOBER 21 2019.......SUNRISE   727 AM CDT   SUNSET   640 PM CDT
OCTOBER 22 2019.......SUNRISE   728 AM CDT   SUNSET   638 PM CDT


-  INDICATES NEGATIVE NUMBERS.
R  INDICATES RECORD WAS SET OR TIED.
MM INDICATES DATA IS MISSING.
T  INDICATES TRACE AMOUNT.




$$
