000
CDUS44 KSHV 100750
CLIGGG

CLIMATE REPORT
NATIONAL WEATHER SERVICE SHREVEPORT, LA
250 AM CDT MON MAY 10 2021

...................................

...THE LONGVIEW CLIMATE SUMMARY FOR MAY 9 2021...

CLIMATE NORMAL PERIOD: 1991 TO 2020
CLIMATE RECORD PERIOD: 1902 TO 2021


WEATHER ITEM   OBSERVED TIME   RECORD YEAR NORMAL DEPARTURE LAST
                VALUE   (LST)  VALUE       VALUE  FROM      YEAR
                                                  NORMAL
...................................................................
TEMPERATURE (F)
 YESTERDAY
  MAXIMUM         85   2:29 PM  95    1945  82      3       71
  MINIMUM         69  11:59 PM  44    1992  61      8       50
  AVERAGE         77                        72      5       61

PRECIPITATION (IN)
  YESTERDAY        T             2.87 1936   0.16  -0.16     0.00
  MONTH TO DATE    1.43                      1.46  -0.03     1.29
  SINCE MAR 1      9.92                      9.80   0.12    11.92
  SINCE JAN 1     17.16                     17.22  -0.06    22.44

SNOWFALL (IN)
  YESTERDAY       MM
  MONTH TO DATE    0.0
  SINCE MAR 1      0.0
  SINCE JUL 1     14.0
  SNOW DEPTH      MM

DEGREE DAYS
 HEATING
  YESTERDAY        0                         0      0        4
  MONTH TO DATE    0                         8     -8        4
  SINCE MAR 1    344                       325     19      215
  SINCE JUL 1   2269                      2133    136     2031

 COOLING
  YESTERDAY       12                         7      5        0
  MONTH TO DATE   52                        55     -3       47
  SINCE MAR 1    146                       189    -43      201
  SINCE JAN 1    152                       205    -53      210
...................................................................


WIND (MPH)
  HIGHEST WIND SPEED    23   HIGHEST WIND DIRECTION     S (190)
  HIGHEST GUST SPEED    31   HIGHEST GUST DIRECTION     S (190)
  AVERAGE WIND SPEED    10.3


SKY COVER
  POSSIBLE SUNSHINE  MM
  AVERAGE SKY COVER 0.7


WEATHER CONDITIONS
THE FOLLOWING WEATHER WAS RECORDED YESTERDAY.
  THUNDERSTORM
  LIGHT RAIN


RELATIVE HUMIDITY (PERCENT)
 HIGHEST    87           8:00 PM
 LOWEST     59           2:00 PM
 AVERAGE    73

..........................................................


THE LONGVIEW CLIMATE NORMALS FOR TODAY
                         NORMAL    RECORD    YEAR
 MAXIMUM TEMPERATURE (F)   82        95      1939
 MINIMUM TEMPERATURE (F)   61        43      1931


SUNRISE AND SUNSET
MAY 10 2021...........SUNRISE   6:24 AM CDT   SUNSET   8:07 PM CDT
MAY 11 2021...........SUNRISE   6:23 AM CDT   SUNSET   8:07 PM CDT


-  INDICATES NEGATIVE NUMBERS.
R  INDICATES RECORD WAS SET OR TIED.
MM INDICATES DATA IS MISSING.
T  INDICATES TRACE AMOUNT.




$$
