000
CDUS44 KSHV 192239
CLIGGG


CLIMATE REPORT
NATIONAL WEATHER SERVICE SHREVEPORT, LA
518 PM CDT TUE JUN 19 2018


...................................

...THE LONGVIEW CLIMATE SUMMARY FOR JUNE 19 2018...
VALID TODAY AS OF 0500 PM LOCAL TIME.

CLIMATE NORMAL PERIOD 1981 TO 2010
CLIMATE RECORD PERIOD 1902 TO 2018


WEATHER ITEM   OBSERVED TIME   RECORD YEAR NORMAL DEPARTURE LAST
                VALUE   (LST)  VALUE       VALUE  FROM      YEAR
                                                  NORMAL
..................................................................
TEMPERATURE (F)
 TODAY
  MAXIMUM         89    136 PM 105    2011  91     -2       90
                                      1918
  MINIMUM         72    608 AM  56    1920  70      2       76
  AVERAGE         81                        80      1       83

PRECIPITATION (IN)
  TODAY            T             1.63 1976   0.19  -0.19      T
  MONTH TO DATE    0.95                      3.16  -2.21     3.39
  SINCE DEC 1     30.18                     27.38   2.80    30.64
  SINCE JAN 1     24.85                     22.89   1.96    25.84

DEGREE DAYS
 HEATING
  TODAY            0                         0      0        0
  MONTH TO DATE    0                         0      0        0
  SINCE JUN 1      0                         0      0        0
  SINCE JUL 1   2077                      2258   -181     1291

 COOLING
  TODAY           16                        15      1       18
  MONTH TO DATE  351                       258     93      277
  SINCE JUN 1    351                       258     93      277
  SINCE JAN 1    915                       637    278      790
..................................................................


WIND (MPH)
  HIGHEST WIND SPEED    23   HIGHEST WIND DIRECTION    SE (150)
  HIGHEST GUST SPEED    30   HIGHEST GUST DIRECTION    SE (150)
  AVERAGE WIND SPEED    10.7


SKY COVER
  POSSIBLE SUNSHINE  MM
  AVERAGE SKY COVER 0.4


WEATHER CONDITIONS
 THE FOLLOWING WEATHER WAS RECORDED TODAY.
  NO SIGNIFICANT WEATHER WAS OBSERVED.


RELATIVE HUMIDITY (PERCENT)
 HIGHEST   100           600 AM
 LOWEST     50          1200 PM
 AVERAGE    75

..........................................................


THE LONGVIEW CLIMATE NORMALS FOR TOMORROW
                         NORMAL    RECORD    YEAR
 MAXIMUM TEMPERATURE (F)   91       106      1936
 MINIMUM TEMPERATURE (F)   71        59      1912


SUNRISE AND SUNSET
JUNE 19 2018..........SUNRISE   612 AM CDT   SUNSET   829 PM CDT
JUNE 20 2018..........SUNRISE   612 AM CDT   SUNSET   829 PM CDT


-  INDICATES NEGATIVE NUMBERS.
R  INDICATES RECORD WAS SET OR TIED.
MM INDICATES DATA IS MISSING.
T  INDICATES TRACE AMOUNT.




$$
