000
CDUS44 KSHV 210756
CLIGGG


CLIMATE REPORT
NATIONAL WEATHER SERVICE SHREVEPORT, LA
252 AM CDT FRI SEP 21 2018


...................................

...THE LONGVIEW CLIMATE SUMMARY FOR SEPTEMBER 20 2018...

CLIMATE NORMAL PERIOD 1981 TO 2010
CLIMATE RECORD PERIOD 1902 TO 2018


WEATHER ITEM   OBSERVED TIME   RECORD YEAR NORMAL DEPARTURE LAST
                VALUE   (LST)  VALUE       VALUE  FROM      YEAR
                                                  NORMAL
..................................................................
TEMPERATURE (F)
 YESTERDAY
  MAXIMUM         93    331 PM 103    1956  86      7       95
  MINIMUM         71    302 AM  50    1991  63      8       77
  AVERAGE         82                        75      7       86

PRECIPITATION (IN)
  YESTERDAY        T             3.93 2013   0.11  -0.11     0.00
  MONTH TO DATE    2.77                      2.11   0.66     0.01
  SINCE DEC 1     37.93                     37.25   0.68    40.34
  SINCE JAN 1     32.60                     32.76  -0.16    35.54

SNOWFALL (IN)
  YESTERDAY        0.0
  MONTH TO DATE    0.0
  SINCE SEP 1      0.0
  SINCE JUL 1      0.0
  SNOW DEPTH       0

DEGREE DAYS
 HEATING
  YESTERDAY        0                         0      0        0
  MONTH TO DATE    0                         0      0        0
  SINCE SEP 1      0                         0      0        0
  SINCE JUL 1      0                         0      0        0

 COOLING
  YESTERDAY       17                        10      7       21
  MONTH TO DATE  328                       257     71      215
  SINCE SEP 1    328                       257     71      215
  SINCE JAN 1   2755                      2197    558     2283
..................................................................


WIND (MPH)
  HIGHEST WIND SPEED    15   HIGHEST WIND DIRECTION    SE (140)
  HIGHEST GUST SPEED    19   HIGHEST GUST DIRECTION     S (190)
  AVERAGE WIND SPEED     5.6


SKY COVER
  POSSIBLE SUNSHINE  MM
  AVERAGE SKY COVER 0.1


WEATHER CONDITIONS
 THE FOLLOWING WEATHER WAS RECORDED YESTERDAY.
  LIGHT RAIN
  FOG


RELATIVE HUMIDITY (PERCENT)
 HIGHEST   100          1200 AM
 LOWEST     52           100 PM
 AVERAGE    76

..........................................................


THE LONGVIEW CLIMATE NORMALS FOR TODAY
                         NORMAL    RECORD    YEAR
 MAXIMUM TEMPERATURE (F)   86       102      1936
 MINIMUM TEMPERATURE (F)   63        47      1938


SUNRISE AND SUNSET
SEPTEMBER 21 2018.....SUNRISE   706 AM CDT   SUNSET   717 PM CDT
SEPTEMBER 22 2018.....SUNRISE   707 AM CDT   SUNSET   715 PM CDT


-  INDICATES NEGATIVE NUMBERS.
R  INDICATES RECORD WAS SET OR TIED.
MM INDICATES DATA IS MISSING.
T  INDICATES TRACE AMOUNT.




$$
