000
CDUS44 KSHV 112251
CLIGGG


CLIMATE REPORT
NATIONAL WEATHER SERVICE SHREVEPORT, LA
451 PM CST TUE DEC 11 2018


...................................

...THE LONGVIEW CLIMATE SUMMARY FOR DECEMBER 11 2018...
VALID TODAY AS OF 0400 PM LOCAL TIME.

CLIMATE NORMAL PERIOD 1981 TO 2010
CLIMATE RECORD PERIOD 1902 TO 2018


WEATHER ITEM   OBSERVED TIME   RECORD YEAR NORMAL DEPARTURE LAST
                VALUE   (LST)  VALUE       VALUE  FROM      YEAR
                                                  NORMAL
..................................................................
TEMPERATURE (F)
 TODAY
  MAXIMUM         61    300 PM  80    2015  59      2       77
                                      2007
  MINIMUM         28    724 AM  20    1995  38    -10       32
  AVERAGE         45                        48     -3       55

PRECIPITATION (IN)
  TODAY            0.00          2.62 1985   0.16  -0.16     0.00
  MONTH TO DATE    3.21                      1.78   1.43     0.51
  SINCE DEC 1      3.21                      1.78   1.43     0.51
  SINCE JAN 1     53.11                     44.84   8.27    40.01

SNOWFALL (IN)
  TODAY            0.0
  MONTH TO DATE    0.0
  SINCE DEC 1      0.0
  SINCE JUL 1      0.0
  SNOW DEPTH       0

DEGREE DAYS
 HEATING
  TODAY           20                        17      3       10
  MONTH TO DATE  201                       173     28      141
  SINCE DEC 1    201                       173     28      141
  SINCE JUL 1    679                       545    134      421

 COOLING
  TODAY            0                         0      0        0
  MONTH TO DATE    0                         0      0        4
  SINCE DEC 1      0                         0      0        4
  SINCE JAN 1   3051                      2417    634     2703
..................................................................


WIND (MPH)
  HIGHEST WIND SPEED    17   HIGHEST WIND DIRECTION     S (200)
  HIGHEST GUST SPEED    21   HIGHEST GUST DIRECTION    SW (210)
  AVERAGE WIND SPEED     6.4


SKY COVER
  POSSIBLE SUNSHINE  MM
  AVERAGE SKY COVER 0.0


WEATHER CONDITIONS
 THE FOLLOWING WEATHER WAS RECORDED TODAY.
  NO SIGNIFICANT WEATHER WAS OBSERVED.


RELATIVE HUMIDITY (PERCENT)
 HIGHEST   100          1200 AM
 LOWEST     36           200 PM
 AVERAGE    68

..........................................................


THE LONGVIEW CLIMATE NORMALS FOR TOMORROW
                         NORMAL    RECORD    YEAR
 MAXIMUM TEMPERATURE (F)   59        82      1949
 MINIMUM TEMPERATURE (F)   38        17      1962


SUNRISE AND SUNSET
DECEMBER 11 2018......SUNRISE   710 AM CST   SUNSET   514 PM CST
DECEMBER 12 2018......SUNRISE   711 AM CST   SUNSET   514 PM CST


-  INDICATES NEGATIVE NUMBERS.
R  INDICATES RECORD WAS SET OR TIED.
MM INDICATES DATA IS MISSING.
T  INDICATES TRACE AMOUNT.




$$
