000
CDUS45 KGGW 301231
CLIGGW

CLIMATE REPORT
NATIONAL WEATHER SERVICE GLASGOW, MT
631 AM MDT FRI OCT 30 2020

...................................

...THE GLASGOW MT CLIMATE SUMMARY FOR OCTOBER 30 2020...
VALID AS OF 0600 AM LOCAL TIME.

CLIMATE NORMAL PERIOD: 1981 TO 2010
CLIMATE RECORD PERIOD: 1893 TO 2020


WEATHER ITEM   OBSERVED RECORD YEAR NORMAL DEPARTURE
                VALUE   VALUE       VALUE  FROM
                                           NORMAL
.........................................................
TEMPERATURE (F)
 TODAY
  MAXIMUM         36     83    1950  50
  MINIMUM         31     -6    1991  27
  AVERAGE         34

PRECIPITATION (IN)
  TODAY            0.00   0.33 1943   0.02  -0.02
  MONTH TO DATE    1.22               0.74   0.48
  SINCE SEP 1      2.26               1.68   0.58
  SINCE OCT 1      1.22               0.74   0.48
  SINCE JAN 1     11.52              10.85   0.67

SNOWFALL (IN)
  TODAY            0.0    2.0  1919   0.0
                               2006
  MONTH TO DATE    8.6                1.2
  SINCE SEP 1      8.6                1.4
  SINCE JUL 1      8.6                1.4

DEGREE DAYS
 HEATING
  TODAY           31

 COOLING
  TODAY            0
.........................................................


THE GLASGOW MT CLIMATE NORMALS FOR TOMORROW
                         NORMAL    RECORD    YEAR
 MAXIMUM TEMPERATURE (F)   49        79      1999
 MINIMUM TEMPERATURE (F)   26        -6      1935


SUNRISE AND SUNSET
OCTOBER 30 2020.......SUNRISE   7:50 AM MDT   SUNSET   5:50 PM MDT
OCTOBER 31 2020.......SUNRISE   7:51 AM MDT   SUNSET   5:48 PM MDT


-  INDICATES NEGATIVE NUMBERS.
R  INDICATES RECORD WAS SET OR TIED.
MM INDICATES DATA IS MISSING.
T  INDICATES TRACE AMOUNT.




$$
