000
CDUS45 KGGW 250743
CLIGGW


CLIMATE REPORT
NATIONAL WEATHER SERVICE GLASGOW MT
141 AM MDT MON MAY 25 2020


...................................

...THE GLASGOW MT CLIMATE SUMMARY FOR MAY 24 2020...

CLIMATE NORMAL PERIOD 1981 TO 2010
CLIMATE RECORD PERIOD 1893 TO 2020


WEATHER ITEM   OBSERVED TIME   RECORD YEAR NORMAL DEPARTURE LAST
                VALUE   (LST)  VALUE       VALUE  FROM      YEAR
                                                  NORMAL
..................................................................
TEMPERATURE (F)
 YESTERDAY
  MAXIMUM         64    343 PM  95    1929  70     -6       65
  MINIMUM         46   1154 PM  29    1903  45      1       45
  AVERAGE         55                        58     -3       55

PRECIPITATION (IN)
  YESTERDAY        T             0.86 2010   0.07  -0.07     0.00
  MONTH TO DATE    3.21                      1.36   1.85     1.20
  SINCE OCT 1      6.69                      4.81   1.88     6.56
  SINCE JAN 1      4.85                      3.26   1.59     3.96

SNOWFALL (IN)
  YESTERDAY        0.0           0.0  2002   0.0    0.0      0.0
                                      2000
  MONTH TO DATE    0.0                       1.1   -1.1       T
  SINCE MAR 1      7.7                       7.7    0.0      0.1
  SINCE JUL 1     35.6                      34.7    0.9     45.4
  SNOW DEPTH       0

DEGREE DAYS
 HEATING
  YESTERDAY       10                         8      2       10
  MONTH TO DATE  249                       274    -25      343
  SINCE MAR 1   1926                      1911     15     2189
  SINCE JUL 1   8019                      8281   -262     8752

 COOLING
  YESTERDAY        0                         1     -1        0
  MONTH TO DATE    9                         4      5        0
  SINCE MAR 1     11                         5      6        0
  SINCE JAN 1     11                         5      6        0
..................................................................


WIND (MPH)
  HIGHEST WIND SPEED    17   HIGHEST WIND DIRECTION     N (340)
  HIGHEST GUST SPEED    20   HIGHEST GUST DIRECTION     N (350)
  AVERAGE WIND SPEED     6.4


SKY COVER
  POSSIBLE SUNSHINE  MM
  AVERAGE SKY COVER 0.7


WEATHER CONDITIONS
 THE FOLLOWING WEATHER WAS RECORDED YESTERDAY.
  LIGHT RAIN


RELATIVE HUMIDITY (PERCENT)
 HIGHEST    80           400 AM
 LOWEST     36           300 PM
 AVERAGE    58

..........................................................


THE GLASGOW MT CLIMATE NORMALS FOR TODAY
                         NORMAL    RECORD    YEAR
 MAXIMUM TEMPERATURE (F)   70        95      1931
 MINIMUM TEMPERATURE (F)   46        22      1903


SUNRISE AND SUNSET
MAY 25 2020...........SUNRISE   515 AM MDT   SUNSET   852 PM MDT
MAY 26 2020...........SUNRISE   515 AM MDT   SUNSET   853 PM MDT


-  INDICATES NEGATIVE NUMBERS.
R  INDICATES RECORD WAS SET OR TIED.
MM INDICATES DATA IS MISSING.
T  INDICATES TRACE AMOUNT.




$$
