000
CDUS45 KGGW 230035
CLIGGW


CLIMATE REPORT
NATIONAL WEATHER SERVICE GLASGOW MT
535 PM MST TUE JAN 22 2019


...................................

...THE GLASGOW MT CLIMATE SUMMARY FOR JANUARY 22 2019...
VALID TODAY AS OF 0500 PM LOCAL TIME.

CLIMATE NORMAL PERIOD 1981 TO 2010
CLIMATE RECORD PERIOD 1893 TO 2019


WEATHER ITEM   OBSERVED TIME   RECORD YEAR NORMAL DEPARTURE LAST
                VALUE   (LST)  VALUE       VALUE  FROM      YEAR
                                                  NORMAL
..................................................................
TEMPERATURE (F)
 TODAY
  MAXIMUM         32        MM  51    1919  24      8       22
  MINIMUM         18        MM -32    1920   5     13        3
  AVERAGE         25                        14     11       13

PRECIPITATION (IN)
  TODAY            0.00          0.53 1935   0.01  -0.01     0.00
  MONTH TO DATE    0.21                      0.29  -0.08     0.34
  SINCE OCT 1      2.81                      1.84   0.97     2.14
  SINCE JAN 1      0.21                      0.29  -0.08     0.34

SNOWFALL (IN)
  TODAY            0.0           6.2  1969   0.2   -0.2      0.0
  MONTH TO DATE    3.4                       6.2   -2.8      6.3
  SINCE DEC 1     10.3                      14.2   -3.9     19.4
  SINCE JUL 1     16.8                      20.8   -4.0     21.0
  SNOW DEPTH       0

DEGREE DAYS
 HEATING
  TODAY           40                        51    -11       52
  MONTH TO DATE  899                      1137   -238     1239
  SINCE DEC 1   2196                      2646   -450     2716
  SINCE JUL 1   4237                      4639   -402     4651

 COOLING
  TODAY            0                         0      0        0
  MONTH TO DATE    0                         0      0        0
  SINCE DEC 1      0                         0      0        0
  SINCE JAN 1      0                         0      0        0
..................................................................


WIND (MPH)
  HIGHEST WIND SPEED    10   HIGHEST WIND DIRECTION     W (290)
  HIGHEST GUST SPEED    MM   HIGHEST GUST DIRECTION    MM
  AVERAGE WIND SPEED     7.1


SKY COVER
  POSSIBLE SUNSHINE  MM
  AVERAGE SKY COVER 0.5


WEATHER CONDITIONS
 THE FOLLOWING WEATHER WAS RECORDED TODAY.
  FOG


RELATIVE HUMIDITY (PERCENT)
 HIGHEST    92           500 AM
 LOWEST     58           300 PM
 AVERAGE    75

..........................................................


THE GLASGOW MT CLIMATE NORMALS FOR TOMORROW
                         NORMAL    RECORD    YEAR
 MAXIMUM TEMPERATURE (F)   24        61      1944
 MINIMUM TEMPERATURE (F)    5       -44      1897


SUNRISE AND SUNSET
JANUARY 22 2019.......SUNRISE   746 AM MST   SUNSET   450 PM MST
JANUARY 23 2019.......SUNRISE   745 AM MST   SUNSET   452 PM MST


-  INDICATES NEGATIVE NUMBERS.
R  INDICATES RECORD WAS SET OR TIED.
MM INDICATES DATA IS MISSING.
T  INDICATES TRACE AMOUNT.




$$
