491
CDUS45 KGGW 180017
CLIGGW


CLIMATE REPORT
NATIONAL WEATHER SERVICE GLASGOW MT
617 PM MDT TUE JUL 17 2018


...................................

...THE GLASGOW MT CLIMATE SUMMARY FOR JULY 17 2018...
VALID TODAY AS OF 0500 PM LOCAL TIME.

CLIMATE NORMAL PERIOD 1981 TO 2010
CLIMATE RECORD PERIOD 1893 TO 2018


WEATHER ITEM   OBSERVED TIME   RECORD YEAR NORMAL DEPARTURE LAST
                VALUE   (LST)  VALUE       VALUE  FROM      YEAR
                                                  NORMAL
..................................................................
TEMPERATURE (F)
 TODAY
  MAXIMUM         98        MM 105    1936  86     12       84
  MINIMUM         61        MM  40    1912  58      3       58
                                      1904
  AVERAGE         80                        72      8       71

PRECIPITATION (IN)
  TODAY            0.00          0.84 1997   0.06  -0.06      T
  MONTH TO DATE    0.89                      1.08  -0.19     0.48
  SINCE OCT 1      8.59                      8.78  -0.19     6.76
  SINCE JAN 1      6.79                      7.23  -0.44     3.23

SNOWFALL (IN)
  TODAY            0.0           0.0  2002   0.0    0.0      0.0
                                      2001
                                      2000
  MONTH TO DATE    0.0                       0.0    0.0      0.0
  SINCE JUN 1      0.0                       0.0    0.0      0.0
  SINCE JUL 1      0.0                       0.0    0.0      0.0
  SNOW DEPTH       0

DEGREE DAYS
 HEATING
  TODAY            0                         0      0        0
  MONTH TO DATE    2                        15    -13        0
  SINCE JUN 1     37                       120    -83       47
  SINCE JUL 1      2                        15    -13        0

 COOLING
  TODAY           15                         7      8        6
  MONTH TO DATE  159                        98     61      216
  SINCE JUN 1    264                       173     91      296
  SINCE JAN 1    331                       190    141      311
..................................................................


WIND (MPH)
  HIGHEST WIND SPEED    16   HIGHEST WIND DIRECTION     E (110)
  HIGHEST GUST SPEED    28   HIGHEST GUST DIRECTION     S (160)
  AVERAGE WIND SPEED    12.3


SKY COVER
  POSSIBLE SUNSHINE  MM
  AVERAGE SKY COVER 0.0


WEATHER CONDITIONS
 THE FOLLOWING WEATHER WAS RECORDED TODAY.
  NO SIGNIFICANT WEATHER WAS OBSERVED.


RELATIVE HUMIDITY (PERCENT)
 HIGHEST    72           300 AM
 LOWEST     17           100 PM
 AVERAGE    45

..........................................................


THE GLASGOW MT CLIMATE NORMALS FOR TOMORROW
                         NORMAL    RECORD    YEAR
 MAXIMUM TEMPERATURE (F)   86       112      1936
 MINIMUM TEMPERATURE (F)   58        37      1895


SUNRISE AND SUNSET
JULY 17 2018..........SUNRISE   524 AM MDT   SUNSET   901 PM MDT
JULY 18 2018..........SUNRISE   525 AM MDT   SUNSET   900 PM MDT


-  INDICATES NEGATIVE NUMBERS.
R  INDICATES RECORD WAS SET OR TIED.
MM INDICATES DATA IS MISSING.
T  INDICATES TRACE AMOUNT.




$$
