000
CDUS45 KGGW 181232
CLIGGW


CLIMATE REPORT
NATIONAL WEATHER SERVICE GLASGOW MT
631 AM MDT THU OCT 18 2018


...................................

...THE GLASGOW MT CLIMATE SUMMARY FOR OCTOBER 18 2018...
VALID AS OF 0600 AM LOCAL TIME.

CLIMATE NORMAL PERIOD 1981 TO 2010
CLIMATE RECORD PERIOD 1893 TO 2018


WEATHER ITEM   OBSERVED TIME   RECORD YEAR NORMAL DEPARTURE LAST
                VALUE   (LST)  VALUE       VALUE  FROM      YEAR
                                                  NORMAL
..................................................................
TEMPERATURE (F)
 TODAY
  MINIMUM         40    500 AM   1    1930  32      8       36

PRECIPITATION (IN)
  TODAY            0.00          0.74 1971   0.02  -0.02     0.00
  MONTH TO DATE    1.05                      0.51   0.54     0.82
  SINCE OCT 1      1.05                      0.51   0.54     0.82
  SINCE JAN 1      9.71                     10.62  -0.91     5.66

SNOWFALL (IN)
  TODAY            0.0           1.5  1949   0.0    0.0      0.0
  MONTH TO DATE    2.8                       0.6    2.2      0.7
  SINCE SEP 1      2.8                       0.8    2.0      0.7
  SINCE JUL 1      2.8                       0.8    2.0      0.7
  SNOW DEPTH       0

DEGREE DAYS
 HEATING
  TODAY           23                        21      2       17
  MONTH TO DATE  423                       314    109      351
  SINCE SEP 1    720                       555    165      577
  SINCE JUL 1    763                       608    155      584

 COOLING
  TODAY            0                         0      0        0
  MONTH TO DATE    0                         0      0        0
  SINCE SEP 1     25                        37    -12       54
  SINCE JAN 1    719                       532    187      684
..................................................................





WEATHER CONDITIONS
 THE FOLLOWING WEATHER WAS RECORDED TODAY.
  NO SIGNIFICANT WEATHER WAS OBSERVED.


RELATIVE HUMIDITY (PERCENT)
 HIGHEST    79           200 AM

..........................................................


THE GLASGOW MT CLIMATE NORMALS FOR TOMORROW
                         NORMAL    RECORD    YEAR
 MAXIMUM TEMPERATURE (F)   56        85      1927
 MINIMUM TEMPERATURE (F)   31        -8      1905


SUNRISE AND SUNSET
OCTOBER 18 2018.......SUNRISE   731 AM MDT   SUNSET   612 PM MDT
OCTOBER 19 2018.......SUNRISE   732 AM MDT   SUNSET   610 PM MDT


-  INDICATES NEGATIVE NUMBERS.
R  INDICATES RECORD WAS SET OR TIED.
MM INDICATES DATA IS MISSING.
T  INDICATES TRACE AMOUNT.




$$
