000
CDUS45 KGGW 231242
CLIGGW


CLIMATE REPORT
NATIONAL WEATHER SERVICE GLASGOW MT
642 AM MDT WED OCT 23 2019


...................................

...THE GLASGOW MT CLIMATE SUMMARY FOR OCTOBER 23 2019...
VALID AS OF 0600 AM LOCAL TIME.

CLIMATE NORMAL PERIOD 1981 TO 2010
CLIMATE RECORD PERIOD 1893 TO 2019


WEATHER ITEM   OBSERVED TIME   RECORD YEAR NORMAL DEPARTURE LAST
                VALUE   (LST)  VALUE       VALUE  FROM      YEAR
                                                  NORMAL
..................................................................
TEMPERATURE (F)
 TODAY
  MINIMUM         34    539 AM  11    2002  30      4       30

PRECIPITATION (IN)
  TODAY            0.09          0.85 1954   0.02   0.07     0.00
  MONTH TO DATE    0.60                      0.62  -0.02     1.05
  SINCE OCT 1      0.60                      0.62  -0.02     1.05
  SINCE JAN 1     16.31                     10.73   5.58     9.71

SNOWFALL (IN)
  TODAY            0.0           2.0  1919   0.0    0.0      0.0
  MONTH TO DATE    2.7                       0.8    1.9      2.8
  SINCE SEP 1      2.7                       1.0    1.7      2.8
  SINCE JUL 1      2.7                       1.0    1.7      2.8
  SNOW DEPTH       0

DEGREE DAYS
 HEATING
  TODAY           30                        23      7       16
  MONTH TO DATE  504                       426     78      496
  SINCE SEP 1    703                       667     36      793
  SINCE JUL 1    734                       720     14      836

 COOLING
  TODAY            0                         0      0        0
  MONTH TO DATE    0                         0      0        0
  SINCE SEP 1     40                        37      3       25
  SINCE JAN 1    552                       532     20      719
..................................................................





WEATHER CONDITIONS
 THE FOLLOWING WEATHER WAS RECORDED TODAY.
  LIGHT SNOW


RELATIVE HUMIDITY (PERCENT)
 HIGHEST    89           500 AM

..........................................................


THE GLASGOW MT CLIMATE NORMALS FOR TOMORROW
                         NORMAL    RECORD    YEAR
 MAXIMUM TEMPERATURE (F)   53        80      1915
 MINIMUM TEMPERATURE (F)   29        -1      1919


SUNRISE AND SUNSET
OCTOBER 23 2019.......SUNRISE   738 AM MDT   SUNSET   603 PM MDT
OCTOBER 24 2019.......SUNRISE   739 AM MDT   SUNSET   601 PM MDT


-  INDICATES NEGATIVE NUMBERS.
R  INDICATES RECORD WAS SET OR TIED.
MM INDICATES DATA IS MISSING.
T  INDICATES TRACE AMOUNT.




$$
