000
CDUS45 KGJT 280741
CLIGJT


CLIMATE REPORT
NATIONAL WEATHER SERVICE GRAND JUNCTION CO
138 AM MDT WED OCT 28 2020


...................................

...THE GRAND JUNCTION CO CLIMATE SUMMARY FOR OCTOBER 27 2020...

CLIMATE NORMAL PERIOD 1981 TO 2010
CLIMATE RECORD PERIOD 1893 TO 2020


WEATHER ITEM   OBSERVED TIME   RECORD YEAR NORMAL DEPARTURE LAST
                VALUE   (LST)  VALUE       VALUE  FROM      YEAR
                                                  NORMAL
..................................................................
TEMPERATURE (F)
 YESTERDAY
  MAXIMUM         34    357 PM  74    1966  61    -27       48
                                      1963
                                      1950
  MINIMUM         11R   625 AM  23    2012  36    -25       29
                                      1997
  AVERAGE         23                        48    -25       39

PRECIPITATION (IN)
  YESTERDAY        0.00          0.69 1894   0.03  -0.03      T
  MONTH TO DATE    0.59                      0.93  -0.34     0.02
  SINCE SEP 1      1.72                      2.12  -0.40     0.28
  SINCE JAN 1      4.68                      7.97  -3.29     7.14

SNOWFALL (IN)
  YESTERDAY        0.0           0.8  2009   0.0    0.0       T
  MONTH TO DATE    4.1                       0.3    3.8       T
  SINCE SEP 1      4.1                       0.3    3.8       T
  SINCE JUL 1      4.1                       0.3    3.8       T
  SNOW DEPTH       1

DEGREE DAYS
 HEATING
  YESTERDAY       42                        17     25       26
  MONTH TO DATE  256                       303    -47      416
  SINCE SEP 1    329                       374    -45      449
  SINCE JUL 1    329                       377    -48      449

 COOLING
  YESTERDAY        0                         0      0        0
  MONTH TO DATE    2                         1      1        0
  SINCE SEP 1    140                       104     36      166
  SINCE JAN 1   1497                      1123    374     1287
..................................................................


WIND (MPH)
  HIGHEST WIND SPEED    23   HIGHEST WIND DIRECTION    SE (130)
  HIGHEST GUST SPEED    28   HIGHEST GUST DIRECTION    SE (130)
  AVERAGE WIND SPEED    11.1


SKY COVER
  POSSIBLE SUNSHINE  MM
  AVERAGE SKY COVER 0.0


WEATHER CONDITIONS
 THE FOLLOWING WEATHER WAS RECORDED YESTERDAY.
  NO SIGNIFICANT WEATHER WAS OBSERVED.


RELATIVE HUMIDITY (PERCENT)
 HIGHEST    76
 LOWEST     49
 AVERAGE    63

..........................................................


THE GRAND JUNCTION CO CLIMATE NORMALS FOR TODAY
                         NORMAL    RECORD    YEAR
 MAXIMUM TEMPERATURE (F)   61        74      1943
 MINIMUM TEMPERATURE (F)   35        23      2019
                                             1970


SUNRISE AND SUNSET
OCTOBER 28 2020.......SUNRISE   738 AM MDT   SUNSET   617 PM MDT
OCTOBER 29 2020.......SUNRISE   739 AM MDT   SUNSET   616 PM MDT


-  INDICATES NEGATIVE NUMBERS.
R  INDICATES RECORD WAS SET OR TIED.
MM INDICATES DATA IS MISSING.
T  INDICATES TRACE AMOUNT.




$$
