000
CDUS45 KGJT 242352
CLIGJT


CLIMATE REPORT
NATIONAL WEATHER SERVICE GRAND JUNCTION CO
443 PM MST FRI JAN 24 2020


...................................

...THE GRAND JUNCTION CO CLIMATE SUMMARY FOR JANUARY 24 2020...
VALID TODAY AS OF 0400 PM LOCAL TIME.

CLIMATE NORMAL PERIOD 1981 TO 2010
CLIMATE RECORD PERIOD 1893 TO 2020


WEATHER ITEM   OBSERVED TIME   RECORD YEAR NORMAL DEPARTURE LAST
                VALUE   (LST)  VALUE       VALUE  FROM      YEAR
                                                  NORMAL
..................................................................
TEMPERATURE (F)
 TODAY
  MAXIMUM         36    306 PM  55    1994  39     -3       40
  MINIMUM         31    723 AM -12    1930  18     13       22
  AVERAGE         34                        28      6       31

PRECIPITATION (IN)
  TODAY            0.00          0.59 1989   0.02  -0.02     0.00
  MONTH TO DATE    0.30                      0.46  -0.16     0.44
  SINCE DEC 1      0.85                      1.05  -0.20     1.38
  SINCE JAN 1      0.30                      0.46  -0.16     0.44

SNOWFALL (IN)
  TODAY            0.0           5.4  1950   0.1   -0.1      0.0
  MONTH TO DATE    3.1                       4.0   -0.9      2.7
  SINCE DEC 1      5.6                       8.9   -3.3     11.5
  SINCE JUL 1      8.6                      11.4   -2.8     11.6
  SNOW DEPTH       0

DEGREE DAYS
 HEATING
  TODAY           31                        37     -6       34
  MONTH TO DATE  951                       912     39      942
  SINCE DEC 1   2003                      2043    -40     2028
  SINCE JUL 1   3341                      3271     70     3315

 COOLING
  TODAY            0                         0      0        0
  MONTH TO DATE    0                         0      0        0
  SINCE DEC 1      0                         0      0        0
  SINCE JAN 1      0                         0      0        0
..................................................................


WIND (MPH)
  HIGHEST WIND SPEED    10   HIGHEST WIND DIRECTION     E (90)
  HIGHEST GUST SPEED    12   HIGHEST GUST DIRECTION     S (170)
  AVERAGE WIND SPEED     4.1


SKY COVER
  POSSIBLE SUNSHINE  MM
  AVERAGE SKY COVER 1.0


WEATHER CONDITIONS
 THE FOLLOWING WEATHER WAS RECORDED TODAY.
  FOG


RELATIVE HUMIDITY (PERCENT)
 HIGHEST    92           100 AM
 LOWEST     70           100 PM
 AVERAGE    81

..........................................................


THE GRAND JUNCTION CO CLIMATE NORMALS FOR TOMORROW
                         NORMAL    RECORD    YEAR
 MAXIMUM TEMPERATURE (F)   39        55      2003
 MINIMUM TEMPERATURE (F)   18       -12      1917


SUNRISE AND SUNSET
JANUARY 24 2020.......SUNRISE   727 AM MST   SUNSET   525 PM MST
JANUARY 25 2020.......SUNRISE   727 AM MST   SUNSET   527 PM MST


-  INDICATES NEGATIVE NUMBERS.
R  INDICATES RECORD WAS SET OR TIED.
MM INDICATES DATA IS MISSING.
T  INDICATES TRACE AMOUNT.




$$
