000
CDUS45 KGJT 230816
CLIGJT


CLIMATE REPORT
NATIONAL WEATHER SERVICE GRAND JUNCTION CO
105 AM MST FRI FEB 23 2018


...................................

...THE GRAND JUNCTION CO CLIMATE SUMMARY FOR FEBRUARY 22 2018...

CLIMATE NORMAL PERIOD 1981 TO 2010
CLIMATE RECORD PERIOD 1893 TO 2018


WEATHER ITEM   OBSERVED TIME   RECORD YEAR NORMAL DEPARTURE LAST
                VALUE   (LST)  VALUE       VALUE  FROM      YEAR
                                                  NORMAL
..................................................................
TEMPERATURE (F)
 YESTERDAY
  MAXIMUM         34    226 PM  66    1995  49    -15       62
  MINIMUM         25    740 AM   1    1955  26     -1       37
                                      1903
  AVERAGE         30                        37     -7       50

PRECIPITATION (IN)
  YESTERDAY        0.11          0.33 1948   0.02   0.09     0.00
  MONTH TO DATE    0.72                      0.41   0.31     0.34
  SINCE DEC 1      1.52                      1.58  -0.06     2.08
  SINCE JAN 1      1.48                      0.99   0.49     1.35

SNOWFALL (IN)
  YESTERDAY        2.0 R         1.7  1948   0.0    2.0      0.0
  MONTH TO DATE    4.4                       2.6    1.8      0.0
  SINCE DEC 1      8.8                      12.4   -3.6     11.2
  SINCE JUL 1      8.8                      14.9   -6.1     11.7
  SNOW DEPTH       1

DEGREE DAYS
 HEATING
  YESTERDAY       35                        28      7       15
  MONTH TO DATE  612                       695    -83      452
  SINCE DEC 1   2673                      2993   -320     2583
  SINCE JUL 1   3787                      4221   -434     3453

 COOLING
  YESTERDAY        0                         0      0        0
  MONTH TO DATE    0                         0      0        0
  SINCE DEC 1      0                         0      0        0
  SINCE JAN 1      0                         0      0        0
..................................................................


WIND (MPH)
  HIGHEST WIND SPEED    15   HIGHEST WIND DIRECTION     S (160)
  HIGHEST GUST SPEED    16   HIGHEST GUST DIRECTION    SE (130)
  AVERAGE WIND SPEED     5.9


SKY COVER
  POSSIBLE SUNSHINE  MM
  AVERAGE SKY COVER 1.0


WEATHER CONDITIONS
 THE FOLLOWING WEATHER WAS RECORDED YESTERDAY.
  HEAVY SNOW
  SNOW
  LIGHT SNOW
  FOG


RELATIVE HUMIDITY (PERCENT)
 HIGHEST   100          1200 AM
 LOWEST     78           300 PM
 AVERAGE    89

..........................................................


THE GRAND JUNCTION CO CLIMATE NORMALS FOR TODAY
                         NORMAL    RECORD    YEAR
 MAXIMUM TEMPERATURE (F)   49        67      1995
 MINIMUM TEMPERATURE (F)   27         4      1974


SUNRISE AND SUNSET
FEBRUARY 23 2018......SUNRISE   655 AM MST   SUNSET   600 PM MST
FEBRUARY 24 2018......SUNRISE   654 AM MST   SUNSET   601 PM MST


-  INDICATES NEGATIVE NUMBERS.
R  INDICATES RECORD WAS SET OR TIED.
MM INDICATES DATA IS MISSING.
T  INDICATES TRACE AMOUNT.




$$
