000
CDUS45 KGJT 160815
CLIGJT


CLIMATE REPORT
NATIONAL WEATHER SERVICE GRAND JUNCTION CO
111 AM MST WED JAN 16 2019


...................................

...THE GRAND JUNCTION CO CLIMATE SUMMARY FOR JANUARY 15 2019...

CLIMATE NORMAL PERIOD 1981 TO 2010
CLIMATE RECORD PERIOD 1893 TO 2019


WEATHER ITEM   OBSERVED TIME   RECORD YEAR NORMAL DEPARTURE LAST
                VALUE   (LST)  VALUE       VALUE  FROM      YEAR
                                                  NORMAL
..................................................................
TEMPERATURE (F)
 YESTERDAY
  MAXIMUM         38   1242 PM  57    1928  37      1       50
  MINIMUM         20   1240 AM -12    2013  17      3       19
  AVERAGE         29                        27      2       35

PRECIPITATION (IN)
  YESTERDAY        T             0.22 2006   0.02  -0.02     0.00
                                      1893
  MONTH TO DATE    0.14                      0.30  -0.16     0.30
  SINCE DEC 1      1.08                      0.89   0.19     0.34
  SINCE JAN 1      0.14                      0.30  -0.16     0.30

SNOWFALL (IN)
  YESTERDAY        T             2.4  2006   0.1   -0.1      0.0
  MONTH TO DATE    1.8                       2.7   -0.9      0.9
  SINCE DEC 1     10.6                       7.6    3.0      1.0
  SINCE JUL 1     10.7                      10.1    0.6      1.0
  SNOW DEPTH       1

DEGREE DAYS
 HEATING
  YESTERDAY       36                        38     -2       30
  MONTH TO DATE  646                       574     72      481
  SINCE DEC 1   1732                      1705     27     1511
  SINCE JUL 1   3019                      2933     86     2625

 COOLING
  YESTERDAY        0                         0      0        0
  MONTH TO DATE    0                         0      0        0
  SINCE DEC 1      0                         0      0        0
  SINCE JAN 1      0                         0      0        0
..................................................................


WIND (MPH)
  HIGHEST WIND SPEED    20   HIGHEST WIND DIRECTION    SE (120)
  HIGHEST GUST SPEED    25   HIGHEST GUST DIRECTION     E (90)
  AVERAGE WIND SPEED     7.4


SKY COVER
  POSSIBLE SUNSHINE  MM
  AVERAGE SKY COVER 0.8


WEATHER CONDITIONS
 THE FOLLOWING WEATHER WAS RECORDED YESTERDAY.
  LIGHT SNOW


RELATIVE HUMIDITY (PERCENT)
 HIGHEST    92          1000 PM
 LOWEST     59          1100 AM
 AVERAGE    76

..........................................................


THE GRAND JUNCTION CO CLIMATE NORMALS FOR TODAY
                         NORMAL    RECORD    YEAR
 MAXIMUM TEMPERATURE (F)   37        56      1943
 MINIMUM TEMPERATURE (F)   17        -5      1947


SUNRISE AND SUNSET
JANUARY 16 2019.......SUNRISE   731 AM MST   SUNSET   517 PM MST
JANUARY 17 2019.......SUNRISE   731 AM MST   SUNSET   518 PM MST


-  INDICATES NEGATIVE NUMBERS.
R  INDICATES RECORD WAS SET OR TIED.
MM INDICATES DATA IS MISSING.
T  INDICATES TRACE AMOUNT.




$$
