000
CDUS45 KGJT 172341
CLIGJT


CLIMATE REPORT
NATIONAL WEATHER SERVICE GRAND JUNCTION CO
530 PM MDT WED OCT 17 2018


...................................

...THE GRAND JUNCTION CO CLIMATE SUMMARY FOR OCTOBER 17 2018...
VALID TODAY AS OF 0500 PM LOCAL TIME.

CLIMATE NORMAL PERIOD 1981 TO 2010
CLIMATE RECORD PERIOD 1893 TO 2018


WEATHER ITEM   OBSERVED TIME   RECORD YEAR NORMAL DEPARTURE LAST
                VALUE   (LST)  VALUE       VALUE  FROM      YEAR
                                                  NORMAL
..................................................................
TEMPERATURE (F)
 TODAY
  MAXIMUM         56    216 PM  81    1977  66    -10       69
  MINIMUM         38    740 AM  24    1996  40     -2       31
  AVERAGE         47                        53     -6       50

PRECIPITATION (IN)
  TODAY            0.00          1.31 1908   0.04  -0.04     0.00
  MONTH TO DATE    2.54                      0.62   1.92     0.28
  SINCE SEP 1      2.54                      1.81   0.73     1.02
  SINCE JAN 1      6.86                      7.66  -0.80     5.03

SNOWFALL (IN)
  TODAY            0.0           0.4  1984   0.0    0.0      0.0
  MONTH TO DATE    0.0                       0.1   -0.1      0.0
  SINCE SEP 1      0.0                       0.1   -0.1      0.0
  SINCE JUL 1      T                         0.1   -0.1      0.0
  SNOW DEPTH       0

DEGREE DAYS
 HEATING
  TODAY           18                        12      6       15
  MONTH TO DATE  234                       156     78      241
  SINCE SEP 1    246                       227     19      340
  SINCE JUL 1    246                       230     16      340

 COOLING
  TODAY            0                         0      0        0
  MONTH TO DATE    3                         1      2        0
  SINCE SEP 1    226                       104    122      183
  SINCE JAN 1   1616                      1123    493     1479
..................................................................


WIND (MPH)
  HIGHEST WIND SPEED    17   HIGHEST WIND DIRECTION    NW (300)
  HIGHEST GUST SPEED    23   HIGHEST GUST DIRECTION     W (290)
  AVERAGE WIND SPEED     8.3


SKY COVER
  POSSIBLE SUNSHINE  MM
  AVERAGE SKY COVER 0.5


WEATHER CONDITIONS
 THE FOLLOWING WEATHER WAS RECORDED TODAY.
  HAZE


RELATIVE HUMIDITY (PERCENT)
 HIGHEST    70           500 AM
 LOWEST     47           200 PM
 AVERAGE    59

..........................................................


THE GRAND JUNCTION CO CLIMATE NORMALS FOR TOMORROW
                         NORMAL    RECORD    YEAR
 MAXIMUM TEMPERATURE (F)   65        82      1977
 MINIMUM TEMPERATURE (F)   39        25      1917


SUNRISE AND SUNSET
OCTOBER 17 2018.......SUNRISE   726 AM MDT   SUNSET   632 PM MDT
OCTOBER 18 2018.......SUNRISE   727 AM MDT   SUNSET   631 PM MDT


-  INDICATES NEGATIVE NUMBERS.
R  INDICATES RECORD WAS SET OR TIED.
MM INDICATES DATA IS MISSING.
T  INDICATES TRACE AMOUNT.




$$
