000
CDUS45 KGJT 210725
CLIGJT


CLIMATE REPORT
NATIONAL WEATHER SERVICE GRAND JUNCTION CO
124 AM MDT MON OCT 21 2019


...................................

...THE GRAND JUNCTION CO CLIMATE SUMMARY FOR OCTOBER 20 2019...

CLIMATE NORMAL PERIOD 1981 TO 2010
CLIMATE RECORD PERIOD 1893 TO 2019


WEATHER ITEM   OBSERVED TIME   RECORD YEAR NORMAL DEPARTURE LAST
                VALUE   (LST)  VALUE       VALUE  FROM      YEAR
                                                  NORMAL
..................................................................
TEMPERATURE (F)
 YESTERDAY
  MAXIMUM         54    129 PM  79    2003  64    -10       69
  MINIMUM         30   1041 PM  25    1976  38     -8       40
                                      1905
  AVERAGE         42                        51     -9       55

PRECIPITATION (IN)
  YESTERDAY        T             0.27 1963   0.04  -0.04     0.00
  MONTH TO DATE    0.02                      0.72  -0.70     2.58
  SINCE SEP 1      0.28                      1.91  -1.63     2.58
  SINCE JAN 1      7.14                      7.76  -0.62     6.90

SNOWFALL (IN)
  YESTERDAY        0.0           0.7  1996   0.0    0.0      0.0
  MONTH TO DATE    0.0                       0.2   -0.2      0.0
  SINCE SEP 1      0.0                       0.2   -0.2      0.0
  SINCE JUL 1      0.0                       0.2   -0.2       T
  SNOW DEPTH       0

DEGREE DAYS
 HEATING
  YESTERDAY       23                        14      9       10
  MONTH TO DATE  261                       196     65      279
  SINCE SEP 1    294                       267     27      291
  SINCE JUL 1    294                       270     24      291

 COOLING
  YESTERDAY        0                         0      0        0
  MONTH TO DATE    0                         1     -1        3
  SINCE SEP 1    166                       104     62      226
  SINCE JAN 1   1287                      1123    164     1616
..................................................................


WIND (MPH)
  HIGHEST WIND SPEED    22   HIGHEST WIND DIRECTION    NW (320)
  HIGHEST GUST SPEED    32   HIGHEST GUST DIRECTION     W (290)
  AVERAGE WIND SPEED     9.0


SKY COVER
  POSSIBLE SUNSHINE  MM
  AVERAGE SKY COVER 0.2


WEATHER CONDITIONS
 THE FOLLOWING WEATHER WAS RECORDED YESTERDAY.
  LIGHT RAIN


RELATIVE HUMIDITY (PERCENT)
 HIGHEST    53           700 AM
 LOWEST     19           200 PM
 AVERAGE    36

..........................................................


THE GRAND JUNCTION CO CLIMATE NORMALS FOR TODAY
                         NORMAL    RECORD    YEAR
 MAXIMUM TEMPERATURE (F)   64        80      2003
 MINIMUM TEMPERATURE (F)   38        22      1905


SUNRISE AND SUNSET
OCTOBER 21 2019.......SUNRISE   730 AM MDT   SUNSET   627 PM MDT
OCTOBER 22 2019.......SUNRISE   731 AM MDT   SUNSET   626 PM MDT


-  INDICATES NEGATIVE NUMBERS.
R  INDICATES RECORD WAS SET OR TIED.
MM INDICATES DATA IS MISSING.
T  INDICATES TRACE AMOUNT.




$$
