000
CDUS45 KGJT 230726
CLIGJT


CLIMATE REPORT
NATIONAL WEATHER SERVICE GRAND JUNCTION CO
125 AM MDT MON APR 23 2018


...................................

...THE GRAND JUNCTION CO CLIMATE SUMMARY FOR APRIL 22 2018...

CLIMATE NORMAL PERIOD 1981 TO 2010
CLIMATE RECORD PERIOD 1893 TO 2018


WEATHER ITEM   OBSERVED TIME   RECORD YEAR NORMAL DEPARTURE LAST
                VALUE   (LST)  VALUE       VALUE  FROM      YEAR
                                                  NORMAL
..................................................................
TEMPERATURE (F)
 YESTERDAY
  MAXIMUM         75    356 PM  85    2012  67      8       67
                                      1969
  MINIMUM         40    558 AM  26    1978  40      0       42
                                      1920
  AVERAGE         58                        54      4       55

PRECIPITATION (IN)
  YESTERDAY        0.00          0.55 2004   0.03  -0.03     0.00
  MONTH TO DATE    0.69                      0.69   0.00     0.17
  SINCE MAR 1      1.28                      1.61  -0.33     0.56
  SINCE JAN 1      2.76                      2.73   0.03     2.11

SNOWFALL (IN)
  YESTERDAY        0.0           0.6  1970   0.0    0.0      0.0
  MONTH TO DATE    0.0                       0.8   -0.8      0.0
  SINCE MAR 1      0.2                       3.4   -3.2       T
  SINCE JUL 1      9.0                      18.9   -9.9     13.9
  SNOW DEPTH       0

DEGREE DAYS
 HEATING
  YESTERDAY        7                        12     -5       10
  MONTH TO DATE  277                       321    -44      247
  SINCE MAR 1    889                       974    -85      687
  SINCE JUL 1   4859                      5353   -494     4334

 COOLING
  YESTERDAY        0                         0      0        0
  MONTH TO DATE    0                         0      0        1
  SINCE MAR 1      0                         0      0        1
  SINCE JAN 1      0                         0      0        1
..................................................................


WIND (MPH)
  HIGHEST WIND SPEED    16   HIGHEST WIND DIRECTION    SE (130)
  HIGHEST GUST SPEED    19   HIGHEST GUST DIRECTION     S (170)
  AVERAGE WIND SPEED     6.8


SKY COVER
  POSSIBLE SUNSHINE  MM
  AVERAGE SKY COVER 0.0


WEATHER CONDITIONS
 THE FOLLOWING WEATHER WAS RECORDED YESTERDAY.
  NO SIGNIFICANT WEATHER WAS OBSERVED.


RELATIVE HUMIDITY (PERCENT)
 HIGHEST    76           500 AM
 LOWEST     19           300 PM
 AVERAGE    48

..........................................................


THE GRAND JUNCTION CO CLIMATE NORMALS FOR TODAY
                         NORMAL    RECORD    YEAR
 MAXIMUM TEMPERATURE (F)   68        89      2012
 MINIMUM TEMPERATURE (F)   40        28      1968


SUNRISE AND SUNSET
APRIL 23 2018.........SUNRISE   626 AM MDT   SUNSET   759 PM MDT
APRIL 24 2018.........SUNRISE   625 AM MDT   SUNSET   800 PM MDT


-  INDICATES NEGATIVE NUMBERS.
R  INDICATES RECORD WAS SET OR TIED.
MM INDICATES DATA IS MISSING.
T  INDICATES TRACE AMOUNT.




$$
