000
CDUS43 KGLD 210753
CLIGLD

CLIMATE REPORT
NATIONAL WEATHER SERVICE GOODLAND
1250 AM MST THU FEB 21 2019

...................................

...THE GOODLAND KS CLIMATE SUMMARY FOR FEBRUARY 20 2019...

CLIMATE NORMAL PERIOD 1981 TO 2010
CLIMATE RECORD PERIOD 1895 TO 2019

WEATHER ITEM   OBSERVED TIME   RECORD YEAR NORMAL DEPARTURE LAST
                VALUE   (LST)  VALUE       VALUE  FROM      YEAR
                                                  NORMAL
..................................................................
TEMPERATURE (F)
 YESTERDAY
  MAXIMUM         35    400 PM  73    1972  47    -12       18
                                      1930
  MINIMUM         MM        MM  -1    1953  20     MM        1
  AVERAGE         MM                        34     MM       10

PRECIPITATION (IN)
  YESTERDAY        0.02          0.42 1953   0.02   0.00     0.01
  MONTH TO DATE    0.16                      0.32  -0.16     0.60
  SINCE DEC 1      0.71                      1.16  -0.45     1.37
  SINCE JAN 1      0.49                      0.70  -0.21     1.28

SNOWFALL (IN)
  YESTERDAY        T                         0.2   -0.2      0.3
  MONTH TO DATE    4.9                       4.1    0.8      9.8
  SINCE DEC 1     10.0                      15.5   -5.5     20.3
  SINCE JUL 1     17.5                      22.7   -5.2     20.4
  SNOW DEPTH       3

DEGREE DAYS
 HEATING
  YESTERDAY       MM                        32     MM       55
  MONTH TO DATE  731                       674     57      725
  SINCE DEC 1   2732                      2858   -126     2827
  SINCE JUL 1   4144                      4177    -33     3978

 COOLING
  YESTERDAY       MM                         0     MM        0
  MONTH TO DATE    0                         0      0        0
  SINCE DEC 1      0                         0      0        0
  SINCE JAN 1      0                         0      0        0
..................................................................

WIND (MPH)
  HIGHEST WIND SPEED    21   HIGHEST WIND DIRECTION    SW (230)
  HIGHEST GUST SPEED    27   HIGHEST GUST DIRECTION    SW (240)
  AVERAGE WIND SPEED    11.2


SKY COVER
  AVERAGE SKY COVER 0.2


WEATHER CONDITIONS
 THE FOLLOWING WEATHER WAS RECORDED YESTERDAY.
  LIGHT SNOW
  HAZE


RELATIVE HUMIDITY (PERCENT)
 HIGHEST    74
 LOWEST     38
 AVERAGE    56

..........................................................


THE GOODLAND KS CLIMATE NORMALS FOR TODAY
                         NORMAL    RECORD    YEAR
 MAXIMUM TEMPERATURE (F)   47        78      2017
 MINIMUM TEMPERATURE (F)   21        -5      1953


SUNRISE AND SUNSET
FEBRUARY 21 2019......SUNRISE   631 AM MST   SUNSET   530 PM MST
FEBRUARY 22 2019......SUNRISE   630 AM MST   SUNSET   531 PM MST


-  INDICATES NEGATIVE NUMBERS.
R  INDICATES RECORD WAS SET OR TIED.
MM INDICATES DATA IS MISSING.
T  INDICATES TRACE AMOUNT.

&&

THE AVERAGE SOIL TEMPERATURE AT THE FOUR INCH DEPTH... 27
THE CURRENT DEPTH OF FROST... 8 INCHES

$$
