673
CDUS43 KGLD 210045
CLIGLD

CLIMATE REPORT
NATIONAL WEATHER SERVICE GOODLAND
643 PM MDT SUN OCT 20 2019

...................................

...THE GOODLAND KS CLIMATE SUMMARY FOR OCTOBER 20 2019...
VALID TODAY AS OF 0600 PM LOCAL TIME.

CLIMATE NORMAL PERIOD 1981 TO 2010
CLIMATE RECORD PERIOD 1895 TO 2019

WEATHER ITEM   OBSERVED TIME   RECORD YEAR NORMAL DEPARTURE LAST
                VALUE   (LST)  VALUE       VALUE  FROM      YEAR
                                                  NORMAL
..................................................................
TEMPERATURE (F)
 TODAY
  MAXIMUM         61    249 PM  89    2007  65     -4       71
                                      1947
  MINIMUM         41    704 AM  16    1916  36      5       34
  AVERAGE         51                        50      1       53

PRECIPITATION (IN)
  TODAY            0.00          0.79 1918   0.05  -0.05     0.00
  MONTH TO DATE    0.09                      0.94  -0.85     1.87
  SINCE SEP 1      0.74                      2.16  -1.42     2.87
  SINCE JAN 1     21.60                     18.06   3.54    18.66

SNOWFALL (IN)
  TODAY            0.0                       0.1   -0.1      0.0
  MONTH TO DATE    T                         1.1   -1.1      1.3
  SINCE SEP 1      T                         1.5   -1.5      1.3
  SINCE JUL 1      T                         1.5   -1.5      1.3
  SNOW DEPTH       0

DEGREE DAYS
 HEATING
  TODAY           14                        15     -1       12
  MONTH TO DATE  267                       229     38      358
  SINCE SEP 1    288                       341    -53      436
  SINCE JUL 1    288                       353    -65      450

 COOLING
  TODAY            0                         0      0        0
  MONTH TO DATE    1                         5     -4       10
  SINCE SEP 1    203                       105     98      157
  SINCE JAN 1   1049                       938    111     1127
..................................................................

WIND (MPH)
  HIGHEST WIND SPEED    40   HIGHEST WIND DIRECTION    NW (300)
  HIGHEST GUST SPEED    56   HIGHEST GUST DIRECTION    NW (300)
  AVERAGE WIND SPEED    17.7


SKY COVER
  AVERAGE SKY COVER 0.3


WEATHER CONDITIONS
 THE FOLLOWING WEATHER WAS RECORDED TODAY.
  HAZE


RELATIVE HUMIDITY (PERCENT)
 HIGHEST    53           200 AM
 LOWEST     17           300 PM
 AVERAGE    35

..........................................................


THE GOODLAND KS CLIMATE NORMALS FOR TOMORROW
                         NORMAL    RECORD    YEAR
 MAXIMUM TEMPERATURE (F)   64        90      1921
 MINIMUM TEMPERATURE (F)   36        18      1976


SUNRISE AND SUNSET
OCTOBER 20 2019.......SUNRISE   602 AM MST   SUNSET   501 PM MST
OCTOBER 21 2019.......SUNRISE   603 AM MST   SUNSET   500 PM MST


-  INDICATES NEGATIVE NUMBERS.
R  INDICATES RECORD WAS SET OR TIED.
MM INDICATES DATA IS MISSING.
T  INDICATES TRACE AMOUNT.

&&

THE AVERAGE SOIL TEMPERATURE AT THE FOUR INCH DEPTH... 56

$$
