000
CDUS43 KGLD 180038
CLIGLD

CLIMATE REPORT
NATIONAL WEATHER SERVICE GOODLAND
536 PM MST SAT FEB 17 2018

...................................

...THE GOODLAND KS CLIMATE SUMMARY FOR FEBRUARY 17 2018...
VALID TODAY AS OF 0500 PM LOCAL TIME.

CLIMATE NORMAL PERIOD 1981 TO 2010
CLIMATE RECORD PERIOD 1895 TO 2018

WEATHER ITEM   OBSERVED TIME   RECORD YEAR NORMAL DEPARTURE LAST
                VALUE   (LST)  VALUE       VALUE  FROM      YEAR
                                                  NORMAL
..................................................................
TEMPERATURE (F)
 TODAY
  MAXIMUM         53    257 PM  81    1970  46      7       69
  MINIMUM         21    121 AM -15    1993  20      1       28
  AVERAGE         37                        33      4       49

PRECIPITATION (IN)
  TODAY            0.00          0.42 1984   0.02  -0.02     0.00
  MONTH TO DATE    0.56                      0.27   0.29      T
  SINCE DEC 1      1.33                      1.11   0.22     1.52
  SINCE JAN 1      1.24                      0.65   0.59     0.92

SNOWFALL (IN)
  TODAY            0.0                       0.2   -0.2      0.0
  MONTH TO DATE    8.7                       3.6    5.1       T
  SINCE DEC 1     19.2                      15.0    4.2      8.8
  SINCE JUL 1     19.3                      22.2   -2.9      9.4
  SNOW DEPTH       0

DEGREE DAYS
 HEATING
  TODAY           28                        32     -4       16
  MONTH TO DATE  602                       578     24      425
  SINCE DEC 1   2704                      2762    -58     2743
  SINCE JUL 1   3855                      4081   -226     3606

 COOLING
  TODAY            0                         0      0        0
  MONTH TO DATE    0                         0      0        0
  SINCE DEC 1      0                         0      0        0
  SINCE JAN 1      0                         0      0        0
..................................................................

WIND (MPH)
  HIGHEST WIND SPEED    28   HIGHEST WIND DIRECTION     N (350)
  HIGHEST GUST SPEED    38   HIGHEST GUST DIRECTION     N (360)
  AVERAGE WIND SPEED    13.0


SKY COVER
  AVERAGE SKY COVER 0.0


WEATHER CONDITIONS
 THE FOLLOWING WEATHER WAS RECORDED TODAY.
  NO SIGNIFICANT WEATHER WAS OBSERVED.


RELATIVE HUMIDITY (PERCENT)
 HIGHEST    92           200 AM
 LOWEST     19           400 PM
 AVERAGE    56

..........................................................


THE GOODLAND KS CLIMATE NORMALS FOR TOMORROW
                         NORMAL    RECORD    YEAR
 MAXIMUM TEMPERATURE (F)   46        82      2016
 MINIMUM TEMPERATURE (F)   20        -4      2006
                                             1942


SUNRISE AND SUNSET
FEBRUARY 17 2018......SUNRISE   636 AM MST   SUNSET   526 PM MST
FEBRUARY 18 2018......SUNRISE   635 AM MST   SUNSET   527 PM MST


-  INDICATES NEGATIVE NUMBERS.
R  INDICATES RECORD WAS SET OR TIED.
MM INDICATES DATA IS MISSING.
T  INDICATES TRACE AMOUNT.

&&

THE AVERAGE SOIL TEMPERATURE AT THE FOUR INCH DEPTH... 31
THE CURRENT DEPTH OF FROST... 6 INCHES

$$
