000
CDUS43 KGLD 180752
CLIGLD

CLIMATE REPORT
NATIONAL WEATHER SERVICE GOODLAND
1248 AM MST SUN NOV 18 2018

...................................

...THE GOODLAND KS CLIMATE SUMMARY FOR NOVEMBER 17 2018...

CLIMATE NORMAL PERIOD 1981 TO 2010
CLIMATE RECORD PERIOD 1895 TO 2018

WEATHER ITEM   OBSERVED TIME   RECORD YEAR NORMAL DEPARTURE LAST
                VALUE   (LST)  VALUE       VALUE  FROM      YEAR
                                                  NORMAL
..................................................................
TEMPERATURE (F)
 YESTERDAY
  MAXIMUM         37   1238 AM  79    1943  52    -15       76
  MINIMUM         19   1159 PM   3    2014  25     -6       39
                                      1955
  AVERAGE         28                        38    -10       58

PRECIPITATION (IN)
  YESTERDAY        0.02          0.53 1971   0.02   0.00     0.02
  MONTH TO DATE    0.44                      0.46  -0.02     0.02
  SINCE SEP 1      3.80                      3.05   0.75     4.31
  SINCE JAN 1     19.59                     18.95   0.64    26.27

SNOWFALL (IN)
  YESTERDAY        0.2                       0.2    0.0      0.0
  MONTH TO DATE    4.8                       2.4    2.4      0.0
  SINCE SEP 1      6.1                       5.0    1.1      0.1
  SINCE JUL 1      6.1                       5.0    1.1      0.1
  SNOW DEPTH       0

DEGREE DAYS
 HEATING
  YESTERDAY       37                        27     10        7
  MONTH TO DATE  485                       389     96      403
  SINCE SEP 1   1061                       917    144      914
  SINCE JUL 1   1075                       929    146      914

 COOLING
  YESTERDAY        0                         0      0        0
  MONTH TO DATE    0                         0      0        0
  SINCE SEP 1    157                       108     49      140
  SINCE JAN 1   1127                       941    186      959
..................................................................

WIND (MPH)
  HIGHEST WIND SPEED    26   HIGHEST WIND DIRECTION     N (10)
  HIGHEST GUST SPEED    36   HIGHEST GUST DIRECTION     N (20)
  AVERAGE WIND SPEED    15.3


SKY COVER
  AVERAGE SKY COVER 0.8


WEATHER CONDITIONS
 THE FOLLOWING WEATHER WAS RECORDED YESTERDAY.
  LIGHT SNOW
  FOG


RELATIVE HUMIDITY (PERCENT)
 HIGHEST    92
 LOWEST     82
 AVERAGE    87

..........................................................


THE GOODLAND KS CLIMATE NORMALS FOR TODAY
                         NORMAL    RECORD    YEAR
 MAXIMUM TEMPERATURE (F)   51        77      2008
                                             1995
 MINIMUM TEMPERATURE (F)   25        11      1937
                                             1926


SUNRISE AND SUNSET
NOVEMBER 18 2018......SUNRISE   634 AM MST   SUNSET   430 PM MST
NOVEMBER 19 2018......SUNRISE   635 AM MST   SUNSET   429 PM MST


-  INDICATES NEGATIVE NUMBERS.
R  INDICATES RECORD WAS SET OR TIED.
MM INDICATES DATA IS MISSING.
T  INDICATES TRACE AMOUNT.

&&

THE AVERAGE SOIL TEMPERATURE AT THE FOUR INCH DEPTH... 41
THE CURRENT DEPTH OF FROST... 0 INCHES

$$
