000
CDUS43 KGLD 250038
CLIGLD

CLIMATE REPORT
NATIONAL WEATHER SERVICE GOODLAND
537 PM MST FRI JAN 24 2020

...................................

...THE GOODLAND KS CLIMATE SUMMARY FOR JANUARY 24 2020...
VALID TODAY AS OF 0500 PM LOCAL TIME.

CLIMATE NORMAL PERIOD 1981 TO 2010
CLIMATE RECORD PERIOD 1895 TO 2020

WEATHER ITEM   OBSERVED TIME   RECORD YEAR NORMAL DEPARTURE LAST
                VALUE   (LST)  VALUE       VALUE  FROM      YEAR
                                                  NORMAL
..................................................................
TEMPERATURE (F)
 TODAY
  MAXIMUM         54    234 PM  71    1970  42     12       26
  MINIMUM         18   1220 AM -10    1897  17      1       15
  AVERAGE         36                        30      6       21

PRECIPITATION (IN)
  TODAY            0.00          1.12 1921   0.01  -0.01     0.05
  MONTH TO DATE    0.02                      0.28  -0.26     0.33
  SINCE DEC 1      0.32                      0.74  -0.42     0.55
  SINCE JAN 1      0.02                      0.28  -0.26     0.33

SNOWFALL (IN)
  TODAY            0.0                       0.2   -0.2      0.7
  MONTH TO DATE    T                         4.4   -4.4      4.7
  SINCE DEC 1      T                         9.9   -9.9      5.1
  SINCE JUL 1     11.4                      17.1   -5.7     12.6
  SNOW DEPTH       0

DEGREE DAYS
 HEATING
  TODAY           29                        35     -6       44
  MONTH TO DATE  774                       842    -68      775
  SINCE DEC 1   1688                      1930   -242     1767
  SINCE JUL 1   3096                      3249   -153     3179

 COOLING
  TODAY            0                         0      0        0
  MONTH TO DATE    0                         0      0        0
  SINCE DEC 1      0                         0      0        0
  SINCE JAN 1      0                         0      0        0
..................................................................

WIND (MPH)
  HIGHEST WIND SPEED    14   HIGHEST WIND DIRECTION    NW (310)
  HIGHEST GUST SPEED    19   HIGHEST GUST DIRECTION    NW (320)
  AVERAGE WIND SPEED     6.9


SKY COVER
  AVERAGE SKY COVER 0.4


WEATHER CONDITIONS
 THE FOLLOWING WEATHER WAS RECORDED TODAY.
  NO SIGNIFICANT WEATHER WAS OBSERVED.


RELATIVE HUMIDITY (PERCENT)
 HIGHEST    84           500 AM
 LOWEST     30           400 PM
 AVERAGE    57

..........................................................


THE GOODLAND KS CLIMATE NORMALS FOR TOMORROW
                         NORMAL    RECORD    YEAR
 MAXIMUM TEMPERATURE (F)   42        70      1935
 MINIMUM TEMPERATURE (F)   17       -11      1957


SUNRISE AND SUNSET
JANUARY 24 2020.......SUNRISE   701 AM MST   SUNSET   457 PM MST
JANUARY 25 2020.......SUNRISE   700 AM MST   SUNSET   459 PM MST


-  INDICATES NEGATIVE NUMBERS.
R  INDICATES RECORD WAS SET OR TIED.
MM INDICATES DATA IS MISSING.
T  INDICATES TRACE AMOUNT.

&&

THE AVERAGE SOIL TEMPERATURE AT THE FOUR INCH DEPTH... 32
THE CURRENT DEPTH OF FROST... 5 INCHES

$$
