000
CDUS44 KJAN 222211
CLIGLH


CLIMATE REPORT
NATIONAL WEATHER SERVICE JACKSON MS
409 PM CST FRI FEB 22 2019


...................................

...THE GREENVILLE CLIMATE SUMMARY FOR FEBRUARY 22 2019...
VALID TODAY AS OF 0400 PM LOCAL TIME.

CLIMATE NORMAL PERIOD 1981 TO 2010
CLIMATE RECORD PERIOD 1903 TO 2019


WEATHER ITEM   OBSERVED TIME   RECORD YEAR NORMAL DEPARTURE LAST
                VALUE   (LST)  VALUE       VALUE  FROM      YEAR
                                                  NORMAL
..................................................................
TEMPERATURE (F)
 TODAY
  MAXIMUM         57        MM  81    1909  59     -2       54
  MINIMUM         47        MM  14    1963  38      9       44
  AVERAGE         52                        49      3       49

PRECIPITATION (IN)
  TODAY            3.18R         1.86 1971   0.14   3.04     1.75
  MONTH TO DATE   10.89                      4.15   6.74     9.01
  SINCE DEC 1     24.77                     14.74  10.03    15.99
  SINCE JAN 1     15.39                      9.12   6.27    11.13

SNOWFALL (IN)
  TODAY            0.0

DEGREE DAYS
 HEATING
  TODAY           13                        17     -4       16
  MONTH TO DATE  327                       428   -101      348
  SINCE DEC 1   1509                      1755   -246     1771
  SINCE JUL 1   2086                      2217   -131     2185

 COOLING
  TODAY            0                         0      0        0
  MONTH TO DATE   10                         0     10       18
  SINCE DEC 1     10                         4      6       22
  SINCE JAN 1     10                         1      9       18
..................................................................


WIND (MPH)
  HIGHEST WIND SPEED    MM   HIGHEST WIND DIRECTION    MM
  HIGHEST GUST SPEED    MM   HIGHEST GUST DIRECTION    MM
  AVERAGE WIND SPEED    MM


SKY COVER
  POSSIBLE SUNSHINE  MM
  AVERAGE SKY COVER  MM


WEATHER CONDITIONS
 THE FOLLOWING WEATHER WAS RECORDED TODAY.
  THUNDERSTORM
  HEAVY RAIN
  RAIN
  LIGHT RAIN
  FOG


RELATIVE HUMIDITY (PERCENT)
 HIGHEST    MM
 LOWEST     MM
 AVERAGE    MM

..........................................................


THE GREENVILLE CLIMATE NORMALS FOR TOMORROW
                         NORMAL    RECORD    YEAR
 MAXIMUM TEMPERATURE (F)   59        82      2012
                                             1930
 MINIMUM TEMPERATURE (F)   39        20      1968
                                             1963


SUNRISE AND SUNSET
FEBRUARY 22 2019......SUNRISE   641 AM CST   SUNSET   555 PM CST
FEBRUARY 23 2019......SUNRISE   639 AM CST   SUNSET   555 PM CST


-  INDICATES NEGATIVE NUMBERS.
R  INDICATES RECORD WAS SET OR TIED.
MM INDICATES DATA IS MISSING.
T  INDICATES TRACE AMOUNT.




$$
