000
CDUS44 KJAN 172232
CLIGLH


CLIMATE REPORT
NATIONAL WEATHER SERVICE JACKSON MS
428 PM CST SAT NOV 17 2018


...................................

...THE GREENVILLE CLIMATE SUMMARY FOR NOVEMBER 17 2018...
VALID TODAY AS OF 0400 PM LOCAL TIME.

CLIMATE NORMAL PERIOD 1981 TO 2010
CLIMATE RECORD PERIOD 1903 TO 2018


WEATHER ITEM   OBSERVED TIME   RECORD YEAR NORMAL DEPARTURE LAST
                VALUE   (LST)  VALUE       VALUE  FROM      YEAR
                                                  NORMAL
..................................................................
TEMPERATURE (F)
 TODAY
  MAXIMUM         64    333 PM  84    1938  64      0       77
  MINIMUM         38    539 AM  21    1920  42     -4       51
  AVERAGE         51                        53     -2       64

PRECIPITATION (IN)
  TODAY            0.00          3.49 2015   0.16  -0.16     0.00
  MONTH TO DATE    6.05                      2.49   3.56     1.42
  SINCE SEP 1      9.69                      9.89  -0.20     4.37
  SINCE JAN 1     50.84                     44.45   6.39    33.56

SNOWFALL (IN)
  TODAY            0.0

DEGREE DAYS
 HEATING
  TODAY           14                        12      2        1
  MONTH TO DATE  262                       160    102      114
  SINCE SEP 1    376                       274    102      232
  SINCE JUL 1    376                       274    102      232

 COOLING
  TODAY            0                         0      0        0
  MONTH TO DATE    0                         9     -9       47
  SINCE SEP 1    569                       404    165      501
  SINCE JAN 1   2451                      2183    268     2244
..................................................................


WIND (MPH)
  HIGHEST WIND SPEED    12   HIGHEST WIND DIRECTION     S (170)
  HIGHEST GUST SPEED    14   HIGHEST GUST DIRECTION    SW (230)
  AVERAGE WIND SPEED    MM


SKY COVER
  POSSIBLE SUNSHINE  MM
  AVERAGE SKY COVER 0.0


WEATHER CONDITIONS
 THE FOLLOWING WEATHER WAS RECORDED TODAY.
  NO SIGNIFICANT WEATHER WAS OBSERVED.


RELATIVE HUMIDITY (PERCENT)
 HIGHEST    89           800 AM
 LOWEST     43           100 PM
 AVERAGE    66

..........................................................


THE GREENVILLE CLIMATE NORMALS FOR TOMORROW
                         NORMAL    RECORD    YEAR
 MAXIMUM TEMPERATURE (F)   64        84      1930
                                             1921
 MINIMUM TEMPERATURE (F)   42        18      1959


SUNRISE AND SUNSET
NOVEMBER 17 2018......SUNRISE   637 AM CST   SUNSET   500 PM CST
NOVEMBER 18 2018......SUNRISE   638 AM CST   SUNSET   500 PM CST


-  INDICATES NEGATIVE NUMBERS.
R  INDICATES RECORD WAS SET OR TIED.
MM INDICATES DATA IS MISSING.
T  INDICATES TRACE AMOUNT.




$$
