000
CDUS44 KJAN 090659
CLIGLH


CLIMATE REPORT
NATIONAL WEATHER SERVICE JACKSON MS
156 AM CDT SUN AUG 9 2020


...................................

...THE GREENVILLE CLIMATE SUMMARY FOR AUGUST 8 2020...

CLIMATE NORMAL PERIOD 1981 TO 2010
CLIMATE RECORD PERIOD 1903 TO 2020


WEATHER ITEM   OBSERVED TIME   RECORD YEAR NORMAL DEPARTURE LAST
                VALUE   (LST)  VALUE       VALUE  FROM      YEAR
                                                  NORMAL
..................................................................
TEMPERATURE (F)
 YESTERDAY
  MAXIMUM         95    335 PM 107    1935  92      3       90
                                      1930
  MINIMUM         67    532 AM  59    1989  72     -5       76
  AVERAGE         81                        82     -1       83

PRECIPITATION (IN)
  YESTERDAY        0.00          2.00 1997   0.07  -0.07     0.00
  MONTH TO DATE    0.00                      0.51  -0.51      T
  SINCE JUN 1      6.58                      8.35  -1.77    12.63
  SINCE JAN 1     40.11                     32.61   7.50    55.45

SNOWFALL (IN)
  YESTERDAY        0.0

DEGREE DAYS
 HEATING
  YESTERDAY        0                         0      0        0
  MONTH TO DATE    0                         0      0        0
  SINCE JUN 1      0                         0      0        0
  SINCE JUL 1      0                         0      0        0

 COOLING
  YESTERDAY       16                        17     -1       18
  MONTH TO DATE  104                       136    -32      139
  SINCE JUN 1   1114                      1083     31     1057
  SINCE JAN 1   1451                      1405     46     1453
..................................................................


WIND (MPH)
  HIGHEST WIND SPEED     8   HIGHEST WIND DIRECTION    NW (320)
  HIGHEST GUST SPEED    12   HIGHEST GUST DIRECTION    NW (300)
  AVERAGE WIND SPEED     1.8


SKY COVER
  POSSIBLE SUNSHINE  MM
  AVERAGE SKY COVER 0.0


WEATHER CONDITIONS
 THE FOLLOWING WEATHER WAS RECORDED YESTERDAY.
  FOG


RELATIVE HUMIDITY (PERCENT)
 HIGHEST    97           100 AM
 LOWEST     46           200 PM
 AVERAGE    72

..........................................................


THE GREENVILLE CLIMATE NORMALS FOR TODAY
                         NORMAL    RECORD    YEAR
 MAXIMUM TEMPERATURE (F)   93       103      1930
 MINIMUM TEMPERATURE (F)   72        59      1976


SUNRISE AND SUNSET
AUGUST  9 2020........SUNRISE   622 AM CDT   SUNSET   756 PM CDT
AUGUST 10 2020........SUNRISE   623 AM CDT   SUNSET   755 PM CDT


-  INDICATES NEGATIVE NUMBERS.
R  INDICATES RECORD WAS SET OR TIED.
MM INDICATES DATA IS MISSING.
T  INDICATES TRACE AMOUNT.




$$
