000
CDUS44 KJAN 170633
CLIGLH


CLIMATE REPORT
NATIONAL WEATHER SERVICE JACKSON MS
130 AM CDT THU OCT 17 2019


...................................

...THE GREENVILLE CLIMATE SUMMARY FOR OCTOBER 16 2019...

CLIMATE NORMAL PERIOD 1981 TO 2010
CLIMATE RECORD PERIOD 1903 TO 2019


WEATHER ITEM   OBSERVED TIME   RECORD YEAR NORMAL DEPARTURE LAST
                VALUE   (LST)  VALUE       VALUE  FROM      YEAR
                                                  NORMAL
..................................................................
TEMPERATURE (F)
 YESTERDAY
  MAXIMUM         69    136 AM  90    1915  77     -8       53
  MINIMUM         48   1138 PM  37    1943  52     -4       48
                                      1907
  AVERAGE         59                        65     -6       51

PRECIPITATION (IN)
  YESTERDAY        T             3.98 2006   0.15  -0.15     0.40
  MONTH TO DATE    3.12                      2.31   0.81     1.04
  SINCE SEP 1      3.78                      5.39  -1.61     2.87
  SINCE JAN 1     64.46                     39.95  24.51    44.02

SNOWFALL (IN)
  YESTERDAY        0.0

DEGREE DAYS
 HEATING
  YESTERDAY        6                         3      3       14
  MONTH TO DATE   32                        31      1       25
  SINCE SEP 1     32                        37     -5       26
  SINCE JUL 1     32                        37     -5       26

 COOLING
  YESTERDAY        0                         3     -3        0
  MONTH TO DATE  126                        62     64      156
  SINCE SEP 1    667                       363    304      557
  SINCE JAN 1   2531                      2142    389     2439
..................................................................


WIND (MPH)
  HIGHEST WIND SPEED    29   HIGHEST WIND DIRECTION     N (360)
  HIGHEST GUST SPEED    38   HIGHEST GUST DIRECTION     N (360)
  AVERAGE WIND SPEED    11.5


SKY COVER
  POSSIBLE SUNSHINE  MM
  AVERAGE SKY COVER 0.3


WEATHER CONDITIONS
 THE FOLLOWING WEATHER WAS RECORDED YESTERDAY.
  LIGHT RAIN
  FOG


RELATIVE HUMIDITY (PERCENT)
 HIGHEST    93           200 AM
 LOWEST     44           300 PM
 AVERAGE    69

..........................................................


THE GREENVILLE CLIMATE NORMALS FOR TODAY
                         NORMAL    RECORD    YEAR
 MAXIMUM TEMPERATURE (F)   77        90      1929
                                             1915
 MINIMUM TEMPERATURE (F)   52        32      1948


SUNRISE AND SUNSET
OCTOBER 17 2019.......SUNRISE   710 AM CDT   SUNSET   628 PM CDT
OCTOBER 18 2019.......SUNRISE   711 AM CDT   SUNSET   627 PM CDT


-  INDICATES NEGATIVE NUMBERS.
R  INDICATES RECORD WAS SET OR TIED.
MM INDICATES DATA IS MISSING.
T  INDICATES TRACE AMOUNT.




$$
