000
CDUS44 KJAN 110647
CLIGLH

CLIMATE REPORT
NATIONAL WEATHER SERVICE JACKSON MS
147 AM CDT TUE MAY 11 2021

...................................

...THE GREENVILLE CLIMATE SUMMARY FOR MAY 10 2021...

CLIMATE NORMAL PERIOD: 1991 TO 2020
CLIMATE RECORD PERIOD: 1903 TO 2021


WEATHER ITEM   OBSERVED TIME   RECORD YEAR NORMAL DEPARTURE LAST
                VALUE   (LST)  VALUE       VALUE  FROM      YEAR
                                                  NORMAL
...................................................................
TEMPERATURE (F)
 YESTERDAY
  MAXIMUM         64   5:26 PM  92    1916  81    -17       77
  MINIMUM         55   7:05 AM  41    1923  61     -6       45
  AVERAGE         60                        71    -11       61

PRECIPITATION (IN)
  YESTERDAY        0.00          1.74 2006   0.13  -0.13     0.00
  MONTH TO DATE    2.77                      1.37   1.40     0.70
  SINCE MAR 1     10.91                     11.09  -0.18    14.97
  SINCE JAN 1     17.17                     20.30  -3.13    32.40

SNOWFALL (IN)
  YESTERDAY        0.0

DEGREE DAYS
 HEATING
  YESTERDAY        5                         1      4        4
  MONTH TO DATE    6                        10     -4       20
  SINCE MAR 1    327                       426    -99      256
  SINCE JUL 1   2492                      2614   -122     2245

 COOLING
  YESTERDAY        0                         7     -7        0
  MONTH TO DATE   42                        57    -15       34
  SINCE MAR 1    154                       153      1      123
  SINCE JAN 1    161                       160      1      127
...................................................................


WIND (MPH)
  HIGHEST WIND SPEED    18   HIGHEST WIND DIRECTION     N (20)
  HIGHEST GUST SPEED    25   HIGHEST GUST DIRECTION     N (10)
  AVERAGE WIND SPEED    10.8


SKY COVER
  POSSIBLE SUNSHINE  MM
  AVERAGE SKY COVER 1.0


WEATHER CONDITIONS
THE FOLLOWING WEATHER WAS RECORDED YESTERDAY.
  NO SIGNIFICANT WEATHER WAS OBSERVED.


RELATIVE HUMIDITY (PERCENT)
 HIGHEST    93           1:00 AM
 LOWEST     75           7:00 PM
 AVERAGE    84

..........................................................


THE GREENVILLE CLIMATE NORMALS FOR TODAY
                         NORMAL    RECORD    YEAR
 MAXIMUM TEMPERATURE (F)   81        91      1916
 MINIMUM TEMPERATURE (F)   61        44      1909


SUNRISE AND SUNSET
MAY 11 2021...........SUNRISE   6:06 AM CDT   SUNSET   7:55 PM CDT
MAY 12 2021...........SUNRISE   6:06 AM CDT   SUNSET   7:55 PM CDT


-  INDICATES NEGATIVE NUMBERS.
R  INDICATES RECORD WAS SET OR TIED.
MM INDICATES DATA IS MISSING.
T  INDICATES TRACE AMOUNT.




$$
