000
CDUS44 KJAN 182115
CLIGLH


CLIMATE REPORT
NATIONAL WEATHER SERVICE JACKSON MS
413 PM CDT SAT AUG 18 2018


...................................

...THE GREENVILLE CLIMATE SUMMARY FOR AUGUST 18 2018...
VALID TODAY AS OF 0400 PM LOCAL TIME.

CLIMATE NORMAL PERIOD 1981 TO 2010
CLIMATE RECORD PERIOD 1903 TO 2018


WEATHER ITEM   OBSERVED TIME   RECORD YEAR NORMAL DEPARTURE LAST
                VALUE   (LST)  VALUE       VALUE  FROM      YEAR
                                                  NORMAL
..................................................................
TEMPERATURE (F)
 TODAY
  MAXIMUM         82    259 PM 103    1952  92    -10       94
                                      1909
  MINIMUM         72    139 AM  60    1929  71      1       75
  AVERAGE         77                        82     -5       85

PRECIPITATION (IN)
  TODAY            0.47          1.79 1937   0.07   0.40      T
  MONTH TO DATE    1.35                      1.16   0.19     4.18
  SINCE JUN 1     10.21                      9.00   1.21    11.01
  SINCE JAN 1     35.29                     33.26   2.03    27.39

SNOWFALL (IN)
  TODAY            0.0

DEGREE DAYS
 HEATING
  TODAY            0                         0      0        0
  MONTH TO DATE    0                         0      0        0
  SINCE JUN 1      0                         0      0        0
  SINCE JUL 1      0                         0      0        0

 COOLING
  TODAY           12                        17     -5       20
  MONTH TO DATE  263                       306    -43      278
  SINCE JUN 1   1250                      1253     -3     1160
  SINCE JAN 1   1686                      1575    111     1557
..................................................................


WIND (MPH)
  HIGHEST WIND SPEED    13   HIGHEST WIND DIRECTION    SW (220)
  HIGHEST GUST SPEED    16   HIGHEST GUST DIRECTION    SW (220)
  AVERAGE WIND SPEED     6.2


SKY COVER
  POSSIBLE SUNSHINE  MM
  AVERAGE SKY COVER 0.8


WEATHER CONDITIONS
 THE FOLLOWING WEATHER WAS RECORDED TODAY.
  THUNDERSTORM
  HEAVY RAIN
  RAIN
  LIGHT RAIN
  FOG


RELATIVE HUMIDITY (PERCENT)
 HIGHEST    93          1200 AM
 LOWEST     85           900 AM
 AVERAGE    89

..........................................................


THE GREENVILLE CLIMATE NORMALS FOR TOMORROW
                         NORMAL    RECORD    YEAR
 MAXIMUM TEMPERATURE (F)   92       104      1999
 MINIMUM TEMPERATURE (F)   71        60      1943


SUNRISE AND SUNSET
AUGUST 18 2018........SUNRISE   628 AM CDT   SUNSET   747 PM CDT
AUGUST 19 2018........SUNRISE   629 AM CDT   SUNSET   745 PM CDT


-  INDICATES NEGATIVE NUMBERS.
R  INDICATES RECORD WAS SET OR TIED.
MM INDICATES DATA IS MISSING.
T  INDICATES TRACE AMOUNT.




$$
