000
CDUS44 KHGX 120817
CLIGLS


CLIMATE REPORT
NATIONAL WEATHER SERVICE HOUSTON/GALVESTON TX
217 AM CST WED DEC 12 2018


...................................

...THE GALVESTON CLIMATE SUMMARY FOR DECEMBER 11 2018...

CLIMATE NORMAL PERIOD 1981 TO 2010
CLIMATE RECORD PERIOD 1875 TO 2018


WEATHER ITEM   OBSERVED TIME   RECORD YEAR NORMAL DEPARTURE LAST
                VALUE   (LST)  VALUE       VALUE  FROM      YEAR
                                                  NORMAL
..................................................................
TEMPERATURE (F)
 YESTERDAY
  MAXIMUM         61    302 PM  78    2007  64     -3       68
  MINIMUM         43    657 AM  30    1898  51     -8       45
  AVERAGE         52                        58     -6       57

PRECIPITATION (IN)
  YESTERDAY        0.00          3.19 1935   0.11  -0.11     0.00
  MONTH TO DATE    3.29                      1.45   1.84     5.54
  SINCE DEC 1      3.29                      1.45   1.84     5.54
  SINCE JAN 1     59.78                     48.69  11.09    59.02

SNOWFALL (IN)
  YESTERDAY        0.0           0.0  2001  MM     MM        0.0
  MONTH TO DATE    0.0                      MM     MM         T
  SINCE DEC 1      0.0                      MM     MM         T
  SINCE JUL 1      0.0                      MM     MM         T
  SNOW DEPTH       0

DEGREE DAYS
 HEATING
  YESTERDAY       13                         8      5        8
  MONTH TO DATE   84                        79      5      100
  SINCE DEC 1     84                        79      5      100
  SINCE JUL 1    252                       182     70      143

 COOLING
  YESTERDAY        0                         1     -1        0
  MONTH TO DATE   13                        11      2       14
  SINCE DEC 1     13                        11      2       14
  SINCE JAN 1   3705                      3300    405     3984
..................................................................


WIND (MPH)
  RESULTANT WIND SPEED   6   RESULTANT WIND DIRECTION  SE (120)
  HIGHEST WIND SPEED    15   HIGHEST WIND DIRECTION    SE (150)
  HIGHEST GUST SPEED    19   HIGHEST GUST DIRECTION     S (160)
  AVERAGE WIND SPEED     7.9


SKY COVER
  AVERAGE SKY COVER 0.0


WEATHER CONDITIONS
 THE FOLLOWING WEATHER WAS RECORDED YESTERDAY.
  HAZE


RELATIVE HUMIDITY (PERCENT)
 HIGHEST    96
 LOWEST     55
 AVERAGE    76

..........................................................


THE GALVESTON CLIMATE NORMALS FOR TODAY
                         NORMAL    RECORD    YEAR
 MAXIMUM TEMPERATURE (F)   64        78      2007
                                             2006
                                             1933
 MINIMUM TEMPERATURE (F)   51        29      1962


SUNRISE AND SUNSET
DECEMBER 12 2018......SUNRISE   704 AM CST   SUNSET   522 PM CST
DECEMBER 13 2018......SUNRISE   705 AM CST   SUNSET   523 PM CST


-  INDICATES NEGATIVE NUMBERS.
R  INDICATES RECORD WAS SET OR TIED.
MM INDICATES DATA IS MISSING.
T  INDICATES TRACE AMOUNT.




$$
