000
CDUS44 KHGX 210719
CLIGLS


CLIMATE REPORT
NATIONAL WEATHER SERVICE HOUSTON/GALVESTON TX
218 AM CDT THU JUN 21 2018


...................................

...THE GALVESTON CLIMATE SUMMARY FOR JUNE 20 2018...

CLIMATE NORMAL PERIOD 1981 TO 2010
CLIMATE RECORD PERIOD 1875 TO 2018


WEATHER ITEM   OBSERVED TIME   RECORD YEAR NORMAL DEPARTURE LAST
                VALUE   (LST)  VALUE       VALUE  FROM      YEAR
                                                  NORMAL
..................................................................
TEMPERATURE (F)
 YESTERDAY
  MAXIMUM         88    114 PM  94    1933  89     -1       92
                                      1875
  MINIMUM         76    747 PM  67    1912  78     -2       80
  AVERAGE         82                        83     -1       86

PRECIPITATION (IN)
  YESTERDAY        2.05          2.55 1950   0.22   1.83     0.00
  MONTH TO DATE    4.92                      3.79   1.13     4.39
  SINCE JUN 1      4.92                      3.79   1.13     4.39
  SINCE JAN 1     13.04                     21.09  -8.05    15.27

SNOWFALL (IN)
  YESTERDAY        0.0          MM      MM  MM     MM        0.0
  MONTH TO DATE    0.0                      MM     MM        0.0
  SINCE JUN 1      0.0                      MM     MM        0.0
  SINCE JUL 1      T                         0.0    0.0      0.0
  SNOW DEPTH       0

DEGREE DAYS
 HEATING
  YESTERDAY        0                         0      0        0
  MONTH TO DATE    0                         0      0        0
  SINCE JUN 1      0                         0      0        0
  SINCE JUL 1    816                      1009   -193      328

 COOLING
  YESTERDAY       17                        18     -1       21
  MONTH TO DATE  398                       347     51      345
  SINCE JUN 1    398                       347     51      345
  SINCE JAN 1   1301                       982    319     1465
..................................................................


WIND (MPH)
  RESULTANT WIND SPEED  17   RESULTANT WIND DIRECTION  SE (140)
  HIGHEST WIND SPEED    26   HIGHEST WIND DIRECTION     S (170)
  HIGHEST GUST SPEED    32   HIGHEST GUST DIRECTION    SE (150)
  AVERAGE WIND SPEED    15.1


SKY COVER
  AVERAGE SKY COVER 0.9


WEATHER CONDITIONS
 THE FOLLOWING WEATHER WAS RECORDED YESTERDAY.
  THUNDERSTORM
  HEAVY RAIN
  RAIN
  LIGHT RAIN
  FOG


RELATIVE HUMIDITY (PERCENT)
 HIGHEST   100
 LOWEST     75
 AVERAGE    88

..........................................................


THE GALVESTON CLIMATE NORMALS FOR TODAY
                         NORMAL    RECORD    YEAR
 MAXIMUM TEMPERATURE (F)   89        96      1897
 MINIMUM TEMPERATURE (F)   78        68      1904


SUNRISE AND SUNSET
JUNE 21 2018..........SUNRISE   621 AM CDT   SUNSET   822 PM CDT
JUNE 22 2018..........SUNRISE   621 AM CDT   SUNSET   822 PM CDT


-  INDICATES NEGATIVE NUMBERS.
R  INDICATES RECORD WAS SET OR TIED.
MM INDICATES DATA IS MISSING.
T  INDICATES TRACE AMOUNT.




$$
