000
CDUS44 KHGX 190722
CLIGLS


CLIMATE REPORT
NATIONAL WEATHER SERVICE HOUSTON/GALVESTON TX
221 AM CDT WED SEP 19 2018


...................................

...THE GALVESTON CLIMATE SUMMARY FOR SEPTEMBER 18 2018...

CLIMATE NORMAL PERIOD 1981 TO 2010
CLIMATE RECORD PERIOD 1875 TO 2018


WEATHER ITEM   OBSERVED TIME   RECORD YEAR NORMAL DEPARTURE LAST
                VALUE   (LST)  VALUE       VALUE  FROM      YEAR
                                                  NORMAL
..................................................................
TEMPERATURE (F)
 YESTERDAY
  MAXIMUM         92   1158 AM  96    1927  87      5       90
  MINIMUM         81    632 AM  59    1875  76      5       82
  AVERAGE         87                        81      6       86

PRECIPITATION (IN)
  YESTERDAY        0.00          2.47 1979   0.17  -0.17     0.00
  MONTH TO DATE   18.74                      4.07  14.67     0.00
  SINCE SEP 1     18.74                      4.07  14.67     0.00
  SINCE JAN 1     38.49                     35.25   3.24    50.45

SNOWFALL (IN)
  YESTERDAY        0.0          MM      MM  MM     MM        0.0
  MONTH TO DATE    0.0                      MM     MM        0.0
  SINCE SEP 1      0.0                      MM     MM        0.0
  SINCE JUL 1      0.0                      MM     MM        0.0
  SNOW DEPTH       0

DEGREE DAYS
 HEATING
  YESTERDAY        0                         0      0        0
  MONTH TO DATE    0                         0      0        0
  SINCE SEP 1      0                         0      0        0
  SINCE JUL 1      0                         0      0        0

 COOLING
  YESTERDAY       22                        16      6       21
  MONTH TO DATE  309                       321    -12      310
  SINCE SEP 1    309                       321    -12      310
  SINCE JAN 1   3076                      2715    361     3167
..................................................................


WIND (MPH)
  RESULTANT WIND SPEED   4   RESULTANT WIND DIRECTION  SW (210)
  HIGHEST WIND SPEED    13   HIGHEST WIND DIRECTION     S (170)
  HIGHEST GUST SPEED    14   HIGHEST GUST DIRECTION     S (180)
  AVERAGE WIND SPEED     6.0


SKY COVER
  AVERAGE SKY COVER 0.1


WEATHER CONDITIONS
 THE FOLLOWING WEATHER WAS RECORDED YESTERDAY.
  NO SIGNIFICANT WEATHER WAS OBSERVED.


RELATIVE HUMIDITY (PERCENT)
 HIGHEST    94
 LOWEST     60
 AVERAGE    77

..........................................................


THE GALVESTON CLIMATE NORMALS FOR TODAY
                         NORMAL    RECORD    YEAR
 MAXIMUM TEMPERATURE (F)   87        93      1995
 MINIMUM TEMPERATURE (F)   75        58      1901


SUNRISE AND SUNSET
SEPTEMBER 19 2018.....SUNRISE   706 AM CDT   SUNSET   720 PM CDT
SEPTEMBER 20 2018.....SUNRISE   707 AM CDT   SUNSET   718 PM CDT


-  INDICATES NEGATIVE NUMBERS.
R  INDICATES RECORD WAS SET OR TIED.
MM INDICATES DATA IS MISSING.
T  INDICATES TRACE AMOUNT.




$$
