000
CDUS44 KHGX 090719
CLIGLS


CLIMATE REPORT
NATIONAL WEATHER SERVICE HOUSTON/GALVESTON TX
218 AM CDT SUN AUG 9 2020


...................................

...THE GALVESTON CLIMATE SUMMARY FOR AUGUST 8 2020...

CLIMATE NORMAL PERIOD 1981 TO 2010
CLIMATE RECORD PERIOD 1875 TO 2020


WEATHER ITEM   OBSERVED TIME   RECORD YEAR NORMAL DEPARTURE LAST
                VALUE   (LST)  VALUE       VALUE  FROM      YEAR
                                                  NORMAL
..................................................................
TEMPERATURE (F)
 YESTERDAY
  MAXIMUM         92    403 PM  96    2019  90      2       96
  MINIMUM         83   1232 PM  69    1914  80      3       86
  AVERAGE         88                        85      3       91

PRECIPITATION (IN)
  YESTERDAY        0.04          3.07 1914   0.10  -0.06     0.00
  MONTH TO DATE    0.14                      0.81  -0.67     0.08
  SINCE JUN 1     10.85                     10.30   0.55     8.63
  SINCE JAN 1     26.63                     27.60  -0.97    24.75

SNOWFALL (IN)
  YESTERDAY        0.0
  MONTH TO DATE    0.0
  SINCE JUL 1      0.0

DEGREE DAYS
 HEATING
  YESTERDAY        0                         0      0        0
  MONTH TO DATE    0                         0      0        0
  SINCE JUN 1      0                         0      0        0
  SINCE JUL 1      0                         0      0        0

 COOLING
  YESTERDAY       23                        20      3       26
  MONTH TO DATE  178                       160     18      182
  SINCE JUN 1   1430                      1299    131     1397
  SINCE JAN 1   2418                      1934    484     2091
..................................................................


WIND (MPH)
  RESULTANT WIND SPEED   8   RESULTANT WIND DIRECTION   S (170)
  HIGHEST WIND SPEED    18   HIGHEST WIND DIRECTION    SE (130)
  HIGHEST GUST SPEED    26   HIGHEST GUST DIRECTION    SE (130)
  AVERAGE WIND SPEED     8.7


SKY COVER
  AVERAGE SKY COVER 0.3


WEATHER CONDITIONS
 THE FOLLOWING WEATHER WAS RECORDED YESTERDAY.
  NO SIGNIFICANT WEATHER WAS OBSERVED.


RELATIVE HUMIDITY (PERCENT)
 HIGHEST    80
 LOWEST     59
 AVERAGE    70

..........................................................


THE GALVESTON CLIMATE NORMALS FOR TODAY
                         NORMAL    RECORD    YEAR
 MAXIMUM TEMPERATURE (F)   90        98      1935
 MINIMUM TEMPERATURE (F)   80        70      1982
                                             1889


SUNRISE AND SUNSET
AUGUST  9 2020........SUNRISE   645 AM CDT   SUNSET   805 PM CDT
AUGUST 10 2020........SUNRISE   645 AM CDT   SUNSET   804 PM CDT


-  INDICATES NEGATIVE NUMBERS.
R  INDICATES RECORD WAS SET OR TIED.
MM INDICATES DATA IS MISSING.
T  INDICATES TRACE AMOUNT.




$$
