000
CDUS44 KHGX 220736
CLIGLS

CLIMATE REPORT
NATIONAL WEATHER SERVICE HOUSTON/GALVESTON TX
236 AM CDT TUE JUN 22 2021

...................................

...THE GALVESTON CLIMATE SUMMARY FOR JUNE 21 2021...

CLIMATE NORMAL PERIOD: 1991 TO 2020
CLIMATE RECORD PERIOD: 1875 TO 2021


WEATHER ITEM   OBSERVED TIME   RECORD YEAR NORMAL DEPARTURE LAST
                VALUE   (LST)  VALUE       VALUE  FROM      YEAR
                                                  NORMAL
...................................................................
TEMPERATURE (F)
 YESTERDAY
  MAXIMUM         92   1:26 PM  96    1897  90      2       89
  MINIMUM         76  11:59 PM  68    1904  79     -3       81
  AVERAGE         84                        84      0       85

PRECIPITATION (IN)
  YESTERDAY        1.68          4.94 1968   0.15   1.53
  MONTH TO DATE    3.93                      2.88   1.05
  SINCE JUN 1      3.93                      2.88   1.05
  SINCE JAN 1     15.10                     17.44  -2.34

SNOWFALL (IN)
  YESTERDAY        0.0
  MONTH TO DATE    0.0
  SINCE JUN 1      0.0
  SINCE JUL 1      0.3

DEGREE DAYS
 HEATING
  YESTERDAY        0                         0      0        0
  MONTH TO DATE    0                         0      0        0
  SINCE JUN 1      0                         0      0        0
  SINCE JUL 1    878                       888    -10      616

 COOLING
  YESTERDAY       19                        19      0       20
  MONTH TO DATE  408                       386     22      412
  SINCE JUN 1    408                       386     22      412
  SINCE JAN 1   1115                      1123     -8     1400
...................................................................


WIND (MPH)
  HIGHEST WIND SPEED    29   HIGHEST WIND DIRECTION     S (170)
  HIGHEST GUST SPEED    35   HIGHEST GUST DIRECTION     S (160)
  AVERAGE WIND SPEED    18.1


WEATHER CONDITIONS
THE FOLLOWING WEATHER WAS RECORDED YESTERDAY.
  THUNDERSTORM
  HEAVY RAIN
  LIGHT RAIN
  FOG


RELATIVE HUMIDITY (PERCENT)
 HIGHEST    90
 LOWEST     66
 AVERAGE    78

..........................................................


THE GALVESTON CLIMATE NORMALS FOR TODAY
                         NORMAL    RECORD    YEAR
 MAXIMUM TEMPERATURE (F)   90        97      1875
 MINIMUM TEMPERATURE (F)   79        69      1880
                                             1902


SUNRISE AND SUNSET
JUNE 22 2021..........SUNRISE   6:21 AM CDT   SUNSET   8:22 PM CDT
JUNE 23 2021..........SUNRISE   6:21 AM CDT   SUNSET   8:22 PM CDT


-  INDICATES NEGATIVE NUMBERS.
R  INDICATES RECORD WAS SET OR TIED.
MM INDICATES DATA IS MISSING.
T  INDICATES TRACE AMOUNT.




$$
