000
CDUS44 KHGX 270723
CLIGLS

CLIMATE REPORT
NATIONAL WEATHER SERVICE HOUSTON/GALVESTON TX
223 AM CDT MON JUN 27 2022

...................................

...THE GALVESTON CLIMATE SUMMARY FOR JUNE 26 2022...

CLIMATE NORMAL PERIOD: 1991 TO 2020
CLIMATE RECORD PERIOD: 1875 TO 2022


WEATHER ITEM   OBSERVED TIME   RECORD YEAR NORMAL DEPARTURE LAST
                VALUE   (LST)  VALUE       VALUE  FROM      YEAR
                                                  NORMAL
...................................................................
TEMPERATURE (F)
 YESTERDAY
  MAXIMUM         95   2:25 PM  97    2012  90      5       90
  MINIMUM         83   6:10 AM  66    1928  79      4       81
  AVERAGE         89                        85      4       86

PRECIPITATION (IN)
  YESTERDAY        0.00          4.15 1989   0.15  -0.15
  MONTH TO DATE    0.63                      3.62  -2.99
  SINCE JUN 1      0.63                      3.62  -2.99
  SINCE JAN 1      9.60                     18.18  -8.58

SNOWFALL (IN)
  YESTERDAY        0.0
  MONTH TO DATE    0.0
  SINCE JUN 1      0.0
  SINCE JUL 1      0.0

DEGREE DAYS
 HEATING
  YESTERDAY        0                         0      0        0
  MONTH TO DATE    0                         0      0        0
  SINCE JUN 1      0                         0      0        0
  SINCE JUL 1    684                       888   -204      878

 COOLING
  YESTERDAY       24                        20      4       21
  MONTH TO DATE  601                       486    115      513
  SINCE JUN 1    601                       486    115      513
  SINCE JAN 1   1626                      1223    403     1220
...................................................................


WIND (MPH)
  HIGHEST WIND SPEED    17   HIGHEST WIND DIRECTION     S (180)
  HIGHEST GUST SPEED    22   HIGHEST GUST DIRECTION     S (180)
  AVERAGE WIND SPEED     9.0


WEATHER CONDITIONS
THE FOLLOWING WEATHER WAS RECORDED YESTERDAY.
  NO SIGNIFICANT WEATHER WAS OBSERVED.


RELATIVE HUMIDITY (PERCENT)
 HIGHEST    74
 LOWEST     52
 AVERAGE    63

..........................................................


THE GALVESTON CLIMATE NORMALS FOR TODAY
                         NORMAL    RECORD    YEAR
 MAXIMUM TEMPERATURE (F)   91        97      1930
 MINIMUM TEMPERATURE (F)   79        69      1916


SUNRISE AND SUNSET
JUNE 27 2022..........SUNRISE   6:22 AM CDT   SUNSET   8:23 PM CDT
JUNE 28 2022..........SUNRISE   6:23 AM CDT   SUNSET   8:23 PM CDT


-  INDICATES NEGATIVE NUMBERS.
R  INDICATES RECORD WAS SET OR TIED.
MM INDICATES DATA IS MISSING.
T  INDICATES TRACE AMOUNT.




$$
