622
CDUS44 KHGX 172124
CLIGLS


CLIMATE REPORT
NATIONAL WEATHER SERVICE HOUSTON/GALVESTON TX
422 PM CDT THU OCT 17 2019


...................................

...THE GALVESTON CLIMATE SUMMARY FOR OCTOBER 17 2019...
VALID TODAY AS OF 0400 PM LOCAL TIME.

CLIMATE NORMAL PERIOD 1981 TO 2010
CLIMATE RECORD PERIOD 1875 TO 2019


WEATHER ITEM   OBSERVED TIME   RECORD YEAR NORMAL DEPARTURE LAST
                VALUE   (LST)  VALUE       VALUE  FROM      YEAR
                                                  NORMAL
..................................................................
TEMPERATURE (F)
 TODAY
  MAXIMUM         67    249 PM  88    2003  80    -13       67
  MINIMUM         62    922 AM  53    1970  68     -6       63
                                      1948
  AVERAGE         65                        74     -9       65

PRECIPITATION (IN)
  TODAY            0.00          2.40 1937   0.21  -0.21      T
  MONTH TO DATE    4.28                      3.19   1.09     2.01
  SINCE SEP 1     22.34                      9.22  13.12    26.33
  SINCE JAN 1     49.26                     40.40   8.86    46.08

SNOWFALL (IN)
  TODAY            0.0
  MONTH TO DATE    0.0
  SINCE JUL 1      0.0

DEGREE DAYS
 HEATING
  TODAY            0                         0      0        0
  MONTH TO DATE    0                         0      0        0
  SINCE SEP 1      0                         0      0        0
  SINCE JUL 1      0                         0      0        0

 COOLING
  TODAY            0                         9     -9        0
  MONTH TO DATE  249                       193     56      257
  SINCE SEP 1    884                       692    192      763
  SINCE JAN 1   3508                      3086    422     3530
..................................................................


WIND (MPH)
  RESULTANT WIND SPEED  13   RESULTANT WIND DIRECTION   N (20)
  HIGHEST WIND SPEED    18   HIGHEST WIND DIRECTION    NE (30)
  HIGHEST GUST SPEED    23   HIGHEST GUST DIRECTION    NE (30)
  AVERAGE WIND SPEED    13.4


SKY COVER
  AVERAGE SKY COVER 0.3


WEATHER CONDITIONS
 THE FOLLOWING WEATHER WAS RECORDED TODAY.
  HAZE


RELATIVE HUMIDITY (PERCENT)
 HIGHEST    84           100 AM
 LOWEST     73           200 PM
 AVERAGE    79

..........................................................


THE GALVESTON CLIMATE NORMALS FOR TOMORROW
                         NORMAL    RECORD    YEAR
 MAXIMUM TEMPERATURE (F)   80        88      2016
 MINIMUM TEMPERATURE (F)   68        47      1948


SUNRISE AND SUNSET
OCTOBER 17 2019.......SUNRISE   722 AM CDT   SUNSET   647 PM CDT
OCTOBER 18 2019.......SUNRISE   723 AM CDT   SUNSET   646 PM CDT


-  INDICATES NEGATIVE NUMBERS.
R  INDICATES RECORD WAS SET OR TIED.
MM INDICATES DATA IS MISSING.
T  INDICATES TRACE AMOUNT.




$$
