000
CDUS44 KHGX 310723
CLIGLS


CLIMATE REPORT
NATIONAL WEATHER SERVICE HOUSTON/GALVESTON TX
223 AM CDT SAT OCT 31 2020


...................................

...THE GALVESTON CLIMATE SUMMARY FOR OCTOBER 30 2020...

CLIMATE NORMAL PERIOD 1981 TO 2010
CLIMATE RECORD PERIOD 1875 TO 2020


WEATHER ITEM   OBSERVED TIME   RECORD YEAR NORMAL DEPARTURE LAST
                VALUE   (LST)  VALUE       VALUE  FROM      YEAR
                                                  NORMAL
..................................................................
TEMPERATURE (F)
 YESTERDAY
  MAXIMUM         66    341 PM  86    2004  77    -11       82
  MINIMUM         53    711 AM  41    1917  64    -11       50
  AVERAGE         60                        70    -10       66

PRECIPITATION (IN)
  YESTERDAY        0.00          7.92 1871   0.14  -0.14     0.99
  MONTH TO DATE    2.50                      5.38  -2.88    10.54
  SINCE SEP 1      6.51                     11.41  -4.90    28.60
  SINCE JAN 1     33.75                     42.59  -8.84    55.52

SNOWFALL (IN)
  YESTERDAY        0.0
  MONTH TO DATE    0.0
  SINCE JUL 1      0.0

DEGREE DAYS
 HEATING
  YESTERDAY        5                         1      4        0
  MONTH TO DATE   14                         5      9        5
  SINCE SEP 1     14                         5      9        5
  SINCE JUL 1     14                         5      9        5

 COOLING
  YESTERDAY        0                         6     -6        1
  MONTH TO DATE  340                       292     48      352
  SINCE SEP 1    891                       791    100      987
  SINCE JAN 1   3847                      3185    662     3611
..................................................................


WIND (MPH)
  RESULTANT WIND SPEED  12   RESULTANT WIND DIRECTION   N (20)
  HIGHEST WIND SPEED    28   HIGHEST WIND DIRECTION     N (360)
  HIGHEST GUST SPEED    33   HIGHEST GUST DIRECTION     N (360)
  AVERAGE WIND SPEED    11.5


SKY COVER
  AVERAGE SKY COVER 0.2


WEATHER CONDITIONS
 THE FOLLOWING WEATHER WAS RECORDED YESTERDAY.
  NO SIGNIFICANT WEATHER WAS OBSERVED.


RELATIVE HUMIDITY (PERCENT)
 HIGHEST    77
 LOWEST     48
 AVERAGE    63

..........................................................


THE GALVESTON CLIMATE NORMALS FOR TODAY
                         NORMAL    RECORD    YEAR
 MAXIMUM TEMPERATURE (F)   77        86      2004
 MINIMUM TEMPERATURE (F)   64        39      1993


SUNRISE AND SUNSET
OCTOBER 31 2020.......SUNRISE   732 AM CDT   SUNSET   634 PM CDT
NOVEMBER  1 2020......SUNRISE   633 AM CST   SUNSET   533 PM CST


-  INDICATES NEGATIVE NUMBERS.
R  INDICATES RECORD WAS SET OR TIED.
MM INDICATES DATA IS MISSING.
T  INDICATES TRACE AMOUNT.




$$
