669
CDUS44 KHGX 180719
CLIGLS


CLIMATE REPORT
NATIONAL WEATHER SERVICE HOUSTON/GALVESTON TX
218 AM CDT THU JUL 18 2019


...................................

...THE GALVESTON CLIMATE SUMMARY FOR JULY 17 2019...

CLIMATE NORMAL PERIOD 1981 TO 2010
CLIMATE RECORD PERIOD 1875 TO 2019


WEATHER ITEM   OBSERVED TIME   RECORD YEAR NORMAL DEPARTURE LAST
                VALUE   (LST)  VALUE       VALUE  FROM      YEAR
                                                  NORMAL
..................................................................
TEMPERATURE (F)
 YESTERDAY
  MAXIMUM         92    107 PM  98    1932  90      2       90
  MINIMUM         84   1141 PM  69    1932  80      4       80
  AVERAGE         88                        84      4       85

PRECIPITATION (IN)
  YESTERDAY        0.00          4.91 1952   0.11  -0.11     0.00
  MONTH TO DATE    0.31                      2.45  -2.14     3.87
  SINCE JUN 1      7.77                      8.14  -0.37     8.87
  SINCE JAN 1     23.89                     25.44  -1.55    16.99

SNOWFALL (IN)
  YESTERDAY        0.0
  MONTH TO DATE    0.0
  SINCE JUL 1      0.0

DEGREE DAYS
 HEATING
  YESTERDAY        0                         0      0        0
  MONTH TO DATE    0                         0      0        0
  SINCE JUN 1      0                         0      0        0
  SINCE JUL 1      0                         0      0        0

 COOLING
  YESTERDAY       23                        20      3       20
  MONTH TO DATE  372                       324     48      319
  SINCE JUN 1    922                       859     63      919
  SINCE JAN 1   1616                      1494    122     1822
..................................................................


WIND (MPH)
  RESULTANT WIND SPEED  13   RESULTANT WIND DIRECTION   S (160)
  HIGHEST WIND SPEED    17   HIGHEST WIND DIRECTION     S (170)
  HIGHEST GUST SPEED    21   HIGHEST GUST DIRECTION     S (170)
  AVERAGE WIND SPEED    13.6


SKY COVER
  AVERAGE SKY COVER 0.3


WEATHER CONDITIONS
 THE FOLLOWING WEATHER WAS RECORDED YESTERDAY.
  NO SIGNIFICANT WEATHER WAS OBSERVED.


RELATIVE HUMIDITY (PERCENT)
 HIGHEST    82
 LOWEST     66
 AVERAGE    74

..........................................................


THE GALVESTON CLIMATE NORMALS FOR TODAY
                         NORMAL    RECORD    YEAR
 MAXIMUM TEMPERATURE (F)   90        96      1875
 MINIMUM TEMPERATURE (F)   80        71      1984
                                             1932
                                             1911


SUNRISE AND SUNSET
JULY 18 2019..........SUNRISE   632 AM CDT   SUNSET   819 PM CDT
JULY 19 2019..........SUNRISE   632 AM CDT   SUNSET   819 PM CDT


-  INDICATES NEGATIVE NUMBERS.
R  INDICATES RECORD WAS SET OR TIED.
MM INDICATES DATA IS MISSING.
T  INDICATES TRACE AMOUNT.




$$
