799
CDUS44 KHGX 292126
CLIGLS

CLIMATE REPORT
NATIONAL WEATHER SERVICE HOUSTON/GALVESTON TX
426 PM CDT WED MAY 29 2024

...................................

...THE GALVESTON CLIMATE SUMMARY FOR MAY 29 2024...
VALID TODAY AS OF 0400 PM LOCAL TIME.

CLIMATE NORMAL PERIOD: 1991 TO 2020
CLIMATE RECORD PERIOD: 1874 TO 2024


WEATHER ITEM   OBSERVED TIME   RECORD YEAR NORMAL DEPARTURE LAST
                VALUE   (LST)  VALUE       VALUE  FROM      YEAR
                                                  NORMAL
...................................................................
TEMPERATURE (F)
 TODAY
  MAXIMUM         88   1:38 PM  90    1959  87      1       85
                                      2022
  MINIMUM         76   5:46 AM  64    1881  76      0       76
                                      1992
  AVERAGE         82                        81      1       81

PRECIPITATION (IN)
  TODAY            T             2.86 1914   0.11  -0.11
  MONTH TO DATE    2.79                      2.82  -0.03
  SINCE MAR 1      9.22                      7.90   1.32
  SINCE JAN 1     20.66                     14.34   6.32

SNOWFALL (IN)
  TODAY            0.0
  MONTH TO DATE    0.0
  SINCE MAR 1      0.0
  SINCE JUL 1      T

DEGREE DAYS
 HEATING
  TODAY            0                         0      0        0
  MONTH TO DATE    0                         0      0        0
  SINCE MAR 1     37                        90    -53       50
  SINCE JUL 1    745                       888   -143      730

 COOLING
  TODAY           17                        16      1       16
  MONTH TO DATE  442                       376     66      379
  SINCE MAR 1    775                       667    108      767
  SINCE JAN 1    803                       704     99      881
...................................................................


WIND (MPH)
  HIGHEST WIND SPEED    18   HIGHEST WIND DIRECTION    SE (120)
  HIGHEST GUST SPEED    23   HIGHEST GUST DIRECTION     E (110)
  AVERAGE WIND SPEED    10.1


WEATHER CONDITIONS
THE FOLLOWING WEATHER WAS RECORDED TODAY.
  LIGHT RAIN


RELATIVE HUMIDITY (PERCENT)
 HIGHEST    97
 LOWEST     75
 AVERAGE    86

..........................................................


THE GALVESTON CLIMATE NORMALS FOR TOMORROW
                         NORMAL    RECORD    YEAR
 MAXIMUM TEMPERATURE (F)   87        91      1911
                                             2011
 MINIMUM TEMPERATURE (F)   76        57      1889


SUNRISE AND SUNSET
MAY 29 2024...........SUNRISE   6:21 AM CDT   SUNSET   8:13 PM CDT
MAY 30 2024...........SUNRISE   6:21 AM CDT   SUNSET   8:14 PM CDT


-  INDICATES NEGATIVE NUMBERS.
R  INDICATES RECORD WAS SET OR TIED.
MM INDICATES DATA IS MISSING.
T  INDICATES TRACE AMOUNT.




$$