000
CDUS45 KMSO 250008
CLIGPI

CLIMATE REPORT
NATIONAL WEATHER SERVICE MISSOULA MT
508 PM MST FRI JAN 24 2020

...................................

...THE KALISPELL MT CLIMATE SUMMARY FOR JANUARY 24 2020...
VALID TODAY AS OF 0400 PM LOCAL TIME.

CLIMATE NORMAL PERIOD 1981 TO 2010
CLIMATE RECORD PERIOD 1894 TO 2020


WEATHER ITEM   OBSERVED TIME   RECORD YEAR NORMAL DEPARTURE LAST
                VALUE   (LST)  VALUE       VALUE  FROM      YEAR
                                                  NORMAL
...................................................................
TEMPERATURE (F)
 TODAY
  MAXIMUM         41    359 PM  53    1953  32      9       33
  MINIMUM         33    921 AM -16    1930  17     16       18
  AVERAGE         37                        25     12       26

PRECIPITATION (IN)
  TODAY            T             0.96 1981   0.04  -0.04     0.00
  MONTH TO DATE    1.33                      1.09   0.24     1.38
  SINCE OCT 1      4.18                      5.09  -0.91     4.76
  SINCE JAN 1      1.33                      1.09   0.24     1.38

SNOWFALL (IN)
  TODAY            0.0
  MONTH TO DATE   16.4
  SINCE DEC 1     23.0
  SINCE JUL 1     25.8
  SNOW DEPTH       2

DEGREE DAYS
 HEATING
  TODAY           28                        40    -12       39
  MONTH TO DATE  892                       999   -107      890
  SINCE DEC 1   1938                      2309   -371     2043
  SINCE JUL 1   4249                      4513   -264     4247

 COOLING
  TODAY            0                         0      0        0
  MONTH TO DATE    0                         0      0        0
  SINCE DEC 1      0                         0      0        0
  SINCE JAN 1      0                         0      0        0
...................................................................


WIND (MPH)
  HIGHEST WIND SPEED    13   HIGHEST WIND DIRECTION     S (160)
  HIGHEST GUST SPEED    16   HIGHEST GUST DIRECTION     S (170)
  AVERAGE WIND SPEED     2.6


SKY COVER
  POSSIBLE SUNSHINE  MM
  AVERAGE SKY COVER 1.0


WEATHER CONDITIONS
THE FOLLOWING WEATHER WAS RECORDED TODAY.
  LIGHT RAIN
  FOG


RELATIVE HUMIDITY (PERCENT)
 HIGHEST    96          1000 AM
 LOWEST     79           400 PM
 AVERAGE    88

..........................................................


THE KALISPELL MT CLIMATE NORMALS FOR TOMORROW
                         NORMAL    RECORD    YEAR
 MAXIMUM TEMPERATURE (F)   33        51      1935
 MINIMUM TEMPERATURE (F)   17       -24      1950


SUNRISE AND SUNSET
JANUARY 24 2020.......SUNRISE   816 AM MST   SUNSET   523 PM MST
JANUARY 25 2020.......SUNRISE   814 AM MST   SUNSET   525 PM MST


-  INDICATES NEGATIVE NUMBERS.
R  INDICATES RECORD WAS SET OR TIED.
MM INDICATES DATA IS MISSING.
T  INDICATES TRACE AMOUNT.




$$
