000
CDUS45 KMSO 222232
CLIGPI


CLIMATE REPORT
NATIONAL WEATHER SERVICE MISSOULA, MT
432 PM MDT TUE OCT 22 2019


...................................

...THE KALISPELL MT CLIMATE SUMMARY FOR OCTOBER 22 2019...
VALID TODAY AS OF 0400 PM LOCAL TIME.

CLIMATE NORMAL PERIOD 1981 TO 2010
CLIMATE RECORD PERIOD 1894 TO 2019


WEATHER ITEM   OBSERVED TIME   RECORD YEAR NORMAL DEPARTURE LAST
                VALUE   (LST)  VALUE       VALUE  FROM      YEAR
                                                  NORMAL
..................................................................
TEMPERATURE (F)
 TODAY
  MAXIMUM         60    212 PM  70    2003  52      8       63
  MINIMUM         42    637 AM  12    1981  28     14       20
  AVERAGE         51                        40     11       42

PRECIPITATION (IN)
  TODAY            0.01          0.64 1933   0.04  -0.03     0.00
  MONTH TO DATE    0.48                      0.66  -0.18     0.43
  SINCE OCT 1      0.48                      0.66  -0.18     0.43
  SINCE JAN 1     14.11                     13.65   0.46    10.05

SNOWFALL (IN)
  TODAY            0.0
  MONTH TO DATE    0.0
  SINCE JAN 1     55.3
  SINCE JUL 1      T
  SNOW DEPTH       0

DEGREE DAYS
 HEATING
  TODAY           14                        25    -11       23
  MONTH TO DATE  536                       468     68      530
  SINCE SEP 1    814                       798     16      878
  SINCE JUL 1    941                       968    -27     1025

 COOLING
  TODAY            0                         0      0        0
  MONTH TO DATE    0                         0      0        0
  SINCE SEP 1      7                         4      3        0
  SINCE JAN 1    109                       147    -38      148
..................................................................


WIND (MPH)
  HIGHEST WIND SPEED    28   HIGHEST WIND DIRECTION     W (280)
  HIGHEST GUST SPEED    36   HIGHEST GUST DIRECTION     W (260)
  AVERAGE WIND SPEED    10.5


SKY COVER
  POSSIBLE SUNSHINE  MM
  AVERAGE SKY COVER 0.9


WEATHER CONDITIONS
 THE FOLLOWING WEATHER WAS RECORDED TODAY.
  LIGHT RAIN
  FOG


RELATIVE HUMIDITY (PERCENT)
 HIGHEST    89           900 AM
 LOWEST     33           300 PM
 AVERAGE    61

..........................................................


THE KALISPELL MT CLIMATE NORMALS FOR TOMORROW
                         NORMAL    RECORD    YEAR
 MAXIMUM TEMPERATURE (F)   51        71      1944
 MINIMUM TEMPERATURE (F)   28        12      1919


SUNRISE AND SUNSET
OCTOBER 22 2019.......SUNRISE   807 AM MDT   SUNSET   635 PM MDT
OCTOBER 23 2019.......SUNRISE   809 AM MDT   SUNSET   633 PM MDT


-  INDICATES NEGATIVE NUMBERS.
R  INDICATES RECORD WAS SET OR TIED.
MM INDICATES DATA IS MISSING.
T  INDICATES TRACE AMOUNT.




$$
