336
CDUS45 KMSO 202231
CLIGPI


CLIMATE REPORT
NATIONAL WEATHER SERVICE MISSOULA, MT
430 PM MDT WED JUN 20 2018


...................................

...THE KALISPELL MT CLIMATE SUMMARY FOR JUNE 20 2018...
VALID TODAY AS OF 0400 PM LOCAL TIME.

CLIMATE NORMAL PERIOD 1981 TO 2010
CLIMATE RECORD PERIOD 1894 TO 2018


WEATHER ITEM   OBSERVED TIME   RECORD YEAR NORMAL DEPARTURE LAST
                VALUE   (LST)  VALUE       VALUE  FROM      YEAR
                                                  NORMAL
..................................................................
TEMPERATURE (F)
 TODAY
  MAXIMUM         78    238 PM  95    1919  73      5       81
  MINIMUM         42    514 AM  31    1996  45     -3       56
  AVERAGE         60                        59      1       69

PRECIPITATION (IN)
  TODAY            0.00          1.24 1909   0.09  -0.09     0.06
  MONTH TO DATE    0.77                      1.77  -1.00     1.36
  SINCE OCT 1     12.56                     12.38   0.18    18.21
  SINCE JAN 1      7.41                      8.38  -0.97    10.98

SNOWFALL (IN)
  TODAY            0.0
  MONTH TO DATE    0.0
  SINCE JAN 1     40.8
  SINCE JUL 1     82.8
  SNOW DEPTH       0

DEGREE DAYS
 HEATING
  TODAY            5                         7     -2        0
  MONTH TO DATE  158                       160     -2      127
  SINCE JUN 1    158                       160     -2      127
  SINCE JUL 1   7741                      7983   -242     8250

 COOLING
  TODAY            0                         1     -1        4
  MONTH TO DATE    0                         1     -1       13
  SINCE JUN 1      0                         1     -1       13
  SINCE JAN 1      0                         4     -4       18
..................................................................


WIND (MPH)
  HIGHEST WIND SPEED    13   HIGHEST WIND DIRECTION     S (160)
  HIGHEST GUST SPEED    22   HIGHEST GUST DIRECTION    SE (150)
  AVERAGE WIND SPEED     3.0


SKY COVER
  POSSIBLE SUNSHINE  MM
  AVERAGE SKY COVER 0.0


WEATHER CONDITIONS
 THE FOLLOWING WEATHER WAS RECORDED TODAY.
  FOG
  FOG W/VISIBILITY <= 1/4 MILE


RELATIVE HUMIDITY (PERCENT)
 HIGHEST   100          1200 AM
 LOWEST     31           300 PM
 AVERAGE    66

..........................................................


THE KALISPELL MT CLIMATE NORMALS FOR TOMORROW
                         NORMAL    RECORD    YEAR
 MAXIMUM TEMPERATURE (F)   73        93      1919
 MINIMUM TEMPERATURE (F)   45        32      1983


SUNRISE AND SUNSET
JUNE 20 2018..........SUNRISE   536 AM MDT   SUNSET   941 PM MDT
JUNE 21 2018..........SUNRISE   536 AM MDT   SUNSET   942 PM MDT


-  INDICATES NEGATIVE NUMBERS.
R  INDICATES RECORD WAS SET OR TIED.
MM INDICATES DATA IS MISSING.
T  INDICATES TRACE AMOUNT.




$$
