000
CDUS43 KGRB 152132
CLIGRB


CLIMATE REPORT
NATIONAL WEATHER SERVICE GREEN BAY
431 PM CDT MON OCT 15 2018


...................................

...THE GREEN BAY WI CLIMATE SUMMARY FOR OCTOBER 15 2018...
VALID TODAY AS OF 0400 PM LOCAL TIME.

CLIMATE NORMAL PERIOD 1981 TO 2010
CLIMATE RECORD PERIOD 1886 TO 2018


WEATHER ITEM   OBSERVED TIME   RECORD YEAR NORMAL DEPARTURE LAST
                VALUE   (LST)  VALUE       VALUE  FROM      YEAR
                                                  NORMAL
..................................................................
TEMPERATURE (F)
 TODAY
  MAXIMUM         41    217 PM  85    1947  57    -16       56
  MINIMUM         34    646 AM  24    2006  38     -4       43
  AVERAGE         38                        48    -10       50

PRECIPITATION (IN)
  TODAY            T             1.68 1989   0.08  -0.08     0.18
  MONTH TO DATE    4.53                      1.22   3.31     2.73
  SINCE SEP 1      9.49                      4.26   5.23     3.74
  SINCE JAN 1     35.78                     24.66  11.12    29.13

SNOWFALL (IN)
  TODAY            T   R         T    2009   0.0    0.0      0.0
  MONTH TO DATE    T                         0.0    0.0      0.0
  SINCE SEP 1      T                         0.0    0.0      0.0
  SINCE JUL 1      T                         0.0    0.0      0.0
  SNOW DEPTH       0

DEGREE DAYS
 HEATING
  TODAY           27                        18      9       15
  MONTH TO DATE  214                       228    -14      117
  SINCE SEP 1    353                       435    -82      237
  SINCE JUL 1    364                       498   -134      278

 COOLING
  TODAY            0                         0      0        0
  MONTH TO DATE    4                         0      4        6
  SINCE SEP 1     87                        33     54       98
  SINCE JAN 1    687                       395    292      475
..................................................................


WIND (MPH)
  HIGHEST WIND SPEED    29   HIGHEST WIND DIRECTION     W (290)
  HIGHEST GUST SPEED    36   HIGHEST GUST DIRECTION     W (290)
  AVERAGE WIND SPEED    14.0


SKY COVER
  POSSIBLE SUNSHINE  MM
  AVERAGE SKY COVER 0.9


WEATHER CONDITIONS
 THE FOLLOWING WEATHER WAS RECORDED TODAY.
  LIGHT RAIN
  LIGHT SNOW
  FOG
  HAZE


RELATIVE HUMIDITY (PERCENT)
 HIGHEST    92          1200 AM
 LOWEST     54           200 PM
 AVERAGE    73

..........................................................


THE GREEN BAY WI CLIMATE NORMALS FOR TOMORROW
                         NORMAL    RECORD    YEAR
 MAXIMUM TEMPERATURE (F)   57        81      1968
                                             1947
 MINIMUM TEMPERATURE (F)   38        22      1952


SUNRISE AND SUNSET
OCTOBER 15 2018.......SUNRISE   708 AM CDT   SUNSET   608 PM CDT
OCTOBER 16 2018.......SUNRISE   709 AM CDT   SUNSET   606 PM CDT


-  INDICATES NEGATIVE NUMBERS.
R  INDICATES RECORD WAS SET OR TIED.
MM INDICATES DATA IS MISSING.
T  INDICATES TRACE AMOUNT.




$$
