060
CDUS43 KGRB 140642
CLIGRB


CLIMATE REPORT
NATIONAL WEATHER SERVICE GREEN BAY
141 AM CDT TUE AUG 14 2018


...................................

...THE GREEN BAY WI CLIMATE SUMMARY FOR AUGUST 13 2018...

CLIMATE NORMAL PERIOD 1981 TO 2010
CLIMATE RECORD PERIOD 1886 TO 2018


WEATHER ITEM   OBSERVED TIME   RECORD YEAR NORMAL DEPARTURE LAST
                VALUE   (LST)  VALUE       VALUE  FROM      YEAR
                                                  NORMAL
..................................................................
TEMPERATURE (F)
 YESTERDAY
  MAXIMUM         88    326 PM  97    1944  78     10       79
  MINIMUM         57    506 AM  44    1964  58     -1       52
  AVERAGE         73                        68      5       66

PRECIPITATION (IN)
  YESTERDAY        0.00          1.12 1975   0.12  -0.12     0.00
  MONTH TO DATE    0.97                      1.48  -0.51     1.88
  SINCE JUN 1      8.91                      8.86   0.05    10.22
  SINCE JAN 1     20.94                     18.51   2.43    23.22

SNOWFALL (IN)
  YESTERDAY        0.0           0.0    MM   0.0    0.0      0.0
  MONTH TO DATE    0.0                       0.0    0.0      0.0
  SINCE JUN 1      0.0                       0.0    0.0      0.0
  SINCE JUL 1      0.0                       0.0    0.0      0.0
  SNOW DEPTH       0

DEGREE DAYS
 HEATING
  YESTERDAY        0                         1     -1        0
  MONTH TO DATE    3                        13    -10        8
  SINCE JUN 1     30                       128    -98       36
  SINCE JUL 1      3                        36    -33        9

 COOLING
  YESTERDAY        8                         4      4        1
  MONTH TO DATE   93                        53     40       31
  SINCE JUN 1    424                       286    138      332
  SINCE JAN 1    517                       304    213      340
..................................................................


WIND (MPH)
  HIGHEST WIND SPEED     9   HIGHEST WIND DIRECTION     S (170)
  HIGHEST GUST SPEED    12   HIGHEST GUST DIRECTION     S (170)
  AVERAGE WIND SPEED     3.1


SKY COVER
  POSSIBLE SUNSHINE  MM
  AVERAGE SKY COVER 0.0


WEATHER CONDITIONS
 THE FOLLOWING WEATHER WAS RECORDED YESTERDAY.
  FOG
  FOG W/VISIBILITY <= 1/4 MILE


RELATIVE HUMIDITY (PERCENT)
 HIGHEST    97          1200 AM
 LOWEST     50           200 PM
 AVERAGE    74

..........................................................


THE GREEN BAY WI CLIMATE NORMALS FOR TODAY
                         NORMAL    RECORD    YEAR
 MAXIMUM TEMPERATURE (F)   78        96      1965
 MINIMUM TEMPERATURE (F)   58        40      1964


SUNRISE AND SUNSET
AUGUST 14 2018........SUNRISE   554 AM CDT   SUNSET   759 PM CDT
AUGUST 15 2018........SUNRISE   555 AM CDT   SUNSET   758 PM CDT


-  INDICATES NEGATIVE NUMBERS.
R  INDICATES RECORD WAS SET OR TIED.
MM INDICATES DATA IS MISSING.
T  INDICATES TRACE AMOUNT.




$$
