000
CDUS43 KGRB 272130
CLIGRB


CLIMATE REPORT
NATIONAL WEATHER SERVICE GREEN BAY
429 PM CDT SUN MAY 27 2018


...................................

...THE GREEN BAY WI CLIMATE SUMMARY FOR MAY 27 2018...
VALID TODAY AS OF 0400 PM LOCAL TIME.

CLIMATE NORMAL PERIOD 1981 TO 2010
CLIMATE RECORD PERIOD 1886 TO 2018


WEATHER ITEM   OBSERVED TIME   RECORD YEAR NORMAL DEPARTURE LAST
                VALUE   (LST)  VALUE       VALUE  FROM      YEAR
                                                  NORMAL
..................................................................
TEMPERATURE (F)
 TODAY
  MAXIMUM         97R   244 PM  89    1978  69     28       75
  MINIMUM         61    343 AM  31    1961  48     13       50
  AVERAGE         79                        59     20       63

PRECIPITATION (IN)
  TODAY            T             2.22 1973   0.11  -0.11     0.00
  MONTH TO DATE    3.55                      2.47   1.08     2.55
  SINCE MAR 1      9.41                      6.95   2.46     9.33
  SINCE JAN 1     11.91                      9.19   2.72    12.58

SNOWFALL (IN)
  TODAY            0.0           T    1907   0.0    0.0      0.0
                                      1906
  MONTH TO DATE    T                         0.2   -0.2      0.0
  SINCE MAR 1     43.7                      11.2   32.5      9.0
  SINCE JUL 1     68.1                      51.4   16.7     53.2
  SNOW DEPTH       0

DEGREE DAYS
 HEATING
  TODAY            0                         7     -7        2
  MONTH TO DATE  170                       299   -129      288
  SINCE MAR 1   2088                      1996     92     1799
  SINCE JUL 1   7542                      7836   -294     6372

 COOLING
  TODAY           14                         1     13        0
  MONTH TO DATE   53                        10     43        8
  SINCE MAR 1     53                        12     41        8
  SINCE JAN 1     53                        12     41        8
..................................................................


WIND (MPH)
  HIGHEST WIND SPEED    16   HIGHEST WIND DIRECTION    NW (320)
  HIGHEST GUST SPEED    27   HIGHEST GUST DIRECTION    NW (300)
  AVERAGE WIND SPEED     6.1


SKY COVER
  POSSIBLE SUNSHINE  MM
  AVERAGE SKY COVER 0.1


WEATHER CONDITIONS
 THE FOLLOWING WEATHER WAS RECORDED TODAY.
  LIGHT RAIN


RELATIVE HUMIDITY (PERCENT)
 HIGHEST    90           500 AM
 LOWEST     26          1200 PM
 AVERAGE    58

..........................................................


THE GREEN BAY WI CLIMATE NORMALS FOR TOMORROW
                         NORMAL    RECORD    YEAR
 MAXIMUM TEMPERATURE (F)   70        89      1991
 MINIMUM TEMPERATURE (F)   48        31      1949
                                             1889


SUNRISE AND SUNSET
MAY 27 2018...........SUNRISE   514 AM CDT   SUNSET   826 PM CDT
MAY 28 2018...........SUNRISE   513 AM CDT   SUNSET   827 PM CDT


-  INDICATES NEGATIVE NUMBERS.
R  INDICATES RECORD WAS SET OR TIED.
MM INDICATES DATA IS MISSING.
T  INDICATES TRACE AMOUNT.




$$
