000
CDUS43 KGRB 210659
CLIGRB


CLIMATE REPORT
NATIONAL WEATHER SERVICE GREEN BAY
157 AM CDT MON OCT 21 2019


...................................

...THE GREEN BAY WI CLIMATE SUMMARY FOR OCTOBER 20 2019...

CLIMATE NORMAL PERIOD 1981 TO 2010
CLIMATE RECORD PERIOD 1886 TO 2019


WEATHER ITEM   OBSERVED TIME   RECORD YEAR NORMAL DEPARTURE LAST
                VALUE   (LST)  VALUE       VALUE  FROM      YEAR
                                                  NORMAL
..................................................................
TEMPERATURE (F)
 YESTERDAY
  MAXIMUM         64    309 PM  81    1953  55      9       46
  MINIMUM         46   1159 PM  20    1895  37      9       34
  AVERAGE         55                        46      9       40

PRECIPITATION (IN)
  YESTERDAY        0.00          0.89 1965   0.08  -0.08      T
  MONTH TO DATE    3.29                      1.62   1.67     4.54
  SINCE SEP 1     12.66                      4.66   8.00     9.50
  SINCE JAN 1     41.97                     25.06  16.91    35.79

SNOWFALL (IN)
  YESTERDAY        0.0           1.2  1992   0.0    0.0       T
  MONTH TO DATE    T                         0.0    0.0       T
  SINCE SEP 1      T                         0.0    0.0       T
  SINCE JUL 1      T                         0.0    0.0       T
  SNOW DEPTH       0

DEGREE DAYS
 HEATING
  YESTERDAY       10                        19     -9       25
  MONTH TO DATE  278                       321    -43      322
  SINCE SEP 1    351                       528   -177      461
  SINCE JUL 1    375                       591   -216      472

 COOLING
  YESTERDAY        0                         0      0        0
  MONTH TO DATE    1                         0      1        4
  SINCE SEP 1     64                        33     31       87
  SINCE JAN 1    535                       395    140      687
..................................................................


WIND (MPH)
  HIGHEST WIND SPEED    13   HIGHEST WIND DIRECTION     W (280)
  HIGHEST GUST SPEED    16   HIGHEST GUST DIRECTION     W (280)
  AVERAGE WIND SPEED     4.4


SKY COVER
  POSSIBLE SUNSHINE  MM
  AVERAGE SKY COVER 0.4


WEATHER CONDITIONS
 THE FOLLOWING WEATHER WAS RECORDED YESTERDAY.
  FOG
  HAZE


RELATIVE HUMIDITY (PERCENT)
 HIGHEST    93           100 AM
 LOWEST     52           300 PM
 AVERAGE    73

..........................................................


THE GREEN BAY WI CLIMATE NORMALS FOR TODAY
                         NORMAL    RECORD    YEAR
 MAXIMUM TEMPERATURE (F)   55        82      1953
                                             1947
 MINIMUM TEMPERATURE (F)   36        15      1895


SUNRISE AND SUNSET
OCTOBER 21 2019.......SUNRISE   715 AM CDT   SUNSET   559 PM CDT
OCTOBER 22 2019.......SUNRISE   716 AM CDT   SUNSET   557 PM CDT


-  INDICATES NEGATIVE NUMBERS.
R  INDICATES RECORD WAS SET OR TIED.
MM INDICATES DATA IS MISSING.
T  INDICATES TRACE AMOUNT.




$$
