000
CDUS43 KGID 200629
CLIGRI


CLIMATE REPORT
NATIONAL WEATHER SERVICE HASTINGS NE
128 AM CDT THU SEP 20 2018


...................................

...THE GRAND ISLAND NE CLIMATE SUMMARY FOR SEPTEMBER 19 2018...

CLIMATE NORMAL PERIOD 1981 TO 2010
CLIMATE RECORD PERIOD 1895 TO 2018


WEATHER ITEM   OBSERVED TIME   RECORD YEAR NORMAL DEPARTURE LAST
                VALUE   (LST)  VALUE       VALUE  FROM      YEAR
                                                  NORMAL
..................................................................
TEMPERATURE (F)
 YESTERDAY
  MAXIMUM         94    230 PM  97    1998  77     17       88
                                      1980
                                      1948
  MINIMUM         64    346 AM  27    1991  51     13       63
  AVERAGE         79                        64     15       76

PRECIPITATION (IN)
  YESTERDAY        0.00          1.46 1931   0.08  -0.08     0.00
  MONTH TO DATE    1.87                      1.45   0.42     0.81
  SINCE SEP 1      1.87                      1.45   0.42     0.81
  SINCE JAN 1     21.06                     22.22  -1.16    22.20

SNOWFALL (IN)
  YESTERDAY        0.0                       0.0    0.0      0.0
  MONTH TO DATE    0.0                       0.0    0.0      0.0
  SINCE SEP 1      0.0                       0.0    0.0      0.0
  SINCE JUL 1      0.0                       0.0    0.0      0.0
  SNOW DEPTH       0

DEGREE DAYS
 HEATING
  YESTERDAY        0                         4     -4        0
  MONTH TO DATE    0                        42    -42       28
  SINCE SEP 1      0                        42    -42       28
  SINCE JUL 1      4                        52    -48       32

 COOLING
  YESTERDAY       14                         3     11       11
  MONTH TO DATE  154                        89     65      106
  SINCE SEP 1    154                        89     65      106
  SINCE JAN 1   1265                      1003    262     1017
..................................................................


WIND (MPH)
  HIGHEST WIND SPEED    22   HIGHEST WIND DIRECTION     S (170)
  HIGHEST GUST SPEED    30   HIGHEST GUST DIRECTION     S (180)
  AVERAGE WIND SPEED    10.3


SKY COVER
  AVERAGE SKY COVER 0.0


WEATHER CONDITIONS
 THE FOLLOWING WEATHER WAS RECORDED YESTERDAY.
  NO SIGNIFICANT WEATHER WAS OBSERVED.


RELATIVE HUMIDITY (PERCENT)
 HIGHEST    93          1200 AM
 LOWEST     44           200 PM
 AVERAGE    69

..........................................................


THE GRAND ISLAND NE CLIMATE NORMALS FOR TODAY
                         NORMAL    RECORD    YEAR
 MAXIMUM TEMPERATURE (F)   76        95      1920
 MINIMUM TEMPERATURE (F)   50        32      1995
                                             1918


SUNRISE AND SUNSET
SEPTEMBER 20 2018.....SUNRISE   719 AM CDT   SUNSET   734 PM CDT
SEPTEMBER 21 2018.....SUNRISE   720 AM CDT   SUNSET   732 PM CDT


-  INDICATES NEGATIVE NUMBERS.
R  INDICATES RECORD WAS SET OR TIED.
MM INDICATES DATA IS MISSING.
T  INDICATES TRACE AMOUNT.




$$
