000
CDUS43 KGID 172224
CLIGRI


CLIMATE REPORT
NATIONAL WEATHER SERVICE HASTINGS NE
522 PM CDT SUN JUN 17 2018


...................................

...THE GRAND ISLAND NE CLIMATE SUMMARY FOR JUNE 17 2018...
VALID TODAY AS OF 0500 PM LOCAL TIME.

CLIMATE NORMAL PERIOD 1981 TO 2010
CLIMATE RECORD PERIOD 1895 TO 2018


WEATHER ITEM   OBSERVED TIME   RECORD YEAR NORMAL DEPARTURE LAST
                VALUE   (LST)  VALUE       VALUE  FROM      YEAR
                                                  NORMAL
..................................................................
TEMPERATURE (F)
 TODAY
  MAXIMUM         95    256 PM 105    1918  84     11       80
  MINIMUM         71    841 AM  44    1999  60     11       59
  AVERAGE         83                        72     11       70

PRECIPITATION (IN)
  TODAY            0.10          2.34 1954   0.14  -0.04      T
  MONTH TO DATE    1.41                      2.56  -1.15     1.63
  SINCE JUN 1      1.41                      2.56  -1.15     1.63
  SINCE JAN 1      9.74                     12.51  -2.77    11.68

SNOWFALL (IN)
  TODAY            0.0                       0.0    0.0      0.0
  MONTH TO DATE    0.0                       0.0    0.0      0.0
  SINCE JUN 1      0.0                       0.0    0.0      0.0
  SINCE JUL 1     33.6                      29.0    4.6      9.2
  SNOW DEPTH       0

DEGREE DAYS
 HEATING
  TODAY            0                         0      0        0
  MONTH TO DATE    0                        21    -21        0
  SINCE JUN 1      0                        21    -21        0
  SINCE JUL 1   6277                      6196     81     5357

 COOLING
  TODAY           18                         7     11        5
  MONTH TO DATE  225                        93    132      201
  SINCE JUN 1    225                        93    132      201
  SINCE JAN 1    386                       158    228      251
..................................................................


WIND (MPH)
  HIGHEST WIND SPEED    28   HIGHEST WIND DIRECTION     S (190)
  HIGHEST GUST SPEED    37   HIGHEST GUST DIRECTION    SW (210)
  AVERAGE WIND SPEED    15.0


SKY COVER
  POSSIBLE SUNSHINE  MM
  AVERAGE SKY COVER 0.3


WEATHER CONDITIONS
 THE FOLLOWING WEATHER WAS RECORDED TODAY.
  HEAVY RAIN
  LIGHT RAIN
  FOG


RELATIVE HUMIDITY (PERCENT)
 HIGHEST    93           900 AM
 LOWEST     41           300 PM
 AVERAGE    67

..........................................................


THE GRAND ISLAND NE CLIMATE NORMALS FOR TOMORROW
                         NORMAL    RECORD    YEAR
 MAXIMUM TEMPERATURE (F)   84       103      1953
 MINIMUM TEMPERATURE (F)   60        43      2000


SUNRISE AND SUNSET
JUNE 17 2018..........SUNRISE   601 AM CDT   SUNSET   908 PM CDT
JUNE 18 2018..........SUNRISE   601 AM CDT   SUNSET   908 PM CDT


-  INDICATES NEGATIVE NUMBERS.
R  INDICATES RECORD WAS SET OR TIED.
MM INDICATES DATA IS MISSING.
T  INDICATES TRACE AMOUNT.




$$
