973
CDUS43 KGID 152323
CLIGRI


CLIMATE REPORT
NATIONAL WEATHER SERVICE HASTINGS NE
523 PM CST SAT DEC 15 2018


...................................

...THE GRAND ISLAND NE CLIMATE SUMMARY FOR DECEMBER 15 2018...
VALID TODAY AS OF 0500 PM LOCAL TIME.

CLIMATE NORMAL PERIOD 1981 TO 2010
CLIMATE RECORD PERIOD 1895 TO 2018


WEATHER ITEM   OBSERVED TIME   RECORD YEAR NORMAL DEPARTURE LAST
                VALUE   (LST)  VALUE       VALUE  FROM      YEAR
                                                  NORMAL
..................................................................
TEMPERATURE (F)
 TODAY
  MAXIMUM         49    306 PM  67    2002  36     13       50
  MINIMUM         21    508 AM -16    1989  16      5       24
  AVERAGE         35                        26      9       37

PRECIPITATION (IN)
  TODAY            0.00          0.60 1984   0.02  -0.02     0.00
  MONTH TO DATE    1.56                      0.35   1.21     0.06
  SINCE DEC 1      1.56                      0.35   1.21     0.06
  SINCE JAN 1     27.81                     26.38   1.43    30.00

SNOWFALL (IN)
  TODAY            0.0           4.0  1940   0.2   -0.2      0.0
                                      1925
  MONTH TO DATE    2.3                       2.4   -0.1       T
  SINCE DEC 1      2.3                       2.4   -0.1       T
  SINCE JUL 1     11.7                       6.6    5.1      1.1
  SNOW DEPTH       0

DEGREE DAYS
 HEATING
  TODAY           30                        39     -9       28
  MONTH TO DATE  548                       554     -6      428
  SINCE DEC 1    548                       554     -6      428
  SINCE JUL 1   2004                      1884    120     1577

 COOLING
  TODAY            0                         0      0        0
  MONTH TO DATE    0                         0      0        0
  SINCE DEC 1      0                         0      0        0
  SINCE JAN 1   1282                      1034    248     1062
..................................................................


WIND (MPH)
  HIGHEST WIND SPEED    20   HIGHEST WIND DIRECTION    SW (210)
  HIGHEST GUST SPEED    27   HIGHEST GUST DIRECTION    SW (210)
  AVERAGE WIND SPEED     8.8


SKY COVER
  POSSIBLE SUNSHINE  MM
  AVERAGE SKY COVER 0.0


WEATHER CONDITIONS
 THE FOLLOWING WEATHER WAS RECORDED TODAY.
  NO SIGNIFICANT WEATHER WAS OBSERVED.


RELATIVE HUMIDITY (PERCENT)
 HIGHEST    96           500 AM
 LOWEST     42           200 PM
 AVERAGE    69

..........................................................


THE GRAND ISLAND NE CLIMATE NORMALS FOR TOMORROW
                         NORMAL    RECORD    YEAR
 MAXIMUM TEMPERATURE (F)   36        68      1962
 MINIMUM TEMPERATURE (F)   16       -12      1989
                                             1972
                                             1914


SUNRISE AND SUNSET
DECEMBER 15 2018......SUNRISE   751 AM CST   SUNSET   506 PM CST
DECEMBER 16 2018......SUNRISE   752 AM CST   SUNSET   506 PM CST


-  INDICATES NEGATIVE NUMBERS.
R  INDICATES RECORD WAS SET OR TIED.
MM INDICATES DATA IS MISSING.
T  INDICATES TRACE AMOUNT.




$$
