000
CDUS43 KGID 220628
CLIGRI

CLIMATE REPORT
NATIONAL WEATHER SERVICE HASTINGS NE
128 AM CDT THU OCT 22 2020

...................................

...THE GRAND ISLAND NE CLIMATE SUMMARY FOR OCTOBER 21 2020...

CLIMATE NORMAL PERIOD 1981 TO 2010
CLIMATE RECORD PERIOD 1895 TO 2020


WEATHER ITEM   OBSERVED TIME   RECORD YEAR NORMAL DEPARTURE LAST
                VALUE   (LST)  VALUE       VALUE  FROM      YEAR
                                                  NORMAL
...................................................................
TEMPERATURE (F)
 YESTERDAY
  MAXIMUM         52    132 PM  90    1947  63    -11       48
  MINIMUM         37    713 AM  14    1936  38     -1       41
  AVERAGE         45                        50     -5       45

PRECIPITATION (IN)
  YESTERDAY        0.00          2.45 1900   0.06  -0.06     0.00
  MONTH TO DATE    0.03                      1.37  -1.34     1.23
  SINCE SEP 1      1.27                      3.60  -2.33     2.60
  SINCE JAN 1     20.57                     24.37  -3.80    36.18

SNOWFALL (IN)
  YESTERDAY        0.0           T    1949   0.1   -0.1      0.0
                                      1951
                                      2006
  MONTH TO DATE    T                         0.5   -0.5       T
  SINCE SEP 1      T                         0.6   -0.6       T
  SINCE JUL 1      T                         0.6   -0.6       T
  SNOW DEPTH       0

DEGREE DAYS
 HEATING
  YESTERDAY       20                        15      5       20
  MONTH TO DATE  194                       237    -43      280
  SINCE SEP 1    292                       342    -50      291
  SINCE JUL 1    292                       352    -60      292

 COOLING
  YESTERDAY        0                         0      0        0
  MONTH TO DATE   22                        10     12        0
  SINCE SEP 1    134                       119     15      232
  SINCE JAN 1   1290                      1033    257     1153
...................................................................


WIND (MPH)
  HIGHEST WIND SPEED    16   HIGHEST WIND DIRECTION     E (100)
  HIGHEST GUST SPEED    22   HIGHEST GUST DIRECTION     E (100)
  AVERAGE WIND SPEED     9.6


SKY COVER
  AVERAGE SKY COVER 0.6


WEATHER CONDITIONS
THE FOLLOWING WEATHER WAS RECORDED YESTERDAY.
  FOG
  HAZE


RELATIVE HUMIDITY (PERCENT)
 HIGHEST    93           700 PM
 LOWEST     61           100 PM
 AVERAGE    77

..........................................................


THE GRAND ISLAND NE CLIMATE NORMALS FOR TODAY
                         NORMAL    RECORD    YEAR
 MAXIMUM TEMPERATURE (F)   62        91      1899
 MINIMUM TEMPERATURE (F)   37        22      1898


SUNRISE AND SUNSET
OCTOBER 22 2020.......SUNRISE   753 AM CDT   SUNSET   642 PM CDT
OCTOBER 23 2020.......SUNRISE   754 AM CDT   SUNSET   640 PM CDT


-  INDICATES NEGATIVE NUMBERS.
R  INDICATES RECORD WAS SET OR TIED.
MM INDICATES DATA IS MISSING.
T  INDICATES TRACE AMOUNT.




$$
