109
CDUS43 KGID 210632
CLIGRI


CLIMATE REPORT
NATIONAL WEATHER SERVICE HASTINGS NE
130 AM CDT MON OCT 21 2019


...................................

...THE GRAND ISLAND NE CLIMATE SUMMARY FOR OCTOBER 20 2019...

CLIMATE NORMAL PERIOD 1981 TO 2010
CLIMATE RECORD PERIOD 1895 TO 2019


WEATHER ITEM   OBSERVED TIME   RECORD YEAR NORMAL DEPARTURE LAST
                VALUE   (LST)  VALUE       VALUE  FROM      YEAR
                                                  NORMAL
..................................................................
TEMPERATURE (F)
 YESTERDAY
  MAXIMUM         61    450 PM  93    1947  63     -2       63
  MINIMUM         45   1159 PM  12    1916  38      7       35
  AVERAGE         53                        51      2       49

PRECIPITATION (IN)
  YESTERDAY        T             2.18 1904   0.06  -0.06     0.00
  MONTH TO DATE    1.23                      1.31  -0.08     2.52
  SINCE SEP 1      2.60                      3.54  -0.94     5.01
  SINCE JAN 1     36.18                     24.31  11.87    24.20

SNOWFALL (IN)
  YESTERDAY        0.0           1.0  1916   0.0    0.0      0.0
  MONTH TO DATE    T                         0.4   -0.4      1.5
  SINCE SEP 1      T                         0.5   -0.5      1.5
  SINCE JUL 1      T                         0.5   -0.5      1.5
  6 AM SNOW DEPTH  0

DEGREE DAYS
 HEATING
  YESTERDAY       12                        14     -2       16
  MONTH TO DATE  260                       222     38      333
  SINCE SEP 1    271                       327    -56      420
  SINCE JUL 1    272                       337    -65      424

 COOLING
  YESTERDAY        0                         0      0        0
  MONTH TO DATE    0                        10    -10        5
  SINCE SEP 1    232                       119    113      171
  SINCE JAN 1   1153                      1033    120     1282
..................................................................


WIND (MPH)
  HIGHEST WIND SPEED    25   HIGHEST WIND DIRECTION     S (170)
  HIGHEST GUST SPEED    36   HIGHEST GUST DIRECTION     S (170)
  AVERAGE WIND SPEED    13.8


SKY COVER
  AVERAGE SKY COVER 0.4


WEATHER CONDITIONS
 THE FOLLOWING WEATHER WAS RECORDED YESTERDAY.
  LIGHT RAIN


RELATIVE HUMIDITY (PERCENT)
 HIGHEST    66          1200 AM
 LOWEST     35           700 PM
 AVERAGE    51

..........................................................


THE GRAND ISLAND NE CLIMATE NORMALS FOR TODAY
                         NORMAL    RECORD    YEAR
 MAXIMUM TEMPERATURE (F)   63        90      1947
 MINIMUM TEMPERATURE (F)   38        14      1936


SUNRISE AND SUNSET
OCTOBER 21 2019.......SUNRISE   751 AM CDT   SUNSET   644 PM CDT
OCTOBER 22 2019.......SUNRISE   752 AM CDT   SUNSET   643 PM CDT


-  INDICATES NEGATIVE NUMBERS.
R  INDICATES RECORD WAS SET OR TIED.
MM INDICATES DATA IS MISSING.
T  INDICATES TRACE AMOUNT.




$$
