000
CDUS43 KGID 302224
CLIGRI


CLIMATE REPORT
NATIONAL WEATHER SERVICE HASTINGS NE
523 PM CDT SAT MAY 30 2020


...................................

...THE GRAND ISLAND NE CLIMATE SUMMARY FOR MAY 30 2020...
VALID TODAY AS OF 0500 PM LOCAL TIME.

CLIMATE NORMAL PERIOD 1981 TO 2010
CLIMATE RECORD PERIOD 1895 TO 2020


WEATHER ITEM   OBSERVED TIME   RECORD YEAR NORMAL DEPARTURE LAST
                VALUE   (LST)  VALUE       VALUE  FROM      YEAR
                                                  NORMAL
..................................................................
TEMPERATURE (F)
 TODAY
  MAXIMUM         73    359 PM 103    1934  77     -4       79
  MINIMUM         60    541 AM  36    1947  54      6       55
  AVERAGE         67                        66      1       67

PRECIPITATION (IN)
  TODAY            0.00          2.97 1935   0.15  -0.15      T
  MONTH TO DATE    7.48                      4.26   3.22     6.68
  SINCE MAR 1     11.10                      8.59   2.51    11.38
  SINCE JAN 1     12.39                      9.80   2.59    12.33

SNOWFALL (IN)
  TODAY            0.0           T    1951   0.0    0.0      0.0
  MONTH TO DATE    0.0                       0.1   -0.1      0.0
  SINCE MAR 1      8.4                       7.0    1.4      9.2
  SINCE JUL 1     31.3                      29.1    2.2     35.3
  6 AM SNOW DEPTH  0

DEGREE DAYS
 HEATING
  TODAY            0                         3     -3        0
  MONTH TO DATE  179                       171      8      250
  SINCE MAR 1   1318                      1412    -94     1586
  SINCE JUL 1   5801                      6173   -372     6607

 COOLING
  TODAY            2                         3     -1        2
  MONTH TO DATE   18                        51    -33       44
  SINCE MAR 1     22                        62    -40       54
  SINCE JAN 1     22                        62    -40       54
..................................................................


WIND (MPH)
  HIGHEST WIND SPEED    24   HIGHEST WIND DIRECTION     E (100)
  HIGHEST GUST SPEED    31   HIGHEST GUST DIRECTION     E (100)
  AVERAGE WIND SPEED    14.1


SKY COVER
  AVERAGE SKY COVER 0.4


WEATHER CONDITIONS
 THE FOLLOWING WEATHER WAS RECORDED TODAY.
  NO SIGNIFICANT WEATHER WAS OBSERVED.


RELATIVE HUMIDITY (PERCENT)
 HIGHEST    60           600 AM
 LOWEST     46           400 PM
 AVERAGE    53

..........................................................


THE GRAND ISLAND NE CLIMATE NORMALS FOR TOMORROW
                         NORMAL    RECORD    YEAR
 MAXIMUM TEMPERATURE (F)   78        99      1934
 MINIMUM TEMPERATURE (F)   55        36      1964


SUNRISE AND SUNSET
MAY 30 2020...........SUNRISE   604 AM CDT   SUNSET   858 PM CDT
MAY 31 2020...........SUNRISE   604 AM CDT   SUNSET   859 PM CDT


-  INDICATES NEGATIVE NUMBERS.
R  INDICATES RECORD WAS SET OR TIED.
MM INDICATES DATA IS MISSING.
T  INDICATES TRACE AMOUNT.




$$
