728
CDUS43 KGID 232238
CLIGRI

CLIMATE REPORT
NATIONAL WEATHER SERVICE HASTINGS NE
538 PM CDT SUN JUN 23 2024

...................................

...THE GRAND ISLAND NE CLIMATE SUMMARY FOR JUNE 23 2024...
VALID TODAY AS OF 0500 PM LOCAL TIME.

CLIMATE NORMAL PERIOD 1991 TO 2020
CLIMATE RECORD PERIOD 1895 TO 2024


WEATHER ITEM   OBSERVED TIME   RECORD YEAR NORMAL DEPARTURE LAST
                VALUE   (LST)  VALUE       VALUE  FROM      YEAR
                                                  NORMAL
...................................................................
TEMPERATURE (F)
 TODAY
  MAXIMUM         94    359 PM 105    1937  87      7       91
  MINIMUM         62    438 AM  45    1920  63     -1       65
  AVERAGE         78                        75      3       78

PRECIPITATION (IN)
  TODAY            0.00          3.09 1968   0.11  -0.11     0.00
  MONTH TO DATE    2.26                      3.20  -0.94     1.03
  SINCE JUN 1      2.26                      3.20  -0.94     1.03
  SINCE JAN 1     17.71                     13.16   4.55     6.42

SNOWFALL (IN)
  TODAY            0.0          MM      MM   0.0    0.0      0.0
  MONTH TO DATE    0.0                       0.0    0.0      0.0
  SINCE JUN 1      0.0                       0.0    0.0      0.0
  SINCE JUL 1     27.2                      27.7   -0.5     26.6
  SNOW DEPTH       0

DEGREE DAYS
 HEATING
  TODAY            0                         0      0        0
  MONTH TO DATE    0                        14    -14        4
  SINCE JUN 1      0                        14    -14        4
  SINCE JUL 1   5203                      5920   -717     5853

 COOLING
  TODAY           13                        10      3       13
  MONTH TO DATE  210                       175     35      202
  SINCE JUN 1    210                       175     35      202
  SINCE JAN 1    246                       258    -12      323
...................................................................


WIND (MPH)
  HIGHEST WIND SPEED    18   HIGHEST WIND DIRECTION    SW (210)
  HIGHEST GUST SPEED    27   HIGHEST GUST DIRECTION    SW (220)
  AVERAGE WIND SPEED     8.0


SKY COVER
  AVERAGE SKY COVER 0.0


WEATHER CONDITIONS
THE FOLLOWING WEATHER WAS RECORDED TODAY.
  NO SIGNIFICANT WEATHER WAS OBSERVED.


RELATIVE HUMIDITY (PERCENT)
 HIGHEST    97           500 AM
 LOWEST     46           400 PM
 AVERAGE    72

..........................................................


THE GRAND ISLAND NE CLIMATE NORMALS FOR TOMORROW
                         NORMAL    RECORD    YEAR
 MAXIMUM TEMPERATURE (F)   87       106      1973
 MINIMUM TEMPERATURE (F)   63        47      1951
                                             2017


SUNRISE AND SUNSET
JUNE 23 2024..........SUNRISE   602 AM CDT   SUNSET   909 PM CDT
JUNE 24 2024..........SUNRISE   602 AM CDT   SUNSET   909 PM CDT


-  INDICATES NEGATIVE NUMBERS.
R  INDICATES RECORD WAS SET OR TIED.
MM INDICATES DATA IS MISSING.
T  INDICATES TRACE AMOUNT.

&&

THE PRECIPITATION DATA SHOWN ABOVE IS RECORDED BY THE AUTOMATED
WEATHER OBSERVING SYSTEM AT THE KEARNEY AIRPORT. THE
PRECIPITATION IS DEPICTED FOR A CALENDAR DAY FROM MIDNIGHT TO
MIDNIGHT. SNOWFALL IS NOT RECORDED BY THAT SYSTEM.

THE OFFICIAL PRECIPITATION...SNOWFALL...AND SNOW DEPTH
OBSERVATION FOR KEARNEY IS RECORDED DAILY BY THE
COOPERATIVE OBSERVER AT 7 AM.  THAT INFORMATION FOLLOWS...

...KEARNEY 4NE COOPERATIVE OBSERVER REPORT...

PRECIPITATION (IN)
24 HOUR TOTAL ENDING AT 7 AM .......     M
MONTH TO DATE.......................     M
YEAR TO DATE .......................     M

SNOWFALL (IN)
24 HOUR TOTAL ENDING AT 7 AM .......  0.0
SNOW DEPTH AT 7 AM .................    0
MONTH TO DATE ......................  0.0
SEASONAL TOTAL (SINCE JULY 1)....... 25.7


$$