000
CDUS43 KGRR 040540
CLIGRR


CLIMATE REPORT
NATIONAL WEATHER SERVICE GRAND RAPIDS, MI
139 AM EDT THU JUN 4 2020


...................................

...THE GRAND RAPIDS MI CLIMATE SUMMARY FOR JUNE 3 2020...

CLIMATE NORMAL PERIOD 1981 TO 2010
CLIMATE RECORD PERIOD 1892 TO 2020


WEATHER ITEM   OBSERVED TIME   RECORD YEAR NORMAL DEPARTURE LAST
                VALUE   (LST)  VALUE       VALUE  FROM      YEAR
                                                  NORMAL
..................................................................
TEMPERATURE (F)
 YESTERDAY
  MAXIMUM         81    532 PM  96    1934  75      6       68
  MINIMUM         61   1154 PM  38    1986  54      7       40
                                      1977
                                      1947
  AVERAGE         71                        65      6       54

PRECIPITATION (IN)
  YESTERDAY        0.28          1.76 1892   0.13   0.15     0.00
  MONTH TO DATE    0.28                      0.39  -0.11     0.50
  SINCE JUN 1      0.28                      0.39  -0.11     0.50
  SINCE JAN 1     16.71                     13.97   2.74    19.07

SNOWFALL (IN)
  YESTERDAY        0.0           0.0  2007   0.0    0.0      0.0
                                      2006
                                      2005
  MONTH TO DATE    0.0                       0.0    0.0      0.0
  SINCE JUN 1      0.0                       0.0    0.0      0.0
  SINCE JUL 1     53.5                      74.9  -21.4     81.3
  SNOW DEPTH       0

DEGREE DAYS
 HEATING
  YESTERDAY        0                         3     -3       11
  MONTH TO DATE    8                        10     -2       17
  SINCE JUN 1      8                        10     -2       17
  SINCE JUL 1   6248                      6450   -202     6690

 COOLING
  YESTERDAY        6                         3      3        0
  MONTH TO DATE   16                         9      7        1
  SINCE JUN 1     16                         9      7        1
  SINCE JAN 1     66                        56     10        7
..................................................................


WIND (MPH)
  RESULTANT WIND SPEED  10   RESULTANT WIND DIRECTION   W (270)
  HIGHEST WIND SPEED    24   HIGHEST WIND DIRECTION    SW (210)
  HIGHEST GUST SPEED    34   HIGHEST GUST DIRECTION    SW (220)
  AVERAGE WIND SPEED    10.4


SKY COVER
  POSSIBLE SUNSHINE  79 PERCENT
  AVERAGE SKY COVER 0.6


WEATHER CONDITIONS
 THE FOLLOWING WEATHER WAS RECORDED YESTERDAY.
  THUNDERSTORM
  HEAVY RAIN
  RAIN
  LIGHT RAIN
  FOG


RELATIVE HUMIDITY (PERCENT)
 HIGHEST    93           400 AM
 LOWEST     42           600 PM
 AVERAGE    68

..........................................................


THE GRAND RAPIDS MI CLIMATE NORMALS FOR TODAY
                         NORMAL    RECORD    YEAR
 MAXIMUM TEMPERATURE (F)   76        93      1925
                                             1898
 MINIMUM TEMPERATURE (F)   54        32      1945


SUNRISE AND SUNSET
JUNE  4 2020..........SUNRISE   605 AM EDT   SUNSET   917 PM EDT
JUNE  5 2020..........SUNRISE   604 AM EDT   SUNSET   917 PM EDT


-  INDICATES NEGATIVE NUMBERS.
R  INDICATES RECORD WAS SET OR TIED.
MM INDICATES DATA IS MISSING.
T  INDICATES TRACE AMOUNT.




$$
