000
CDUS43 KGRR 250518
CLIGRR


CLIMATE REPORT
NATIONAL WEATHER SERVICE GRAND RAPIDS, MI
118 AM EDT SUN AUG 25 2019


...................................

...THE GRAND RAPIDS MI CLIMATE SUMMARY FOR AUGUST 24 2019...

CLIMATE NORMAL PERIOD 1981 TO 2010
CLIMATE RECORD PERIOD 1892 TO 2019


WEATHER ITEM   OBSERVED TIME   RECORD YEAR NORMAL DEPARTURE LAST
                VALUE   (LST)  VALUE       VALUE  FROM      YEAR
                                                  NORMAL
..................................................................
TEMPERATURE (F)
 YESTERDAY
  MAXIMUM         75    412 PM  98    1948  80     -5       77
                                      1947
  MINIMUM         51    613 AM  40    1946  60     -9       57
                                      1942
  AVERAGE         63                        70     -7       67

PRECIPITATION (IN)
  YESTERDAY        0.00          1.56 1993   0.11  -0.11      T
  MONTH TO DATE    1.97                      2.75  -0.78     2.15
  SINCE JUN 1     10.25                     10.30  -0.05     6.95
  SINCE JAN 1     28.82                     23.88   4.94    23.65

SNOWFALL (IN)
  YESTERDAY        0.0           0.0    MM   0.0    0.0      0.0
  MONTH TO DATE    0.0                       0.0    0.0      0.0
  SINCE JUN 1      0.0                       0.0    0.0      0.0
  SINCE JUL 1      0.0                       0.0    0.0      0.0
  SNOW DEPTH       0

DEGREE DAYS
 HEATING
  YESTERDAY        2                         1      1        0
  MONTH TO DATE    3                         2      1        0
  SINCE JUN 1     52                        53     -1       12
  SINCE JUL 1      3                         8     -5        0

 COOLING
  YESTERDAY        0                         6     -6        2
  MONTH TO DATE  177                       159     18      220
  SINCE JUN 1    620                       543     77      689
  SINCE JAN 1    626                       590     36      797
..................................................................


WIND (MPH)
  RESULTANT WIND SPEED   7   RESULTANT WIND DIRECTION   E (70)
  HIGHEST WIND SPEED    17   HIGHEST WIND DIRECTION     E (110)
  HIGHEST GUST SPEED    23   HIGHEST GUST DIRECTION     E (90)
  AVERAGE WIND SPEED     7.2


SKY COVER
  POSSIBLE SUNSHINE  99 PERCENT
  AVERAGE SKY COVER 0.2


WEATHER CONDITIONS
 THE FOLLOWING WEATHER WAS RECORDED YESTERDAY.
  NO SIGNIFICANT WEATHER WAS OBSERVED.


RELATIVE HUMIDITY (PERCENT)
 HIGHEST    89           600 AM
 LOWEST     44           100 PM
 AVERAGE    67

..........................................................


THE GRAND RAPIDS MI CLIMATE NORMALS FOR TODAY
                         NORMAL    RECORD    YEAR
 MAXIMUM TEMPERATURE (F)   80        94      1959
                                             1948
 MINIMUM TEMPERATURE (F)   60        41      1942


SUNRISE AND SUNSET
AUGUST 25 2019........SUNRISE   659 AM EDT   SUNSET   829 PM EDT
AUGUST 26 2019........SUNRISE   700 AM EDT   SUNSET   827 PM EDT


-  INDICATES NEGATIVE NUMBERS.
R  INDICATES RECORD WAS SET OR TIED.
MM INDICATES DATA IS MISSING.
T  INDICATES TRACE AMOUNT.




$$
