000
CDUS42 KRAH 161458
CLIGSO


CLIMATE REPORT
NATIONAL WEATHER SERVICE RALEIGH NC
1053 AM EDT WED OCT 16 2019


...................................

...THE PIEDMONT TRIAD INTL AIRPORT NC CLIMATE SUMMARY FOR OCTOBER 16 2019...
VALID AS OF 1053 AM LOCAL TIME.

CLIMATE NORMAL PERIOD 1981 TO 2010
CLIMATE RECORD PERIOD 1903 TO 2019


WEATHER ITEM   OBSERVED TIME   RECORD YEAR NORMAL DEPARTURE LAST
                VALUE   (LST)  VALUE       VALUE  FROM      YEAR
                                                  NORMAL
..................................................................
TEMPERATURE (F)
 TODAY
  MAXIMUM                       85    1953  70              71
                                      1910
  MINIMUM         52    553 AM  29    1939  49      3       65
  AVERAGE                                   59              68

PRECIPITATION (IN)
  TODAY            0.38          3.04 1932   0.09   0.29     0.09
  MONTH TO DATE    0.77                      1.61  -0.84     4.57
  SINCE SEP 1      1.33                      5.80  -4.47    13.74
  SINCE JAN 1     39.42                     34.59   4.83    48.01

DEGREE DAYS
 HEATING
  TODAY                                      6               0
  MONTH TO DATE                             75              20
  SINCE SEP 1                              105              20
  SINCE JUL 1                              106              20

 COOLING
  TODAY                                      1               3
  MONTH TO DATE                             25             112
  SINCE SEP 1                              210             438
  SINCE JAN 1                             1472            1953
..................................................................


WIND (MPH)
  HIGHEST WIND SPEED    10   HIGHEST WIND DIRECTION     E (70)
  HIGHEST GUST SPEED    13   HIGHEST GUST DIRECTION     S (190)
  AVERAGE WIND SPEED     4.6


SKY COVER
  POSSIBLE SUNSHINE  MM
  AVERAGE SKY COVER 1.0


WEATHER CONDITIONS
 THE FOLLOWING WEATHER WAS RECORDED TODAY.
  RAIN
  LIGHT RAIN
  FOG


RELATIVE HUMIDITY (PERCENT)
 HIGHEST   100           500 AM
 LOWEST     65           200 AM
 AVERAGE    83

..........................................................


THE PIEDMONT TRIAD INTL AIRPORT NC CLIMATE NORMALS FOR TOMORROW
                         NORMAL    RECORD    YEAR
 MAXIMUM TEMPERATURE (F)   70        88      1910
 MINIMUM TEMPERATURE (F)   48        33      1970
                                             1954


SUNRISE AND SUNSET
OCTOBER 16 2019.......SUNRISE   727 AM EDT   SUNSET   643 PM EDT
OCTOBER 17 2019.......SUNRISE   728 AM EDT   SUNSET   642 PM EDT


-  INDICATES NEGATIVE NUMBERS.
R  INDICATES RECORD WAS SET OR TIED.
MM INDICATES DATA IS MISSING.
T  INDICATES TRACE AMOUNT.




$$
