000
CDUS42 KRAH 180053
CLIGSO


CLIMATE REPORT
NATIONAL WEATHER SERVICE RALEIGH NC
852 PM EDT SUN JUN 17 2018


...................................

...THE PIEDMONT TRIAD INTL AIRPORT NC CLIMATE SUMMARY FOR JUNE 17 2018...
VALID AS OF 0852 PM LOCAL TIME.

CLIMATE NORMAL PERIOD 1981 TO 2010
CLIMATE RECORD PERIOD 1903 TO 2018


WEATHER ITEM   OBSERVED TIME   RECORD YEAR NORMAL DEPARTURE LAST
                VALUE   (LST)  VALUE       VALUE  FROM      YEAR
                                                  NORMAL
..................................................................
TEMPERATURE (F)
 TODAY
  MAXIMUM         95    347 PM  98    1944  85     10       85
                                      1921
  MINIMUM         71    504 AM  50    1961  66      5       69
                                      1917
  AVERAGE         83                        76      7       77

PRECIPITATION (IN)
  TODAY            0.00          2.57 1951   0.12  -0.12     0.99
  MONTH TO DATE    1.66                      2.14  -0.48     6.08
  SINCE JUN 1      1.66                      2.14  -0.48     6.08
  SINCE JAN 1     20.39                     18.84   1.55    27.11

DEGREE DAYS
 HEATING
  TODAY            0                         0      0        0
  MONTH TO DATE    0                         5     -5        1
  SINCE JUN 1      0                         5     -5        1
  SINCE JUL 1   3565                      3617    -52     2774

 COOLING
  TODAY           18                        11      7       12
  MONTH TO DATE  190                       150     40      157
  SINCE JUN 1    190                       150     40      157
  SINCE JAN 1    478                       309    169      391
..................................................................


WIND (MPH)
  HIGHEST WIND SPEED    12   HIGHEST WIND DIRECTION     N (10)
  HIGHEST GUST SPEED    18   HIGHEST GUST DIRECTION     N (360)
  AVERAGE WIND SPEED     6.2


SKY COVER
  POSSIBLE SUNSHINE  MM
  AVERAGE SKY COVER 0.3


WEATHER CONDITIONS
 THE FOLLOWING WEATHER WAS RECORDED TODAY.
  NO SIGNIFICANT WEATHER WAS OBSERVED.


RELATIVE HUMIDITY (PERCENT)
 HIGHEST    93           400 AM
 LOWEST     36           100 PM
 AVERAGE    65

..........................................................


THE PIEDMONT TRIAD INTL AIRPORT NC CLIMATE NORMALS FOR TOMORROW
                         NORMAL    RECORD    YEAR
 MAXIMUM TEMPERATURE (F)   86       100      1944
 MINIMUM TEMPERATURE (F)   66        49      1961


SUNRISE AND SUNSET
JUNE 17 2018..........SUNRISE   603 AM EDT   SUNSET   839 PM EDT
JUNE 18 2018..........SUNRISE   603 AM EDT   SUNSET   839 PM EDT


-  INDICATES NEGATIVE NUMBERS.
R  INDICATES RECORD WAS SET OR TIED.
MM INDICATES DATA IS MISSING.
T  INDICATES TRACE AMOUNT.




$$
