000
CDUS42 KRAH 112037
CLIGSO

CLIMATE REPORT
NATIONAL WEATHER SERVICE RALEIGH NC
437 PM EDT TUE AUG 11 2020

...................................

...THE PIEDMONT TRIAD INTL AIRPORT NC CLIMATE SUMMARY FOR AUGUST 11 2020...
VALID TODAY AS OF 0437 PM LOCAL TIME.

CLIMATE NORMAL PERIOD 1981 TO 2010
CLIMATE RECORD PERIOD 1903 TO 2020


WEATHER ITEM   OBSERVED TIME   RECORD YEAR NORMAL DEPARTURE LAST
                VALUE   (LST)  VALUE       VALUE  FROM      YEAR
                                                  NORMAL
...................................................................
TEMPERATURE (F)
 TODAY
  MAXIMUM         88    152 PM  97    1925  87      1       88
  MINIMUM         71    603 AM  59    1962  69      2       69
                                      1968
                                      1976
  AVERAGE         80                        78      2       79

PRECIPITATION (IN)
  TODAY            0.00          2.08 2010   0.11  -0.11      T
  MONTH TO DATE    3.24                      1.41   1.83     0.41
  SINCE JUN 1      9.14                      9.62  -0.48    14.84
  SINCE JAN 1     37.27                     26.32  10.95    35.10

DEGREE DAYS
 HEATING
  TODAY            0                         0      0        0
  MONTH TO DATE    0                         0      0        0
  SINCE JUN 1     14                         6      8        0
  SINCE JUL 1      0                         0      0        0

 COOLING
  TODAY           15                        13      2       14
  MONTH TO DATE  154                       143     11      152
  SINCE JUN 1    935                       869     66      912
  SINCE JAN 1   1076                      1028     48     1217
...................................................................


WIND (MPH)
  HIGHEST WIND SPEED    14   HIGHEST WIND DIRECTION    SE (120)
  HIGHEST GUST SPEED    16   HIGHEST GUST DIRECTION    SE (130)
  AVERAGE WIND SPEED     4.3


SKY COVER
  POSSIBLE SUNSHINE  MM
  AVERAGE SKY COVER 0.6


WEATHER CONDITIONS
THE FOLLOWING WEATHER WAS RECORDED TODAY.
  FOG


RELATIVE HUMIDITY (PERCENT)
 HIGHEST   100           100 AM
 LOWEST     63           200 PM
 AVERAGE    82

..........................................................


THE PIEDMONT TRIAD INTL AIRPORT NC CLIMATE NORMALS FOR TOMORROW
                         NORMAL    RECORD    YEAR
 MAXIMUM TEMPERATURE (F)   87        97      1918
 MINIMUM TEMPERATURE (F)   69        53      1954


SUNRISE AND SUNSET
AUGUST 11 2020........SUNRISE   635 AM EDT   SUNSET   814 PM EDT
AUGUST 12 2020........SUNRISE   636 AM EDT   SUNSET   813 PM EDT


-  INDICATES NEGATIVE NUMBERS.
R  INDICATES RECORD WAS SET OR TIED.
MM INDICATES DATA IS MISSING.
T  INDICATES TRACE AMOUNT.




$$
