000
CDUS42 KRAH 150528
CLIGSO

CLIMATE REPORT
NATIONAL WEATHER SERVICE RALEIGH NC
128 AM EDT TUE JUN 15 2021

...................................

...THE GREENSBORO NC CLIMATE SUMMARY FOR JUNE 14 2021...

CLIMATE NORMAL PERIOD 1991 TO 2020
CLIMATE RECORD PERIOD 1903 TO 2021


WEATHER ITEM   OBSERVED TIME   RECORD YEAR NORMAL DEPARTURE LAST
                VALUE   (LST)  VALUE       VALUE  FROM      YEAR
                                                  NORMAL
...................................................................
TEMPERATURE (F)
 YESTERDAY
  MAXIMUM         89    239 PM  98    1926  85      4       79
  MINIMUM         64    448 AM  48    1985  65     -1       59
  AVERAGE         77                        75      2       69

PRECIPITATION (IN)
  YESTERDAY        T             2.60 1910   0.14  -0.14     0.00
  MONTH TO DATE    3.18                      1.91   1.27     0.27
  SINCE JUN 1      3.18                      1.91   1.27     0.27
  SINCE JAN 1     22.34                     19.10   3.24    28.40

DEGREE DAYS
 HEATING
  YESTERDAY        0                         0      0        0
  MONTH TO DATE    0                         1     -1        0
  SINCE JUN 1      0                         1     -1        0
  SINCE JUL 1   3404                      3495    -91     3148

 COOLING
  YESTERDAY       12                        10      2        4
  MONTH TO DATE  144                       123     21      149
  SINCE JUN 1    144                       123     21      149
  SINCE JAN 1    297                       306     -9      290
...................................................................


WIND (MPH)
  HIGHEST WIND SPEED    18   HIGHEST WIND DIRECTION    NW (320)
  HIGHEST GUST SPEED    25   HIGHEST GUST DIRECTION     N (340)
  AVERAGE WIND SPEED     4.1


SKY COVER
  POSSIBLE SUNSHINE  MM
  AVERAGE SKY COVER 0.7


WEATHER CONDITIONS
THE FOLLOWING WEATHER WAS RECORDED YESTERDAY.
  THUNDERSTORM
  LIGHT RAIN


RELATIVE HUMIDITY (PERCENT)
 HIGHEST    97           100 AM
 LOWEST     48           600 PM
 AVERAGE    73

..........................................................


THE GREENSBORO NC CLIMATE NORMALS FOR TODAY
                         NORMAL    RECORD    YEAR
 MAXIMUM TEMPERATURE (F)   85        97      1926
 MINIMUM TEMPERATURE (F)   66        42      1933


SUNRISE AND SUNSET
JUNE 15 2021..........SUNRISE   602 AM EDT   SUNSET   839 PM EDT
JUNE 16 2021..........SUNRISE   602 AM EDT   SUNSET   839 PM EDT


-  INDICATES NEGATIVE NUMBERS.
R  INDICATES RECORD WAS SET OR TIED.
MM INDICATES DATA IS MISSING.
T  INDICATES TRACE AMOUNT.




$$
