000
CDUS42 KRAH 180738
CLIGSO


CLIMATE REPORT
NATIONAL WEATHER SERVICE RALEIGH NC
336 AM EDT TUE SEP 18 2018


...................................

...THE PIEDMONT TRIAD INTL AIRPORT NC CLIMATE SUMMARY FOR SEPTEMBER 17 2018...

CLIMATE NORMAL PERIOD 1981 TO 2010
CLIMATE RECORD PERIOD 1903 TO 2018


WEATHER ITEM   OBSERVED TIME   RECORD YEAR NORMAL DEPARTURE LAST
                VALUE   (LST)  VALUE       VALUE  FROM      YEAR
                                                  NORMAL
..................................................................
TEMPERATURE (F)
 YESTERDAY
  MAXIMUM         87    230 PM  96    1921  79      8       84
  MINIMUM         72   1213 AM  41    1984  60     12       64
  AVERAGE         80                        70     10       74

PRECIPITATION (IN)
  YESTERDAY        0.62          3.46 1945   0.15   0.47     0.00
  MONTH TO DATE    8.82                      2.56   6.26     2.80
  SINCE SEP 1      8.82                      2.56   6.26     2.80
  SINCE JAN 1     43.09                     31.35  11.74    37.25

DEGREE DAYS
 HEATING
  YESTERDAY        0                         1     -1        0
  MONTH TO DATE    0                         5     -5       22
  SINCE SEP 1      0                         5     -5       22
  SINCE JUL 1      0                         6     -6       22

 COOLING
  YESTERDAY       15                         6      9        9
  MONTH TO DATE  208                       133     75       63
  SINCE SEP 1    208                       133     75       63
  SINCE JAN 1   1723                      1395    328     1417
..................................................................


WIND (MPH)
  HIGHEST WIND SPEED    22   HIGHEST WIND DIRECTION    SW (210)
  HIGHEST GUST SPEED    35   HIGHEST GUST DIRECTION    SW (220)
  AVERAGE WIND SPEED    10.2


SKY COVER
  POSSIBLE SUNSHINE  MM
  AVERAGE SKY COVER 0.7


WEATHER CONDITIONS
 THE FOLLOWING WEATHER WAS RECORDED YESTERDAY.
  HEAVY RAIN
  RAIN
  LIGHT RAIN
  FOG


RELATIVE HUMIDITY (PERCENT)
 HIGHEST   100          1200 AM
 LOWEST     61           400 PM
 AVERAGE    81

..........................................................


THE PIEDMONT TRIAD INTL AIRPORT NC CLIMATE NORMALS FOR TODAY
                         NORMAL    RECORD    YEAR
 MAXIMUM TEMPERATURE (F)   79        97      1921
 MINIMUM TEMPERATURE (F)   60        45      1990
                                             1984


SUNRISE AND SUNSET
SEPTEMBER 18 2018.....SUNRISE   705 AM EDT   SUNSET   723 PM EDT
SEPTEMBER 19 2018.....SUNRISE   705 AM EDT   SUNSET   721 PM EDT


-  INDICATES NEGATIVE NUMBERS.
R  INDICATES RECORD WAS SET OR TIED.
MM INDICATES DATA IS MISSING.
T  INDICATES TRACE AMOUNT.




$$
