000
CDUS42 KRAH 180847
CLIGSO


CLIMATE REPORT
NATIONAL WEATHER SERVICE RALEIGH NC
346 AM EST TUE DEC 18 2018


...................................

...THE PIEDMONT TRIAD INTL AIRPORT NC CLIMATE SUMMARY FOR DECEMBER 17 2018...

CLIMATE NORMAL PERIOD 1981 TO 2010
CLIMATE RECORD PERIOD 1903 TO 2018


WEATHER ITEM   OBSERVED TIME   RECORD YEAR NORMAL DEPARTURE LAST
                VALUE   (LST)  VALUE       VALUE  FROM      YEAR
                                                  NORMAL
..................................................................
TEMPERATURE (F)
 YESTERDAY
  MAXIMUM         60    256 PM  78    1924  50     10       50
  MINIMUM         40    655 AM   6    1943  32      8       27
  AVERAGE         50                        41      9       39

PRECIPITATION (IN)
  YESTERDAY        0.00          1.52 1930   0.09  -0.09      T
  MONTH TO DATE    3.58                      1.66   1.92     1.14
  SINCE DEC 1      3.58                      1.66   1.92     1.14
  SINCE JAN 1     60.70                     40.88  19.82    42.37

SNOWFALL (IN)
  YESTERDAY        0.0          14.3  1930   0.0    0.0      0.0
  MONTH TO DATE   12.8                       0.2   12.6      2.2
  SINCE DEC 1     12.8                       0.2   12.6      2.2
  SINCE JUL 1     12.8                       0.3   12.5      2.2
  SNOW DEPTH       0

DEGREE DAYS
 HEATING
  YESTERDAY       15                        24     -9       26
  MONTH TO DATE  406                       379     27      399
  SINCE DEC 1    406                       379     27      399
  SINCE JUL 1   1166                      1059    107     1026

 COOLING
  YESTERDAY        0                         0      0        0
  MONTH TO DATE    0                         0      0        0
  SINCE DEC 1      0                         0      0        0
  SINCE JAN 1   1953                      1483    470     1612
..................................................................


WIND (MPH)
  HIGHEST WIND SPEED    20   HIGHEST WIND DIRECTION     W (280)
  HIGHEST GUST SPEED    25   HIGHEST GUST DIRECTION    NW (310)
  AVERAGE WIND SPEED    10.2


SKY COVER
  POSSIBLE SUNSHINE  MM
  AVERAGE SKY COVER 0.2


WEATHER CONDITIONS
 THE FOLLOWING WEATHER WAS RECORDED YESTERDAY.
  NO SIGNIFICANT WEATHER WAS OBSERVED.


RELATIVE HUMIDITY (PERCENT)
 HIGHEST    92           500 AM
 LOWEST     31           400 PM
 AVERAGE    62

..........................................................


THE PIEDMONT TRIAD INTL AIRPORT NC CLIMATE NORMALS FOR TODAY
                         NORMAL    RECORD    YEAR
 MAXIMUM TEMPERATURE (F)   50        77      1924
 MINIMUM TEMPERATURE (F)   31         7      1973


SUNRISE AND SUNSET
DECEMBER 18 2018......SUNRISE   725 AM EST   SUNSET   508 PM EST
DECEMBER 19 2018......SUNRISE   726 AM EST   SUNSET   508 PM EST


-  INDICATES NEGATIVE NUMBERS.
R  INDICATES RECORD WAS SET OR TIED.
MM INDICATES DATA IS MISSING.
T  INDICATES TRACE AMOUNT.




$$
