000
CDUS42 KGSP 212134
CLIGSP

CLIMATE REPORT
NATIONAL WEATHER SERVICE GREENVILLE-SPARTANBURG SC
432 PM EST MON JAN 21 2019


...................................

...THE GREENVILLE-SPARTANBURG SC CLIMATE SUMMARY FOR JANUARY 21 2019...
VALID TODAY AS OF 430 PM LOCAL TIME.

CLIMATE NORMAL PERIOD 1981 TO 2010
CLIMATE RECORD PERIOD 1884 TO 2019


WEATHER ITEM   OBSERVED TIME   RECORD YEAR NORMAL DEPARTURE LAST
                VALUE   (LST)  VALUE       VALUE  FROM      YEAR
                                                  NORMAL
..................................................................
TEMPERATURE (F)
 TODAY
  MAXIMUM         39    314 PM  73    1927  53    -14       70
  MINIMUM         20    824 AM  -4    1985  32    -12       35
  AVERAGE         30                        42    -12       53

PRECIPITATION (IN)
  TODAY            0.00          1.86 1993   0.12  -0.12     0.00
  MONTH TO DATE    4.89                      2.60   2.29     1.79
  SINCE DEC 1     16.35                      6.71   9.64     4.70
  SINCE JAN 1      4.89                      2.60   2.29     1.79

SNOWFALL (IN)
  TODAY            0.0           2.9  1983   0.1   -0.1      0.0
  MONTH TO DATE    T                         1.6   -1.6      3.1
  SINCE DEC 1      4.3                       2.0    2.3      4.7
  SINCE JUL 1      4.3                       2.1    2.2      4.7
  SNOW DEPTH       0

DEGREE DAYS
 HEATING
  TODAY           35                        23     12       12
  MONTH TO DATE  393                       483    -90      631
  SINCE DEC 1    997                      1133   -136     1250
  SINCE JUL 1   1660                      1686    -26     1744

 COOLING
  TODAY            0                         0      0        0
  MONTH TO DATE    0                         0      0        0
  SINCE DEC 1      0                         1     -1        0
  SINCE JAN 1      0                         0      0        0
..................................................................


WIND (MPH)
  HIGHEST WIND SPEED    24   HIGHEST WIND DIRECTION     N (360)
  HIGHEST GUST SPEED    35   HIGHEST GUST DIRECTION     N (360)
  AVERAGE WIND SPEED     8.8


SKY COVER
  POSSIBLE SUNSHINE  MM
  AVERAGE SKY COVER 0.0


WEATHER CONDITIONS
 THE FOLLOWING WEATHER WAS RECORDED TODAY.
  NO SIGNIFICANT WEATHER WAS OBSERVED.


RELATIVE HUMIDITY (PERCENT)
 HIGHEST    50           400 AM
 LOWEST     20           400 PM
 AVERAGE    35

..........................................................


THE GREENVILLE-SPARTANBURG SC CLIMATE NORMALS FOR TOMORROW
                         NORMAL    RECORD    YEAR
 MAXIMUM TEMPERATURE (F)   53        72      1938
                                             1921
 MINIMUM TEMPERATURE (F)   32         3      1893


SUNRISE AND SUNSET
JANUARY 21 2019.......SUNRISE   734 AM EST   SUNSET   546 PM EST
JANUARY 22 2019.......SUNRISE   734 AM EST   SUNSET   547 PM EST


-  INDICATES NEGATIVE NUMBERS.
R  INDICATES RECORD WAS SET OR TIED.
MM INDICATES DATA IS MISSING.
T  INDICATES TRACE AMOUNT.




$$
