726
CDUS42 KGSP 190631
CLIGSP

CLIMATE REPORT
NATIONAL WEATHER SERVICE GREENVILLE-SPARTANBURG SC
131 AM EST MON FEB 19 2018


...................................

...THE GREENVILLE-SPARTANBURG SC CLIMATE SUMMARY FOR FEBRUARY 18 2018...

CLIMATE NORMAL PERIOD 1981 TO 2010
CLIMATE RECORD PERIOD 1884 TO 2018


WEATHER ITEM   OBSERVED TIME   RECORD YEAR NORMAL DEPARTURE LAST
                VALUE   (LST)  VALUE       VALUE  FROM      YEAR
                                                  NORMAL
..................................................................
TEMPERATURE (F)
 YESTERDAY
  MAXIMUM         64    452 PM  78    2011  57      7       65
  MINIMUM         40    811 AM   2    1958  35      5       43
  AVERAGE         52                        46      6       54

PRECIPITATION (IN)
  YESTERDAY        0.03          2.24 1910   0.15  -0.12      T
  MONTH TO DATE    4.80                      2.48   2.32     1.03
  SINCE DEC 1     10.57                     10.41   0.16     8.24
  SINCE JAN 1      7.66                      6.30   1.36     5.55

SNOWFALL (IN)
  YESTERDAY        0.0           8.2  1979   0.0    0.0      0.0
  MONTH TO DATE    0.0                       0.6   -0.6      0.0
  SINCE DEC 1      4.7                       3.3    1.4      3.1
  SINCE JUL 1      4.7                       3.4    1.3      3.1
  SNOW DEPTH       0

DEGREE DAYS
 HEATING
  YESTERDAY       13                        19     -6       11
  MONTH TO DATE  280                       365    -85      230
  SINCE DEC 1   1725                      1722      3     1322
  SINCE JUL 1   2219                      2275    -56     1648

 COOLING
  YESTERDAY        0                         0      0        0
  MONTH TO DATE    5                         0      5        6
  SINCE DEC 1      5                         1      4        6
  SINCE JAN 1      5                         0      5        6
..................................................................


WIND (MPH)
  HIGHEST WIND SPEED    13   HIGHEST WIND DIRECTION    SE (140)
  HIGHEST GUST SPEED    16   HIGHEST GUST DIRECTION    SE (150)
  AVERAGE WIND SPEED     4.3


SKY COVER
  POSSIBLE SUNSHINE  MM
  AVERAGE SKY COVER 0.5


WEATHER CONDITIONS
 THE FOLLOWING WEATHER WAS RECORDED YESTERDAY.
  LIGHT RAIN
  FOG
  FOG W/VISIBILITY <= 1/4 MILE


RELATIVE HUMIDITY (PERCENT)
 HIGHEST   100          1200 AM
 LOWEST     37           300 PM
 AVERAGE    69

..........................................................


THE GREENVILLE-SPARTANBURG SC CLIMATE NORMALS FOR TODAY
                         NORMAL    RECORD    YEAR
 MAXIMUM TEMPERATURE (F)   57        75      2014
                                             1916
                                             1911
 MINIMUM TEMPERATURE (F)   36         9      1958
                                             1900


SUNRISE AND SUNSET
FEBRUARY 19 2018......SUNRISE   710 AM EST   SUNSET   616 PM EST
FEBRUARY 20 2018......SUNRISE   709 AM EST   SUNSET   616 PM EST


-  INDICATES NEGATIVE NUMBERS.
R  INDICATES RECORD WAS SET OR TIED.
MM INDICATES DATA IS MISSING.
T  INDICATES TRACE AMOUNT.

$$

OUTLAW
