488
CDUS42 KGSP 210630
CLIGSP

CLIMATE REPORT
NATIONAL WEATHER SERVICE GREENVILLE-SPARTANBURG SC
229 AM EDT SAT APR 21 2018


...................................

...THE GREENVILLE-SPARTANBURG SC CLIMATE SUMMARY FOR APRIL 20 2018...

CLIMATE NORMAL PERIOD 1981 TO 2010
CLIMATE RECORD PERIOD 1884 TO 2018


WEATHER ITEM   OBSERVED TIME   RECORD YEAR NORMAL DEPARTURE LAST
                VALUE   (LST)  VALUE       VALUE  FROM      YEAR
                                                  NORMAL
..................................................................
TEMPERATURE (F)
 YESTERDAY
  MAXIMUM         66    450 PM  94    1917  74     -8       81
  MINIMUM         38    626 AM  25    1983  49    -11       54
  AVERAGE         52                        62    -10       68

PRECIPITATION (IN)
  YESTERDAY        0.00          1.91 1920   0.11  -0.11      T
  MONTH TO DATE    2.83                      2.23   0.60     3.27
  SINCE MAR 1      6.39                      6.75  -0.36    10.62
  SINCE JAN 1     14.66                     14.54   0.12    16.34

SNOWFALL (IN)
  YESTERDAY        0.0           T    1901   0.0    0.0      0.0
  MONTH TO DATE    0.0                       0.0    0.0      0.0
  SINCE MAR 1      0.0                       0.9   -0.9      0.5
  SINCE JUL 1      4.7                       4.7    0.0      3.6
  SNOW DEPTH       0

DEGREE DAYS
 HEATING
  YESTERDAY       13                         5      8        0
  MONTH TO DATE  155                       134     21       53
  SINCE MAR 1    595                       518     77      407
  SINCE JUL 1   2866                      2967   -101     2133

 COOLING
  YESTERDAY        0                         2     -2        3
  MONTH TO DATE   12                        21     -9       39
  SINCE MAR 1     13                        29    -16       55
  SINCE JAN 1     33                        29      4       61
..................................................................


WIND (MPH)
  HIGHEST WIND SPEED    12   HIGHEST WIND DIRECTION     E (110)
  HIGHEST GUST SPEED    16   HIGHEST GUST DIRECTION     E (80)
  AVERAGE WIND SPEED     3.9


SKY COVER
  POSSIBLE SUNSHINE  MM
  AVERAGE SKY COVER 0.0


WEATHER CONDITIONS
 THE FOLLOWING WEATHER WAS RECORDED YESTERDAY.
  NO SIGNIFICANT WEATHER WAS OBSERVED.


RELATIVE HUMIDITY (PERCENT)
 HIGHEST    70           600 AM
 LOWEST     24           400 PM
 AVERAGE    47

..........................................................


THE GREENVILLE-SPARTANBURG SC CLIMATE NORMALS FOR TODAY
                         NORMAL    RECORD    YEAR
 MAXIMUM TEMPERATURE (F)   74        90      1963
                                             1917
 MINIMUM TEMPERATURE (F)   50        27      1983


SUNRISE AND SUNSET
APRIL 21 2018.........SUNRISE   650 AM EDT   SUNSET   806 PM EDT
APRIL 22 2018.........SUNRISE   648 AM EDT   SUNSET   807 PM EDT


-  INDICATES NEGATIVE NUMBERS.
R  INDICATES RECORD WAS SET OR TIED.
MM INDICATES DATA IS MISSING.
T  INDICATES TRACE AMOUNT.




$$
