000
CDUS42 KGSP 170628
CLIGSP

CLIMATE REPORT
NATIONAL WEATHER SERVICE GREENVILLE-SPARTANBURG SC
226 AM EDT WED OCT 17 2018


...................................

...THE GREENVILLE-SPARTANBURG SC CLIMATE SUMMARY FOR OCTOBER 16 2018...

CLIMATE NORMAL PERIOD 1981 TO 2010
CLIMATE RECORD PERIOD 1884 TO 2018


WEATHER ITEM   OBSERVED TIME   RECORD YEAR NORMAL DEPARTURE LAST
                VALUE   (LST)  VALUE       VALUE  FROM      YEAR
                                                  NORMAL
..................................................................
TEMPERATURE (F)
 YESTERDAY
  MAXIMUM         83   1242 PM  85    1935  73     10       71
                                      1911
                                      1892
  MINIMUM         64    211 AM  32    1907  50     14       50
  AVERAGE         74                        62     12       61

PRECIPITATION (IN)
  YESTERDAY        0.02          7.24 1932   0.11  -0.09     0.18
  MONTH TO DATE    4.86                      1.85   3.01     2.91
  SINCE SEP 1      9.92                      5.28   4.64     7.13
  SINCE JAN 1     46.58                     37.79   8.79    45.10

SNOWFALL (IN)
  YESTERDAY        0.0           0.0    MM   0.0    0.0      0.0
  MONTH TO DATE    0.0                       0.0    0.0      0.0
  SINCE SEP 1      0.0                       0.0    0.0      0.0
  SINCE JUL 1      0.0                       0.0    0.0      0.0
  SNOW DEPTH       0

DEGREE DAYS
 HEATING
  YESTERDAY        0                         5     -5        4
  MONTH TO DATE    8                        53    -45        8
  SINCE SEP 1      8                        70    -62       19
  SINCE JUL 1      8                        70    -62       19

 COOLING
  YESTERDAY        9                         1      8        0
  MONTH TO DATE  137                        35    102       96
  SINCE SEP 1    540                       262    278      328
  SINCE JAN 1   2097                      1697    400     1794
..................................................................


WIND (MPH)
  HIGHEST WIND SPEED    12   HIGHEST WIND DIRECTION     N (350)
  HIGHEST GUST SPEED    19   HIGHEST GUST DIRECTION     N (10)
  AVERAGE WIND SPEED     3.9


SKY COVER
  POSSIBLE SUNSHINE  MM
  AVERAGE SKY COVER 0.5


WEATHER CONDITIONS
 THE FOLLOWING WEATHER WAS RECORDED YESTERDAY.
  LIGHT RAIN
  FOG


RELATIVE HUMIDITY (PERCENT)
 HIGHEST   100           100 AM
 LOWEST     58          1200 PM
 AVERAGE    79

..........................................................


THE GREENVILLE-SPARTANBURG SC CLIMATE NORMALS FOR TODAY
                         NORMAL    RECORD    YEAR
 MAXIMUM TEMPERATURE (F)   72        86      1916
 MINIMUM TEMPERATURE (F)   50        32      1893


SUNRISE AND SUNSET
OCTOBER 17 2018.......SUNRISE   736 AM EDT   SUNSET   651 PM EDT
OCTOBER 18 2018.......SUNRISE   737 AM EDT   SUNSET   650 PM EDT


-  INDICATES NEGATIVE NUMBERS.
R  INDICATES RECORD WAS SET OR TIED.
MM INDICATES DATA IS MISSING.
T  INDICATES TRACE AMOUNT.




$$
