000
CDUS42 KGSP 302040
CLIGSP

CLIMATE REPORT
NATIONAL WEATHER SERVICE GREENVILLE-SPARTANBURG SC
440 PM EDT FRI OCT 30 2020

...................................

...THE GREENVILLE-SPARTANBURG SC CLIMATE SUMMARY FOR OCTOBER 30 2020...
VALID TODAY AS OF 0400 PM LOCAL TIME.

CLIMATE NORMAL PERIOD 1981 TO 2010
CLIMATE RECORD PERIOD 1884 TO 2020


WEATHER ITEM   OBSERVED TIME   RECORD YEAR NORMAL DEPARTURE LAST
                VALUE   (LST)  VALUE       VALUE  FROM      YEAR
                                                  NORMAL
...................................................................
TEMPERATURE (F)
 TODAY
  MAXIMUM         65    143 PM  86    2016  69     -4       66
  MINIMUM         52    428 AM  25    1910  46      6       62
  AVERAGE         59                        58      1       64

PRECIPITATION (IN)
  TODAY            0.00          2.55 1949   0.11  -0.11     1.16
  MONTH TO DATE    5.66                      3.34   2.32     3.71
  SINCE SEP 1     10.98                      6.77   4.21     3.89
  SINCE JAN 1     64.80                     39.28  25.52    40.19

SNOWFALL (IN)
  TODAY            0.0           0.0    MM   0.0    0.0      0.0
  MONTH TO DATE    0.0                       0.0    0.0      0.0
  SINCE SEP 1      0.0                       0.0    0.0      0.0
  SINCE JUL 1      0.0                       0.0    0.0      0.0
  SNOW DEPTH       0

DEGREE DAYS
 HEATING
  TODAY            6                         8     -2        1
  MONTH TO DATE   82                       144    -62       53
  SINCE SEP 1    112                       161    -49       53
  SINCE JUL 1    112                       161    -49       53

 COOLING
  TODAY            0                         1     -1        0
  MONTH TO DATE   50                        49      1      111
  SINCE SEP 1    249                       276    -27      541
  SINCE JAN 1   1700                      1711    -11     2135
...................................................................


WIND (MPH)
  HIGHEST WIND SPEED    18   HIGHEST WIND DIRECTION     N (340)
  HIGHEST GUST SPEED    29   HIGHEST GUST DIRECTION     N (340)
  AVERAGE WIND SPEED    10.9


SKY COVER
  POSSIBLE SUNSHINE  MM
  AVERAGE SKY COVER 0.1


WEATHER CONDITIONS
THE FOLLOWING WEATHER WAS RECORDED TODAY.
  NO SIGNIFICANT WEATHER WAS OBSERVED.


RELATIVE HUMIDITY (PERCENT)
 HIGHEST    83           500 AM
 LOWEST     37           200 PM
 AVERAGE    60

..........................................................


THE GREENVILLE-SPARTANBURG SC CLIMATE NORMALS FOR TOMORROW
                         NORMAL    RECORD    YEAR
 MAXIMUM TEMPERATURE (F)   69        84      1950
                                             2016
 MINIMUM TEMPERATURE (F)   46        25      1893


SUNRISE AND SUNSET
OCTOBER 30 2020.......SUNRISE   748 AM EDT   SUNSET   636 PM EDT
OCTOBER 31 2020.......SUNRISE   749 AM EDT   SUNSET   635 PM EDT


-  INDICATES NEGATIVE NUMBERS.
R  INDICATES RECORD WAS SET OR TIED.
MM INDICATES DATA IS MISSING.
T  INDICATES TRACE AMOUNT.




$$
