000
CDUS42 KGSP 230635
CLIGSP

CLIMATE REPORT
NATIONAL WEATHER SERVICE GREENVILLE-SPARTANBURG SC
232 AM EDT WED OCT 23 2019


...................................

...THE GREENVILLE-SPARTANBURG SC CLIMATE SUMMARY FOR OCTOBER 22 2019...

CLIMATE NORMAL PERIOD 1981 TO 2010
CLIMATE RECORD PERIOD 1884 TO 2019


WEATHER ITEM   OBSERVED TIME   RECORD YEAR NORMAL DEPARTURE LAST
                VALUE   (LST)  VALUE       VALUE  FROM      YEAR
                                                  NORMAL
..................................................................
TEMPERATURE (F)
 YESTERDAY
  MAXIMUM         75    212 PM  85    1941  71      4       65
  MINIMUM         51   1159 PM  26    1987  48      3       37
  AVERAGE         63                        60      3       51

PRECIPITATION (IN)
  YESTERDAY        0.10          3.05 1919   0.11  -0.01     0.00
  MONTH TO DATE    2.18                      2.50  -0.32     4.87
  SINCE SEP 1      2.36                      5.93  -3.57     9.93
  SINCE JAN 1     38.66                     38.44   0.22    46.59

SNOWFALL (IN)
  YESTERDAY        0.0           0.0    MM   0.0    0.0      0.0
  MONTH TO DATE    0.0                       0.0    0.0      0.0
  SINCE SEP 1      0.0                       0.0    0.0      0.0
  SINCE JUL 1      0.0                       0.0    0.0      0.0
  SNOW DEPTH       0

DEGREE DAYS
 HEATING
  YESTERDAY        2                         6     -4       14
  MONTH TO DATE   33                        86    -53       54
  SINCE SEP 1     33                       103    -70       54
  SINCE JUL 1     33                       103    -70       54

 COOLING
  YESTERDAY        0                         1     -1        0
  MONTH TO DATE  104                        41     63      138
  SINCE SEP 1    534                       268    266      541
  SINCE JAN 1   2128                      1703    425     2098
..................................................................


WIND (MPH)
  HIGHEST WIND SPEED    21   HIGHEST WIND DIRECTION    SW (240)
  HIGHEST GUST SPEED    27   HIGHEST GUST DIRECTION    SW (240)
  AVERAGE WIND SPEED     9.6


SKY COVER
  POSSIBLE SUNSHINE  MM
  AVERAGE SKY COVER 0.5


WEATHER CONDITIONS
 THE FOLLOWING WEATHER WAS RECORDED YESTERDAY.
  HEAVY RAIN
  RAIN
  LIGHT RAIN
  FOG


RELATIVE HUMIDITY (PERCENT)
 HIGHEST    93           200 AM
 LOWEST     29           400 PM
 AVERAGE    61

..........................................................


THE GREENVILLE-SPARTANBURG SC CLIMATE NORMALS FOR TODAY
                         NORMAL    RECORD    YEAR
 MAXIMUM TEMPERATURE (F)   71        87      1941
 MINIMUM TEMPERATURE (F)   48        26      1891


SUNRISE AND SUNSET
OCTOBER 23 2019.......SUNRISE   741 AM EDT   SUNSET   645 PM EDT
OCTOBER 24 2019.......SUNRISE   742 AM EDT   SUNSET   643 PM EDT


-  INDICATES NEGATIVE NUMBERS.
R  INDICATES RECORD WAS SET OR TIED.
MM INDICATES DATA IS MISSING.
T  INDICATES TRACE AMOUNT.




$$
