000
CDUS42 KGSP 250638
CLIGSP

CLIMATE REPORT
NATIONAL WEATHER SERVICE GREENVILLE-SPARTANBURG SC
234 AM EDT MON MAY 25 2020


...................................

...THE GREENVILLE-SPARTANBURG SC CLIMATE SUMMARY FOR MAY 24 2020...

CLIMATE NORMAL PERIOD 1981 TO 2010
CLIMATE RECORD PERIOD 1884 TO 2020


WEATHER ITEM   OBSERVED TIME   RECORD YEAR NORMAL DEPARTURE LAST
                VALUE   (LST)  VALUE       VALUE  FROM      YEAR
                                                  NORMAL
..................................................................
TEMPERATURE (F)
 YESTERDAY
  MAXIMUM         89    111 PM  94    2019  82      7       94
                                      1962
  MINIMUM         64    600 AM  41    1917  60      4       70
  AVERAGE         77                        71      6       82

PRECIPITATION (IN)
  YESTERDAY        0.57          2.60 1996   0.11   0.46     0.00
  MONTH TO DATE   11.33                      2.90   8.43     1.77
  SINCE MAR 1     23.38                     10.78  12.60     8.79
  SINCE JAN 1     40.00                     18.57  21.43    21.04

SNOWFALL (IN)
  YESTERDAY        0.0           0.0    MM   0.0    0.0      0.0
  MONTH TO DATE    T                         0.0    0.0      0.0
  SINCE MAR 1      T                         0.9   -0.9       T
  SINCE JUL 1      0.9                       4.7   -3.8      4.3
  SNOW DEPTH       0

DEGREE DAYS
 HEATING
  YESTERDAY        0                         1     -1        0
  MONTH TO DATE  108                        37     71        8
  SINCE MAR 1    543                       594    -51      535
  SINCE JUL 1   2728                      3043   -315     2864

 COOLING
  YESTERDAY       12                         7      5       17
  MONTH TO DATE   59                       101    -42      178
  SINCE MAR 1    128                       149    -21      234
  SINCE JAN 1    128                       149    -21      239
..................................................................


WIND (MPH)
  HIGHEST WIND SPEED    32   HIGHEST WIND DIRECTION    SW (220)
  HIGHEST GUST SPEED    41   HIGHEST GUST DIRECTION    SW (220)
  AVERAGE WIND SPEED     4.5


SKY COVER
  POSSIBLE SUNSHINE  MM
  AVERAGE SKY COVER 0.0


WEATHER CONDITIONS
 THE FOLLOWING WEATHER WAS RECORDED YESTERDAY.
  THUNDERSTORM
  HEAVY RAIN
  RAIN
  LIGHT RAIN
  FOG


RELATIVE HUMIDITY (PERCENT)
 HIGHEST    93           200 AM
 LOWEST     47           100 PM
 AVERAGE    70

..........................................................


THE GREENVILLE-SPARTANBURG SC CLIMATE NORMALS FOR TODAY
                         NORMAL    RECORD    YEAR
 MAXIMUM TEMPERATURE (F)   83        96      2019
                                             1962
                                             1953
 MINIMUM TEMPERATURE (F)   60        46      2005


SUNRISE AND SUNSET
MAY 25 2020...........SUNRISE   619 AM EDT   SUNSET   833 PM EDT
MAY 26 2020...........SUNRISE   619 AM EDT   SUNSET   834 PM EDT


-  INDICATES NEGATIVE NUMBERS.
R  INDICATES RECORD WAS SET OR TIED.
MM INDICATES DATA IS MISSING.
T  INDICATES TRACE AMOUNT.




$$
