000
CDUS45 KTFX 192240
CLIGTF

CLIMATE REPORT
NATIONAL WEATHER SERVICE GREAT FALLS MT
440 PM MDT MON OCT 19 2020

...................................

...THE GREAT FALLS MT CLIMATE SUMMARY FOR OCTOBER 19 2020...
VALID TODAY AS OF 0400 PM LOCAL TIME.

CLIMATE NORMAL PERIOD 1981 TO 2010
CLIMATE RECORD PERIOD 1886 TO 2020


WEATHER ITEM   OBSERVED TIME   RECORD YEAR NORMAL DEPARTURE LAST
                VALUE   (LST)  VALUE       VALUE  FROM      YEAR
                                                  NORMAL
...................................................................
TEMPERATURE (F)
 TODAY
  MAXIMUM         32    225 PM  81    1974  57    -25       52
  MINIMUM         20    503 AM   2    1905  32    -12       37
  AVERAGE         26                        44    -18       45

PRECIPITATION (IN)
  TODAY            0.17          0.43 1979   0.03   0.14      T
  MONTH TO DATE    1.21                      0.59   0.62     0.53
  SINCE OCT 1      1.21                      0.59   0.62     0.53
  SINCE JAN 1     12.57                     13.34  -0.77    14.66

DEGREE DAYS
 HEATING
  TODAY           39                        21     18       20
  MONTH TO DATE  310                       336    -26      468
  SINCE SEP 1    508                       622   -114      759
  SINCE JUL 1    574                       743   -169      855

 COOLING
  TODAY            0                         0      0        0
  MONTH TO DATE    2                         0      2        0
  SINCE SEP 1     26                        21      5       31
  SINCE JAN 1    307                       297     10      252
...................................................................


WIND (MPH)
  HIGHEST WIND SPEED     7   HIGHEST WIND DIRECTION     N (20)
  HIGHEST GUST SPEED     9   HIGHEST GUST DIRECTION    SE (140)
  AVERAGE WIND SPEED     2.5


SKY COVER
  AVERAGE SKY COVER 0.7


WEATHER CONDITIONS
THE FOLLOWING WEATHER WAS RECORDED TODAY.
  LIGHT SNOW
  FOG


RELATIVE HUMIDITY (PERCENT)
 HIGHEST    92           700 AM
 LOWEST     78           300 PM
 AVERAGE    85

..........................................................


THE GREAT FALLS MT CLIMATE NORMALS FOR TOMORROW
                         NORMAL    RECORD    YEAR
 MAXIMUM TEMPERATURE (F)   56        81      1974
 MINIMUM TEMPERATURE (F)   32        16      1984


SUNRISE AND SUNSET
OCTOBER 19 2020.......SUNRISE   751 AM MDT   SUNSET   629 PM MDT
OCTOBER 20 2020.......SUNRISE   752 AM MDT   SUNSET   627 PM MDT


-  INDICATES NEGATIVE NUMBERS.
R  INDICATES RECORD WAS SET OR TIED.
MM INDICATES DATA IS MISSING.
T  INDICATES TRACE AMOUNT.




$$
