000
CDUS45 KTFX 220732
CLIGTF


CLIMATE REPORT
NATIONAL WEATHER SERVICE GREAT FALLS MT
131 AM MDT SAT SEP 22 2018


...................................

...THE GREAT FALLS MT CLIMATE SUMMARY FOR SEPTEMBER 21 2018...

CLIMATE NORMAL PERIOD 1981 TO 2010
CLIMATE RECORD PERIOD 1886 TO 2018


WEATHER ITEM   OBSERVED TIME   RECORD YEAR NORMAL DEPARTURE LAST
                VALUE   (LST)  VALUE       VALUE  FROM      YEAR
                                                  NORMAL
..................................................................
TEMPERATURE (F)
 YESTERDAY
  MAXIMUM         74    347 PM  90    1917  68      6       55
  MINIMUM         41    559 AM  20    1995  40      1       35
  AVERAGE         58                        54      4       45

PRECIPITATION (IN)
  YESTERDAY        0.00          1.39 1945   0.05  -0.05     0.00
  MONTH TO DATE    0.80                      1.04  -0.24     2.16
  SINCE OCT 1     15.50                     14.37   1.13    14.75
  SINCE JAN 1     12.64                     12.37   0.27    11.82

SNOWFALL (IN)
  YESTERDAY        0.0           2.6  1968   0.0    0.0      0.0
  MONTH TO DATE    0.0                       0.6   -0.6      0.0
  SINCE SEP 1      0.0                       0.6   -0.6      0.0
  SINCE JUL 1      0.0                       0.9   -0.9      0.0
  SNOW DEPTH       0

DEGREE DAYS
 HEATING
  YESTERDAY        7                        11     -4       20
  MONTH TO DATE  170                       169      1      158
  SINCE SEP 1    170                       169      1      158
  SINCE JUL 1    290                       290      0      187

 COOLING
  YESTERDAY        0                         0      0        0
  MONTH TO DATE   14                        20     -6       47
  SINCE SEP 1     14                        20     -6       47
  SINCE JAN 1    324                       296     28      456
..................................................................


WIND (MPH)
  HIGHEST WIND SPEED    23   HIGHEST WIND DIRECTION    SW (220)
  HIGHEST GUST SPEED    32   HIGHEST GUST DIRECTION     S (200)
  AVERAGE WIND SPEED     9.3


SKY COVER
  AVERAGE SKY COVER 0.2


WEATHER CONDITIONS
 THE FOLLOWING WEATHER WAS RECORDED YESTERDAY.
  NO SIGNIFICANT WEATHER WAS OBSERVED.


RELATIVE HUMIDITY (PERCENT)
 HIGHEST   100           100 AM
 LOWEST     25           400 PM
 AVERAGE    63

..........................................................


THE GREAT FALLS MT CLIMATE NORMALS FOR TODAY
                         NORMAL    RECORD    YEAR
 MAXIMUM TEMPERATURE (F)   68        91      1938
 MINIMUM TEMPERATURE (F)   40        24      2000
                                             1934


SUNRISE AND SUNSET
SEPTEMBER 22 2018.....SUNRISE   712 AM MDT   SUNSET   723 PM MDT
SEPTEMBER 23 2018.....SUNRISE   714 AM MDT   SUNSET   721 PM MDT


-  INDICATES NEGATIVE NUMBERS.
R  INDICATES RECORD WAS SET OR TIED.
MM INDICATES DATA IS MISSING.
T  INDICATES TRACE AMOUNT.




$$
