847
CDUS45 KTFX 190748
CLIGTF


CLIMATE REPORT
NATIONAL WEATHER SERVICE GREAT FALLS MT
148 AM MDT SAT OCT 19 2019

...................................

...THE GREAT FALLS MT CLIMATE SUMMARY FOR OCTOBER 18 2019...

CLIMATE NORMAL PERIOD 1981 TO 2010
CLIMATE RECORD PERIOD 1886 TO 2019


WEATHER ITEM   OBSERVED TIME   RECORD YEAR NORMAL DEPARTURE LAST
                VALUE   (LST)  VALUE       VALUE  FROM      YEAR
                                                  NORMAL
...................................................................
TEMPERATURE (F)
 YESTERDAY
  MAXIMUM         54    100 PM  81    2003  57     -3       72
  MINIMUM         36    930 PM   6    1905  32      4       40
  AVERAGE         45                        45      0       56

PRECIPITATION (IN)
  YESTERDAY        0.00          1.03 1910   0.02  -0.02     0.00
  MONTH TO DATE    0.53                      0.56  -0.03     0.70
  SINCE OCT 1      0.53                      0.56  -0.03     0.70
  SINCE JAN 1     14.66                     13.31   1.35    13.98

SNOWFALL (IN)
  YESTERDAY        0.0           3.4  1949   0.1   -0.1      0.0
  MONTH TO DATE    7.7                       1.9    5.8      2.2
  SINCE SEP 1     27.0                       3.1   23.9      2.3
  SINCE JUL 1     27.0                       3.4   23.6      2.3
  SNOW DEPTH       0

DEGREE DAYS
 HEATING
  YESTERDAY       20                        20      0        9
  MONTH TO DATE  448                       315    133      413
  SINCE SEP 1    739                       601    138      750
  SINCE JUL 1    835                       722    113      870

 COOLING
  YESTERDAY        0                         0      0        0
  MONTH TO DATE    0                         0      0        0
  SINCE SEP 1     31                        21     10       14
  SINCE JAN 1    252                       297    -45      324
...................................................................


WIND (MPH)
  HIGHEST WIND SPEED    37   HIGHEST WIND DIRECTION     W (260)
  HIGHEST GUST SPEED    49   HIGHEST GUST DIRECTION    SW (240)
  AVERAGE WIND SPEED    21.0


SKY COVER
  AVERAGE SKY COVER 0.1


WEATHER CONDITIONS
THE FOLLOWING WEATHER WAS RECORDED YESTERDAY.
  NO SIGNIFICANT WEATHER WAS OBSERVED.


RELATIVE HUMIDITY (PERCENT)
 HIGHEST    53           200 AM
 LOWEST     30           200 PM
 AVERAGE    42

..........................................................


THE GREAT FALLS MT CLIMATE NORMALS FOR TODAY
                         NORMAL    RECORD    YEAR
 MAXIMUM TEMPERATURE (F)   57        81      1974
 MINIMUM TEMPERATURE (F)   32         2      1905


SUNRISE AND SUNSET
OCTOBER 19 2019.......SUNRISE   750 AM MDT   SUNSET   630 PM MDT
OCTOBER 20 2019.......SUNRISE   751 AM MDT   SUNSET   629 PM MDT


-  INDICATES NEGATIVE NUMBERS.
R  INDICATES RECORD WAS SET OR TIED.
MM INDICATES DATA IS MISSING.
T  INDICATES TRACE AMOUNT.




$$
