000
CDUS45 KTFX 272240
CLIGTF

CLIMATE REPORT
NATIONAL WEATHER SERVICE GREAT FALLS MT
440 PM MDT WED MAY 27 2020

...................................

...THE GREAT FALLS MT CLIMATE SUMMARY FOR MAY 27 2020...
VALID TODAY AS OF 0400 PM LOCAL TIME.

CLIMATE NORMAL PERIOD 1981 TO 2010
CLIMATE RECORD PERIOD 1886 TO 2020


WEATHER ITEM   OBSERVED TIME   RECORD YEAR NORMAL DEPARTURE LAST
                VALUE   (LST)  VALUE       VALUE  FROM      YEAR
                                                  NORMAL
...................................................................
TEMPERATURE (F)
 TODAY
  MAXIMUM         71    130 PM  95    1936  68      3       49
  MINIMUM         37    459 AM  28    1918  42     -5       45
  AVERAGE         54                        55     -1       47

PRECIPITATION (IN)
  TODAY            0.00          1.58 2006   0.10  -0.10     0.46
  MONTH TO DATE    3.34                      1.98   1.36     2.09
  SINCE OCT 1      8.14                      7.29   0.85     9.81
  SINCE JAN 1      5.44                      5.29   0.15     8.13

DEGREE DAYS
 HEATING
  TODAY           11                        11      0       18
  MONTH TO DATE  410                       379     31      445
  SINCE MAR 1   2204                      1991    213     2360
  SINCE JUL 1   7671                      7496    175     8392

 COOLING
  TODAY            0                         0      0        0
  MONTH TO DATE    0                         0      0        0
  SINCE MAR 1      0                         1     -1        0
  SINCE JAN 1      0                         1     -1        0
...................................................................


WIND (MPH)
  HIGHEST WIND SPEED    15   HIGHEST WIND DIRECTION    NW (330)
  HIGHEST GUST SPEED    22   HIGHEST GUST DIRECTION    NW (330)
  AVERAGE WIND SPEED     6.0


SKY COVER
  AVERAGE SKY COVER 0.2


WEATHER CONDITIONS
THE FOLLOWING WEATHER WAS RECORDED TODAY.
  NO SIGNIFICANT WEATHER WAS OBSERVED.


RELATIVE HUMIDITY (PERCENT)
 HIGHEST    93           400 AM
 LOWEST     32          1200 PM
 AVERAGE    63

..........................................................


THE GREAT FALLS MT CLIMATE NORMALS FOR TOMORROW
                         NORMAL    RECORD    YEAR
 MAXIMUM TEMPERATURE (F)   68       100      1919
 MINIMUM TEMPERATURE (F)   42        27      1947


SUNRISE AND SUNSET
MAY 27 2020...........SUNRISE   536 AM MDT   SUNSET   911 PM MDT
MAY 28 2020...........SUNRISE   535 AM MDT   SUNSET   912 PM MDT


-  INDICATES NEGATIVE NUMBERS.
R  INDICATES RECORD WAS SET OR TIED.
MM INDICATES DATA IS MISSING.
T  INDICATES TRACE AMOUNT.




$$
