000
CDUS44 KAMA 160731
CLIGUY

CLIMATE REPORT
NATIONAL WEATHER SERVICE AMARILLO
131 AM CST MON DEC 16 2019

...................................

...THE GUYMON CLIMATE SUMMARY FOR DECEMBER 15 2019...

CLIMATE NORMAL PERIOD: 1981 TO 2010
CLIMATE RECORD PERIOD: 1998 TO 2019


WEATHER ITEM   OBSERVED TIME   RECORD YEAR NORMAL DEPARTURE LAST
                VALUE   (LST)  VALUE       VALUE  FROM      YEAR
                                                  NORMAL
...................................................................
TEMPERATURE (F)
 YESTERDAY
  MAXIMUM         38   4:29 PM  68    2002  48    -10       62
  MINIMUM         26   8:13 PM   7    2008  21      5       18
  AVERAGE         32                        34     -2       40

PRECIPITATION (IN)
  YESTERDAY        T            MM      MM   0.01  -0.01     0.00
  MONTH TO DATE    0.04                      0.36  -0.32      T
  SINCE DEC 1      0.04                      0.36  -0.32      T
  SINCE JAN 1     15.66                     19.02  -3.36    18.62

SNOWFALL (IN)
  YESTERDAY       MM            MM      MM  MM     MM       MM
  MONTH TO DATE   MM                         0.0   MM       MM
  SINCE DEC 1     MM                         0.0   MM       MM
  SINCE JUL 1     MM                        MM     MM       MM
  SNOW DEPTH      MM

DEGREE DAYS
 HEATING
  YESTERDAY       33                        30      3       25
  MONTH TO DATE  359                       429    -70      428
  SINCE DEC 1    359                       429    -70      428
  SINCE JUL 1   1397                      1320     77     1445

 COOLING
  YESTERDAY        0                         0      0        0
  MONTH TO DATE    0                         0      0        0
  SINCE DEC 1      0                         0      0        0
  SINCE JAN 1   1706                      1482    224     1835
...................................................................


WIND (MPH)
  RESULTANT WIND SPEED   8   RESULTANT WIND DIRECTION  NE (30)
  HIGHEST WIND SPEED    17   HIGHEST WIND DIRECTION     N (350)
  HIGHEST GUST SPEED    21   HIGHEST GUST DIRECTION    SE (120)
  AVERAGE WIND SPEED    10.3


SKY COVER
  AVERAGE SKY COVER 0.8


WEATHER CONDITIONS
THE FOLLOWING WEATHER WAS RECORDED YESTERDAY.
  LT FREEZING RAIN
  FOG
  FOG W/VISIBILITY <= 1/4 MILE


RELATIVE HUMIDITY (PERCENT)
 HIGHEST    96           7:00 AM
 LOWEST     67           4:00 PM
 AVERAGE    82

..........................................................


THE GUYMON CLIMATE NORMALS FOR TODAY
                         NORMAL    RECORD    YEAR
 MAXIMUM TEMPERATURE (F)   48        76      2016
 MINIMUM TEMPERATURE (F)   21        11      2007
                                             2008


SUNRISE AND SUNSET
DECEMBER 16 2019......SUNRISE   7:52 AM CST   SUNSET   5:32 PM CST
DECEMBER 17 2019......SUNRISE   7:52 AM CST   SUNSET   5:32 PM CST


-  INDICATES NEGATIVE NUMBERS.
R  INDICATES RECORD WAS SET OR TIED.
MM INDICATES DATA IS MISSING.
T  INDICATES TRACE AMOUNT.




$$
