000
CDUS44 KAMA 261433
CLIGUY

CLIMATE REPORT
NATIONAL WEATHER SERVICE AMARILLO
933 AM CDT MON OCT 26 2020

...................................

...THE GUYMON CLIMATE SUMMARY FOR OCTOBER 26 2020...
VALID AS OF 0900 AM LOCAL TIME.

CLIMATE NORMAL PERIOD: 1981 TO 2010
CLIMATE RECORD PERIOD: 1998 TO 2020


WEATHER ITEM   OBSERVED TIME   RECORD YEAR NORMAL DEPARTURE LAST
                VALUE   (LST)  VALUE       VALUE  FROM      YEAR
                                                  NORMAL
...................................................................
TEMPERATURE (F)
 TODAY
  MINIMUM         18R  7:59 AM  25    2019  39    -21       25

PRECIPITATION (IN)
  TODAY            0.10          0.18 2011   0.04   0.06     0.00
  MONTH TO DATE    0.14                      1.44  -1.30     0.70
  SINCE SEP 1      1.69                      3.23  -1.54     1.25
  SINCE JAN 1     13.69                     18.00  -4.31    15.20

SNOWFALL (IN)
  TODAY           MM            MM      MM  MM     MM       MM
  MONTH TO DATE   MM                         0.0   MM       MM
  SINCE SEP 1     MM                        MM     MM       MM
  SINCE JUL 1     MM                        MM     MM       MM
  SNOW DEPTH      MM

...................................................................


WIND (MPH)
  RESULTANT WIND SPEED  17   RESULTANT WIND DIRECTION   N (20)
  HIGHEST WIND SPEED    25   HIGHEST WIND DIRECTION     N (10)
  HIGHEST GUST SPEED    32   HIGHEST GUST DIRECTION     N (10)
  AVERAGE WIND SPEED    17.0


SKY COVER
  AVERAGE SKY COVER 1.0


WEATHER CONDITIONS
THE FOLLOWING WEATHER WAS RECORDED TODAY.
  LIGHT SNOW
  FOG


RELATIVE HUMIDITY (PERCENT)
 HIGHEST    92           2:00 AM
 LOWEST     84           7:00 AM
 AVERAGE    88

..........................................................


THE GUYMON CLIMATE NORMALS FOR TOMORROW
                         NORMAL    RECORD    YEAR
 MAXIMUM TEMPERATURE (F)   68        84      2016
 MINIMUM TEMPERATURE (F)   39        23      2012


SUNRISE AND SUNSET
OCTOBER 26 2020.......SUNRISE   8:04 AM CDT   SUNSET   6:55 PM CDT
OCTOBER 27 2020.......SUNRISE   8:05 AM CDT   SUNSET   6:54 PM CDT


-  INDICATES NEGATIVE NUMBERS.
R  INDICATES RECORD WAS SET OR TIED.
MM INDICATES DATA IS MISSING.
T  INDICATES TRACE AMOUNT.




$$
