000
CDUS44 KAMA 190631
CLIGUY


CLIMATE REPORT
NATIONAL WEATHER SERVICE AMARILLO
131 AM CDT SAT OCT 19 2019

...................................

...THE GUYMON CLIMATE SUMMARY FOR OCTOBER 18 2019...

CLIMATE NORMAL PERIOD: 1981 TO 2010
CLIMATE RECORD PERIOD: 1998 TO 2019


WEATHER ITEM   OBSERVED TIME   RECORD YEAR NORMAL DEPARTURE LAST
                VALUE   (LST)  VALUE       VALUE  FROM      YEAR
                                                  NORMAL
...................................................................
TEMPERATURE (F)
 YESTERDAY
  MAXIMUM         88   2:58 PM  98    2016  71     17       55
  MINIMUM         55   6:23 AM  29    1999  42     13       48
  AVERAGE         72                        56     16       52

PRECIPITATION (IN)
  YESTERDAY        T             0.05 2018   0.05  -0.05     0.05
  MONTH TO DATE    0.70                      1.04  -0.34     4.91
  SINCE SEP 1      1.25                      2.83  -1.58     6.58
  SINCE JAN 1     15.20                     17.60  -2.40    18.13

SNOWFALL (IN)
  YESTERDAY        0.0          MM      MM  MM     MM       MM
  MONTH TO DATE    0.0                       0.0    0.0     MM
  SINCE SEP 1      0.0                      MM     MM       MM
  SINCE JUL 1      0.0                      MM     MM       MM
  SNOW DEPTH      MM

DEGREE DAYS
 HEATING
  YESTERDAY        0                         9     -9       13
  MONTH TO DATE  120                       119      1      198
  SINCE SEP 1    120                       161    -41      225
  SINCE JUL 1    120                       162    -42      225

 COOLING
  YESTERDAY        7                         0      7        0
  MONTH TO DATE   21                        25     -4       39
  SINCE SEP 1    388                       230    158      262
  SINCE JAN 1   1706                      1479    227     1835
...................................................................


WIND (MPH)
  RESULTANT WIND SPEED  12   RESULTANT WIND DIRECTION  SW (220)
  HIGHEST WIND SPEED    33   HIGHEST WIND DIRECTION     N (20)
  HIGHEST GUST SPEED    44   HIGHEST GUST DIRECTION     N (20)
  AVERAGE WIND SPEED    20.0


SKY COVER
  AVERAGE SKY COVER 0.0


WEATHER CONDITIONS
THE FOLLOWING WEATHER WAS RECORDED YESTERDAY.
  LIGHT RAIN


RELATIVE HUMIDITY (PERCENT)
 HIGHEST    60           7:00 AM
 LOWEST     17           3:00 PM
 AVERAGE    39

..........................................................


THE GUYMON CLIMATE NORMALS FOR TODAY
                         NORMAL    RECORD    YEAR
 MAXIMUM TEMPERATURE (F)   71        94      2003
 MINIMUM TEMPERATURE (F)   41        31      2001
                                             2007


SUNRISE AND SUNSET
OCTOBER 19 2019.......SUNRISE   7:57 AM CDT   SUNSET   7:05 PM CDT
OCTOBER 20 2019.......SUNRISE   7:58 AM CDT   SUNSET   7:03 PM CDT


-  INDICATES NEGATIVE NUMBERS.
R  INDICATES RECORD WAS SET OR TIED.
MM INDICATES DATA IS MISSING.
T  INDICATES TRACE AMOUNT.




$$
