875
CDUS44 KAMA 241513
CLIGUY


CLIMATE REPORT
NATIONAL WEATHER SERVICE AMARILLO TX
913 AM CST SAT FEB 24 2018


...................................

...THE GUYMON CLIMATE SUMMARY FOR FEBRUARY 24 2018...
VALID AS OF 0900 AM LOCAL TIME.

CLIMATE NORMAL PERIOD 1981 TO 2010
CLIMATE RECORD PERIOD 1998 TO 2018


WEATHER ITEM   OBSERVED TIME   RECORD YEAR NORMAL DEPARTURE LAST
                VALUE   (LST)  VALUE       VALUE  FROM      YEAR
                                                  NORMAL
..................................................................
TEMPERATURE (F)
 TODAY
  MINIMUM         29    829 AM  MM      MM  26      3       22

PRECIPITATION (IN)
  TODAY            0.00         MM      MM   0.02  -0.02     0.00
  MONTH TO DATE    0.01                      0.40  -0.39     0.01
  SINCE DEC 1      0.05                      1.44  -1.39     2.46
  SINCE JAN 1      0.02                      0.80  -0.78     2.02

SNOWFALL (IN)
  TODAY            0.0          MM      MM  MM     MM        0.0
  MONTH TO DATE    T                        MM     MM        0.0
  SINCE DEC 1      T                        MM     MM        0.8
  SINCE JUL 1      T                        MM     MM        0.8
  SNOW DEPTH       0

..................................................................


WIND (MPH)
  RESULTANT WIND SPEED   6   RESULTANT WIND DIRECTION  NE (60)
  HIGHEST WIND SPEED    12   HIGHEST WIND DIRECTION     E (110)
  HIGHEST GUST SPEED    14   HIGHEST GUST DIRECTION     E (100)
  AVERAGE WIND SPEED     7.4


SKY COVER
  AVERAGE SKY COVER 1.0


WEATHER CONDITIONS
 THE FOLLOWING WEATHER WAS RECORDED TODAY.
  FOG


RELATIVE HUMIDITY (PERCENT)
 HIGHEST   100          1200 AM
 LOWEST    100          1200 AM
 AVERAGE   100

..........................................................


THE GUYMON CLIMATE NORMALS FOR TOMORROW
                         NORMAL    RECORD    YEAR
 MAXIMUM TEMPERATURE (F)   55        MM        MM
 MINIMUM TEMPERATURE (F)   26        MM        MM


SUNRISE AND SUNSET
FEBRUARY 24 2018......SUNRISE   723 AM CST   SUNSET   636 PM CST
FEBRUARY 25 2018......SUNRISE   722 AM CST   SUNSET   637 PM CST


-  INDICATES NEGATIVE NUMBERS.
R  INDICATES RECORD WAS SET OR TIED.
MM INDICATES DATA IS MISSING.
T  INDICATES TRACE AMOUNT.




$$
