000
CDUS44 KAMA 172126
CLIGUY


CLIMATE REPORT
NATIONAL WEATHER SERVICE AMARILLO TX
426 PM CDT WED OCT 17 2018


...................................

...THE GUYMON CLIMATE SUMMARY FOR OCTOBER 17 2018...
VALID TODAY AS OF 0400 PM LOCAL TIME.

CLIMATE NORMAL PERIOD 1981 TO 2010
CLIMATE RECORD PERIOD 1998 TO 2018


WEATHER ITEM   OBSERVED TIME   RECORD YEAR NORMAL DEPARTURE LAST
                VALUE   (LST)  VALUE       VALUE  FROM      YEAR
                                                  NORMAL
..................................................................
TEMPERATURE (F)
 TODAY
  MAXIMUM         65    230 PM  98    2016  71     -6       80
  MINIMUM         44    556 AM  33    2002  42      2       35
  AVERAGE         55                        57     -2       58

PRECIPITATION (IN)
  TODAY            T   R         T    2011   0.06  -0.06     0.00
                                      2007
                                      2006
  MONTH TO DATE    4.86                      0.99   3.87     1.34
  SINCE SEP 1      6.53                      2.78   3.75     6.13
  SINCE JAN 1     18.08                     17.55   0.53    21.69

SNOWFALL (IN)
  TODAY            0.0          MM      MM  MM     MM        0.0
  MONTH TO DATE    0.0                      MM     MM        0.0
  SINCE SEP 1      0.0                      MM     MM        0.0
  SINCE JUL 1      0.0                      MM     MM        0.0
  SNOW DEPTH       0

DEGREE DAYS
 HEATING
  TODAY           10                         9      1        7
  MONTH TO DATE  185                       110     75       79
  SINCE SEP 1    212                       152     60      111
  SINCE JUL 1    212                       153     59      111

 COOLING
  TODAY            0                         0      0        0
  MONTH TO DATE   39                        25     14       40
  SINCE SEP 1    262                       230     32      264
  SINCE JAN 1   1835                      1479    356     1585
..................................................................


WIND (MPH)
  RESULTANT WIND SPEED   4   RESULTANT WIND DIRECTION   N (10)
  HIGHEST WIND SPEED    15   HIGHEST WIND DIRECTION    SE (120)
  HIGHEST GUST SPEED    18   HIGHEST GUST DIRECTION    NE (60)
  AVERAGE WIND SPEED     6.1


SKY COVER
  AVERAGE SKY COVER 0.7


WEATHER CONDITIONS
 THE FOLLOWING WEATHER WAS RECORDED TODAY.
  LIGHT RAIN


RELATIVE HUMIDITY (PERCENT)
 HIGHEST    76          1200 AM
 LOWEST     34           100 PM
 AVERAGE    55

..........................................................


THE GUYMON CLIMATE NORMALS FOR TOMORROW
                         NORMAL    RECORD    YEAR
 MAXIMUM TEMPERATURE (F)   71        98      2016
 MINIMUM TEMPERATURE (F)   42        29      1999


SUNRISE AND SUNSET
OCTOBER 17 2018.......SUNRISE   755 AM CDT   SUNSET   707 PM CDT
OCTOBER 18 2018.......SUNRISE   756 AM CDT   SUNSET   706 PM CDT


-  INDICATES NEGATIVE NUMBERS.
R  INDICATES RECORD WAS SET OR TIED.
MM INDICATES DATA IS MISSING.
T  INDICATES TRACE AMOUNT.




$$
