000
CDUS44 KAMA 131425
CLIGUY


CLIMATE REPORT
NATIONAL WEATHER SERVICE AMARILLO TX
925 AM CDT SUN OCT 13 2019


...................................

...THE GUYMON CLIMATE SUMMARY FOR OCTOBER 13 2019...
VALID AS OF 0900 AM LOCAL TIME.

CLIMATE NORMAL PERIOD 1981 TO 2010
CLIMATE RECORD PERIOD 1998 TO 2019


WEATHER ITEM   OBSERVED TIME   RECORD YEAR NORMAL DEPARTURE LAST
                VALUE   (LST)  VALUE       VALUE  FROM      YEAR
                                                  NORMAL
..................................................................
TEMPERATURE (F)
 TODAY
  MINIMUM         32    659 AM  29    2001  43    -11       45

PRECIPITATION (IN)
  TODAY            0.00          0.20 2012   0.05  -0.05     0.00
  MONTH TO DATE    0.70                      0.76  -0.06     4.82
  SINCE SEP 1      1.25                      2.55  -1.30     6.49
  SINCE JAN 1     15.20                     17.32  -2.12    18.04

SNOWFALL (IN)
  TODAY           MM            MM      MM  MM     MM       MM
  MONTH TO DATE   MM                        MM     MM       MM
  SINCE SEP 1     MM                        MM     MM       MM
  SINCE JUL 1     MM                        MM     MM       MM
  SNOW DEPTH      MM

..................................................................


WIND (MPH)
  RESULTANT WIND SPEED   1   RESULTANT WIND DIRECTION   W (290)
  HIGHEST WIND SPEED    10   HIGHEST WIND DIRECTION     N (350)
  HIGHEST GUST SPEED    12   HIGHEST GUST DIRECTION     N (350)
  AVERAGE WIND SPEED     3.9


SKY COVER
  AVERAGE SKY COVER 0.0


WEATHER CONDITIONS
 THE FOLLOWING WEATHER WAS RECORDED TODAY.
  NO SIGNIFICANT WEATHER WAS OBSERVED.


RELATIVE HUMIDITY (PERCENT)
 HIGHEST    89           600 AM
 LOWEST     65          1200 AM
 AVERAGE    77

..........................................................


THE GUYMON CLIMATE NORMALS FOR TOMORROW
                         NORMAL    RECORD    YEAR
 MAXIMUM TEMPERATURE (F)   73        91      2017
 MINIMUM TEMPERATURE (F)   43        30      2018


SUNRISE AND SUNSET
OCTOBER 13 2019.......SUNRISE   751 AM CDT   SUNSET   713 PM CDT
OCTOBER 14 2019.......SUNRISE   752 AM CDT   SUNSET   711 PM CDT


-  INDICATES NEGATIVE NUMBERS.
R  INDICATES RECORD WAS SET OR TIED.
MM INDICATES DATA IS MISSING.
T  INDICATES TRACE AMOUNT.




$$
