000
CDUS44 KAMA 161515
CLIGUY


CLIMATE REPORT
NATIONAL WEATHER SERVICE AMARILLO TX
915 AM CST WED JAN 16 2019


...................................

...THE GUYMON CLIMATE SUMMARY FOR JANUARY 16 2019...
VALID AS OF 0900 AM LOCAL TIME.

CLIMATE NORMAL PERIOD 1981 TO 2010
CLIMATE RECORD PERIOD 1998 TO 2019


WEATHER ITEM   OBSERVED TIME   RECORD YEAR NORMAL DEPARTURE LAST
                VALUE   (LST)  VALUE       VALUE  FROM      YEAR
                                                  NORMAL
..................................................................
TEMPERATURE (F)
 TODAY
  MINIMUM         28    646 AM  -1    2018  22      6       -1

PRECIPITATION (IN)
  TODAY            0.00         MM      MM   0.02  -0.02     0.00
  MONTH TO DATE    0.23                      0.12   0.11     0.01
  SINCE DEC 1      2.55                      0.76   1.79     0.04
  SINCE JAN 1      0.23                      0.12   0.11     0.01

SNOWFALL (IN)
  TODAY           MM            MM      MM  MM     MM       MM
  MONTH TO DATE   MM                        MM     MM        0.0
  SINCE DEC 1     MM                        MM     MM         T
  SINCE JUL 1     MM                        MM     MM         T
  SNOW DEPTH      MM

..................................................................


WIND (MPH)
  RESULTANT WIND SPEED   3   RESULTANT WIND DIRECTION  NW (330)
  HIGHEST WIND SPEED     9   HIGHEST WIND DIRECTION    SW (220)
  HIGHEST GUST SPEED    10   HIGHEST GUST DIRECTION    SW (230)
  AVERAGE WIND SPEED     4.5


SKY COVER
  AVERAGE SKY COVER 0.0


WEATHER CONDITIONS
 THE FOLLOWING WEATHER WAS RECORDED TODAY.
  FOG


RELATIVE HUMIDITY (PERCENT)
 HIGHEST    92           600 AM
 LOWEST     85          1200 AM
 AVERAGE    89

..........................................................


THE GUYMON CLIMATE NORMALS FOR TOMORROW
                         NORMAL    RECORD    YEAR
 MAXIMUM TEMPERATURE (F)   50        66      2011
 MINIMUM TEMPERATURE (F)   22         4      2008


SUNRISE AND SUNSET
JANUARY 16 2019.......SUNRISE   757 AM CST   SUNSET   555 PM CST
JANUARY 17 2019.......SUNRISE   757 AM CST   SUNSET   556 PM CST


-  INDICATES NEGATIVE NUMBERS.
R  INDICATES RECORD WAS SET OR TIED.
MM INDICATES DATA IS MISSING.
T  INDICATES TRACE AMOUNT.




$$
