000
CDUS42 KFFC 152038
CLIGVL


CLIMATE REPORT
NATIONAL WEATHER SERVICE PEACHTREE CITY GA
437 PM EDT MON OCT 15 2018


...................................

...THE GAINESVILLE   CLIMATE SUMMARY FOR OCTOBER 15 2018...
VALID TODAY AS OF 0400 PM LOCAL TIME.

CLIMATE NORMAL PERIOD 1981 TO 2010
CLIMATE RECORD PERIOD 9999 TO 9999


WEATHER ITEM   OBSERVED TIME   RECORD YEAR NORMAL DEPARTURE LAST
                VALUE   (LST)  VALUE       VALUE  FROM      YEAR
                                                  NORMAL
..................................................................
TEMPERATURE (F)
 TODAY
  MAXIMUM         78    257 PM  MM      MM  72      6       80
  MINIMUM         59    445 AM  MM      MM  52      7       63
  AVERAGE         69                        62      7       72

PRECIPITATION (IN)
  TODAY            0.00         MM      MM   0.13  -0.13     0.09
  MONTH TO DATE    3.23                      2.24   0.99     1.55
  SINCE SEP 1      5.10                      6.92  -1.82     3.60
  SINCE JAN 1     47.16                     43.17   3.99    43.41

SNOWFALL (IN)
  TODAY            0.0          MM      MM  MM     MM        0.0
  MONTH TO DATE    0.0                      MM     MM        0.0
  SINCE SEP 1      0.0                      MM     MM        0.0
  SINCE JUL 1      0.0                      MM     MM        0.0
  SNOW DEPTH       0

DEGREE DAYS
 HEATING
  TODAY            0                         4     -4        0
  MONTH TO DATE    3                        45    -42        2
  SINCE SEP 1      3                        58    -55       11
  SINCE JUL 1      3                        58    -55       11

 COOLING
  TODAY            4                         1      3        7
  MONTH TO DATE  127                        28     99       95
  SINCE SEP 1    531                       243    288      315
  SINCE JAN 1   2030                      1569    461     1739
..................................................................


WIND (MPH)
  RESULTANT WIND SPEED   4   RESULTANT WIND DIRECTION   E (90)
  HIGHEST WIND SPEED    12   HIGHEST WIND DIRECTION     E (80)
  HIGHEST GUST SPEED    14   HIGHEST GUST DIRECTION     E (90)
  AVERAGE WIND SPEED     5.8


SKY COVER
  AVERAGE SKY COVER 0.6


WEATHER CONDITIONS
 THE FOLLOWING WEATHER WAS RECORDED TODAY.
  NO SIGNIFICANT WEATHER WAS OBSERVED.


RELATIVE HUMIDITY (PERCENT)
 HIGHEST    97           300 AM
 LOWEST     79          1200 PM
 AVERAGE    88

..........................................................


THE GAINESVILLE   CLIMATE NORMALS FOR TOMORROW
                         NORMAL    RECORD    YEAR
 MAXIMUM TEMPERATURE (F)   72        MM        MM
 MINIMUM TEMPERATURE (F)   52        MM        MM


SUNRISE AND SUNSET
OCTOBER 15 2018.......SUNRISE   741 AM EDT   SUNSET   701 PM EDT
OCTOBER 16 2018.......SUNRISE   741 AM EDT   SUNSET   700 PM EDT


-  INDICATES NEGATIVE NUMBERS.
R  INDICATES RECORD WAS SET OR TIED.
MM INDICATES DATA IS MISSING.
T  INDICATES TRACE AMOUNT.




$$
