000
CDUS42 KFFC 150819
CLIGVL


CLIMATE REPORT
NATIONAL WEATHER SERVICE PEACHTREE CITY GA
418 AM EDT SUN JUL 15 2018


...................................

...THE GAINESVILLE   CLIMATE SUMMARY FOR JULY 14 2018...

CLIMATE NORMAL PERIOD 1981 TO 2010
CLIMATE RECORD PERIOD 9999 TO 9999


WEATHER ITEM   OBSERVED TIME   RECORD YEAR NORMAL DEPARTURE LAST
                VALUE   (LST)  VALUE       VALUE  FROM      YEAR
                                                  NORMAL
..................................................................
TEMPERATURE (F)
 YESTERDAY
  MAXIMUM         81   1220 PM  MM      MM  88     -7       91
  MINIMUM         73   1155 PM  MM      MM  70      3       71
  AVERAGE         77                        79     -2       81

PRECIPITATION (IN)
  YESTERDAY        T            MM      MM   0.15  -0.15     0.49
  MONTH TO DATE    0.27                      2.13  -1.86     1.79
  SINCE JUN 1      4.98                      6.52  -1.54     8.49
  SINCE JAN 1     32.09                     29.44   2.65    34.38

DEGREE DAYS
 COOLING
  YESTERDAY       12                        14     -2       16
  MONTH TO DATE  206                       192     14      195
  SINCE JUN 1    597                       513     84      496
  SINCE JAN 1    877                       688    189      773
..................................................................


WIND (MPH)
  RESULTANT WIND SPEED   6   RESULTANT WIND DIRECTION   E (80)
  HIGHEST WIND SPEED    13   HIGHEST WIND DIRECTION     E (90)
  HIGHEST GUST SPEED    16   HIGHEST GUST DIRECTION     E (100)
  AVERAGE WIND SPEED     5.9


SKY COVER
  AVERAGE SKY COVER 0.9


WEATHER CONDITIONS
 THE FOLLOWING WEATHER WAS RECORDED YESTERDAY.
  LIGHT RAIN
  FOG


RELATIVE HUMIDITY (PERCENT)
 HIGHEST   100           400 AM
 LOWEST     82           900 PM
 AVERAGE    91

..........................................................


THE GAINESVILLE   CLIMATE NORMALS FOR TODAY
                         NORMAL    RECORD    YEAR
 MAXIMUM TEMPERATURE (F)   88        MM        MM
 MINIMUM TEMPERATURE (F)   70        MM        MM


SUNRISE AND SUNSET
JULY 15 2018..........SUNRISE   635 AM EDT   SUNSET   848 PM EDT
JULY 16 2018..........SUNRISE   635 AM EDT   SUNSET   847 PM EDT


-  INDICATES NEGATIVE NUMBERS.
R  INDICATES RECORD WAS SET OR TIED.
MM INDICATES DATA IS MISSING.
T  INDICATES TRACE AMOUNT.




$$
