000
CDUS42 KFFC 210037
CLIGVL


CLIMATE REPORT
NATIONAL WEATHER SERVICE PEACHTREE CITY GA
737 PM EST TUE FEB 20 2018


...................................

...THE GAINESVILLE   CLIMATE SUMMARY FOR FEBRUARY 20 2018...
VALID AS OF 0700 PM LOCAL TIME.

CLIMATE NORMAL PERIOD 1981 TO 2010
CLIMATE RECORD PERIOD 9999 TO 9999


WEATHER ITEM   OBSERVED TIME   RECORD YEAR NORMAL DEPARTURE LAST
                VALUE   (LST)  VALUE       VALUE  FROM      YEAR
                                                  NORMAL
..................................................................
TEMPERATURE (F)
 TODAY
  MAXIMUM         68    449 PM  MM      MM  56     12       72
  MINIMUM         55    452 AM  MM      MM  37     18       46
  AVERAGE         62                        47     15       59

PRECIPITATION (IN)
  TODAY            0.00         MM      MM   0.19  -0.19     0.00
  MONTH TO DATE    5.17                      3.30   1.87     1.78
  SINCE DEC 1     10.74                     12.83  -2.09    10.38

SNOWFALL (IN)
  TODAY            0.0          MM      MM  MM     MM        0.0
  MONTH TO DATE    0.0                      MM     MM        0.0
  SINCE DEC 1      0.0                      MM     MM        0.0
  SINCE JUL 1      0.0                      MM     MM        0.0
  SNOW DEPTH       0

DEGREE DAYS
 HEATING
  TODAY            3                        18    -15        6
  MONTH TO DATE  276                       408   -132      264
  SINCE DEC 1   1694                      1791    -97     1354
  SINCE JUL 1   2160                      2326   -166     1664
..................................................................


WIND (MPH)
  RESULTANT WIND SPEED   6   RESULTANT WIND DIRECTION   E (90)
  HIGHEST WIND SPEED    10   HIGHEST WIND DIRECTION     E (90)
  HIGHEST GUST SPEED    13   HIGHEST GUST DIRECTION     E (100)
  AVERAGE WIND SPEED     6.0


SKY COVER
  AVERAGE SKY COVER 1.0


WEATHER CONDITIONS
 THE FOLLOWING WEATHER WAS RECORDED TODAY.
  FOG
  FOG W/VISIBILITY <= 1/4 MILE


RELATIVE HUMIDITY (PERCENT)
 HIGHEST   100          1200 AM
 LOWEST     87           400 PM
 AVERAGE    94

..........................................................


THE GAINESVILLE   CLIMATE NORMALS FOR TOMORROW
                         NORMAL    RECORD    YEAR
 MAXIMUM TEMPERATURE (F)   56        MM        MM
 MINIMUM TEMPERATURE (F)   37        MM        MM


SUNRISE AND SUNSET
FEBRUARY 20 2018......SUNRISE   715 AM EST   SUNSET   624 PM EST
FEBRUARY 21 2018......SUNRISE   714 AM EST   SUNSET   625 PM EST


-  INDICATES NEGATIVE NUMBERS.
R  INDICATES RECORD WAS SET OR TIED.
MM INDICATES DATA IS MISSING.
T  INDICATES TRACE AMOUNT.




$$
