000
CDUS42 KFFC 122050
CLIGVL

CLIMATE REPORT
NATIONAL WEATHER SERVICE PEACHTREE CITY GA
450 PM EDT WED AUG 12 2020

...................................

...THE GAINESVILLE   CLIMATE SUMMARY FOR AUGUST 12 2020...
VALID TODAY AS OF 0400 PM LOCAL TIME.

CLIMATE NORMAL PERIOD: 1981 TO 2010
CLIMATE RECORD PERIOD: 9999 TO 9999


WEATHER ITEM   OBSERVED TIME   RECORD YEAR NORMAL DEPARTURE LAST
                VALUE   (LST)  VALUE       VALUE  FROM      YEAR
                                                  NORMAL
...................................................................
TEMPERATURE (F)
 TODAY
  MAXIMUM         92   3:24 PM  MM      MM  88      4       91
  MINIMUM         72   5:55 AM  MM      MM  70      2       74
  AVERAGE         82                        79      3       83

PRECIPITATION (IN)
  TODAY            0.00         MM      MM   0.16  -0.16      T
  MONTH TO DATE    0.83                      1.98  -1.15     1.38
  SINCE JUN 1     10.11                     10.88  -0.77    11.43
  SINCE JAN 1     45.11                     33.80  11.31    36.22

DEGREE DAYS
 COOLING
  TODAY           17                        14      3       18
  MONTH TO DATE  171                       168      3      181
  SINCE JUN 1    955                       915     40      918
  SINCE JAN 1   1121                      1090     31     1254
...................................................................


WIND (MPH)
  RESULTANT WIND SPEED   1   RESULTANT WIND DIRECTION  NW (330)
  HIGHEST WIND SPEED     8   HIGHEST WIND DIRECTION     W (280)
  HIGHEST GUST SPEED    13   HIGHEST GUST DIRECTION    NW (330)
  AVERAGE WIND SPEED     2.2


SKY COVER
  AVERAGE SKY COVER 0.0


WEATHER CONDITIONS
THE FOLLOWING WEATHER WAS RECORDED TODAY.
  NO SIGNIFICANT WEATHER WAS OBSERVED.


RELATIVE HUMIDITY (PERCENT)
 HIGHEST    91           6:00 AM
 LOWEST     44           3:00 PM
 AVERAGE    68

..........................................................


THE GAINESVILLE   CLIMATE NORMALS FOR TOMORROW
                         NORMAL    RECORD    YEAR
 MAXIMUM TEMPERATURE (F)   88        MM        MM
 MINIMUM TEMPERATURE (F)   70        MM        MM


SUNRISE AND SUNSET
AUGUST 12 2020........SUNRISE   6:55 AM EDT   SUNSET   8:25 PM EDT
AUGUST 13 2020........SUNRISE   6:55 AM EDT   SUNSET   8:24 PM EDT


-  INDICATES NEGATIVE NUMBERS.
R  INDICATES RECORD WAS SET OR TIED.
MM INDICATES DATA IS MISSING.
T  INDICATES TRACE AMOUNT.




$$
