160
CDUS42 KFFC 190027
CLIGVL


CLIMATE REPORT
NATIONAL WEATHER SERVICE PEACHTREE CITY GA
826 PM EDT FRI OCT 18 2019


...................................

...THE GAINESVILLE   CLIMATE SUMMARY FOR OCTOBER 18 2019...
VALID AS OF 0800 PM LOCAL TIME.

CLIMATE NORMAL PERIOD 1981 TO 2010
CLIMATE RECORD PERIOD 9999 TO 9999


WEATHER ITEM   OBSERVED TIME   RECORD YEAR NORMAL DEPARTURE LAST
                VALUE   (LST)  VALUE       VALUE  FROM      YEAR
                                                  NORMAL
..................................................................
TEMPERATURE (F)
 TODAY
  MAXIMUM         66    241 PM  MM      MM  71     -5       69
  MINIMUM         41    631 AM  MM      MM  51    -10       51
  AVERAGE         54                        61     -7       60

PRECIPITATION (IN)
  TODAY            0.00         MM      MM   0.13  -0.13     0.00
  MONTH TO DATE    1.09                      2.62  -1.53     3.23
  SINCE SEP 1      1.66                      7.30  -5.64     5.10

SNOWFALL (IN)
  TODAY            0.0          MM      MM  MM     MM        0.0
  MONTH TO DATE    0.0                      MM     MM        0.0
  SINCE SEP 1      0.0                      MM     MM        0.0
  SINCE JUL 1      0.0                      MM     MM        0.0
  SNOW DEPTH       0

DEGREE DAYS
 HEATING
  TODAY           11                         5      6        5
  MONTH TO DATE   29                        59    -30        8
  SINCE SEP 1     29                        72    -43        8
  SINCE JUL 1     29                        72    -43        8

 COOLING
  TODAY            0                         1     -1        0
  MONTH TO DATE  102                        31     71      134
  SINCE SEP 1    522                       246    276      538
  SINCE JAN 1   2031                      1572    459     2037
..................................................................


WIND (MPH)
  RESULTANT WIND SPEED   4   RESULTANT WIND DIRECTION   E (80)
  HIGHEST WIND SPEED    13   HIGHEST WIND DIRECTION     E (80)
  HIGHEST GUST SPEED    16   HIGHEST GUST DIRECTION     E (90)
  AVERAGE WIND SPEED     4.0


SKY COVER
  AVERAGE SKY COVER 0.0


WEATHER CONDITIONS
 THE FOLLOWING WEATHER WAS RECORDED TODAY.
  NO SIGNIFICANT WEATHER WAS OBSERVED.


RELATIVE HUMIDITY (PERCENT)
 HIGHEST    92           300 AM
 LOWEST     43          1200 PM
 AVERAGE    68

..........................................................


THE GAINESVILLE   CLIMATE NORMALS FOR TOMORROW
                         NORMAL    RECORD    YEAR
 MAXIMUM TEMPERATURE (F)   71        MM        MM
 MINIMUM TEMPERATURE (F)   51        MM        MM


SUNRISE AND SUNSET
OCTOBER 18 2019.......SUNRISE   743 AM EDT   SUNSET   658 PM EDT
OCTOBER 19 2019.......SUNRISE   744 AM EDT   SUNSET   656 PM EDT


-  INDICATES NEGATIVE NUMBERS.
R  INDICATES RECORD WAS SET OR TIED.
MM INDICATES DATA IS MISSING.
T  INDICATES TRACE AMOUNT.




$$
